{"id":1138,"date":"2021-02-13T19:51:28","date_gmt":"2021-02-13T19:51:28","guid":{"rendered":"https:\/\/hed.ch\/?page_id=1138"},"modified":"2024-02-16T14:38:45","modified_gmt":"2024-02-16T14:38:45","slug":"vaersli-f-gaar-uebrmueaetig","status":"publish","type":"page","link":"https:\/\/walsermundart.ch\/?page_id=1138","title":{"rendered":"8.5 &#8211; Gaar \u00fcbrm\u00fc\u00e4tig"},"content":{"rendered":"\n<figure class=\"wp-block-image size-full is-resized\"><a href=\"https:\/\/walsermundart.ch\/?page_id=156\"><img loading=\"lazy\" decoding=\"async\" width=\"268\" height=\"173\" src=\"https:\/\/walsermundart.ch\/wp-content\/uploads\/2022\/03\/Pfeil-zurueck-mini-1.jpg\" alt=\"\" class=\"wp-image-6871\" style=\"width:109px;height:70px\"\/><\/a><\/figure>\n\n\n\n<p><strong>Uus g\u00e4 Chur<\/strong><\/p>\n\n\n\n<figure class=\"wp-block-audio\"><audio controls src=\"https:\/\/walsermundart.ch\/wp-content\/uploads\/2023\/04\/109-Uus-gae-Chur.mp3\"><\/audio><\/figure>\n\n\n\n<p>Dr Neni ischt z Chur im Schpital<br>und d Mam\u00e4 bsu\u00e4cht n\u00e4 dert \u00e4maal.<br>D\u00e4h\u00e4im\u00e4d laan chan sch d Chind noch nid,<br>drum n\u00fcmmt sch \u00fcnsch alli drii halt mit.<\/p>\n\n\n\n<p>Wi\u00e4r ch\u00f6nd nid lang bim Neni bliib\u00e4,<br>\u00e4r mag ds G\u00e4tr\u00f6\u00f6l noch nid vrliid\u00e4.<br>So gaand wi\u00e4r aab bis zum Empfang<br>wiit dunn\u00e4 i m\u00e4 leng\u00e4 Gang.<\/p>\n\n\n\n<p>\u00c4s chn\u00e4uh\u00f6\u00f6chs Ggittr scht\u00e4id am Schluss.<br>Dert mag i dr\u00fcbr mid gnu\u00e4g Schuss.<br>\u00c4 Chlapf, \u00e4 Schiib\u00e4 hebt mi uuf<br>und mi\u00e4r vrschlaad s drum fascht dr Schnuuf.<\/p>\n\n\n\n<p>Doch d Schiib\u00e4 schtraal\u00e4d wi\u00e4 \u00e4 Sunn\u00e4,<br>k\u00e4i Sch\u00e4\u00e4rb\u00e4 hed s am Bod\u00e4 dunn\u00e4.<br>Dr Neni ischt \u00e4 Li\u00e4b\u00e4 gsin,<br>di\u00e4 R\u00e4chnig gangi den an inn.<\/p>\n\n\n\n<figure class=\"wp-block-image size-full\"><img loading=\"lazy\" decoding=\"async\" width=\"567\" height=\"353\" src=\"https:\/\/walsermundart.ch\/wp-content\/uploads\/2023\/04\/Glasscheibe-zu-109-bear.jpg\" alt=\"\" class=\"wp-image-8581\" srcset=\"https:\/\/walsermundart.ch\/wp-content\/uploads\/2023\/04\/Glasscheibe-zu-109-bear.jpg 567w, https:\/\/walsermundart.ch\/wp-content\/uploads\/2023\/04\/Glasscheibe-zu-109-bear-300x187.jpg 300w\" sizes=\"auto, (max-width: 567px) 100vw, 567px\" \/><\/figure>\n\n\n\n<p><strong><strong>\u00c4 Schtump\u00e4 <strong>va m\u00e4 Schtump\u00e4<\/strong><\/strong><\/strong><\/p>\n\n\n\n<figure class=\"wp-block-audio\"><audio controls src=\"https:\/\/walsermundart.ch\/wp-content\/uploads\/2022\/04\/110-Schtumpa.mp3\"><\/audio><\/figure>\n\n\n\n<p>Vam Gschtank va Scht\u00fcmp\u00e4 chund s d\u00e4 Chind fascht schl\u00e4cht,<br>und wenn s \u00e4n aalt\u00e4 ischt vam Neni, den erscht r\u00e4cht.<br>So \u00e4in\u00e4 gsi\u00e4n i ligg\u00e4, n\u00fcmm\u00e4 n\u00e4 in ds Muul<br>und rauch\u00e4 \u00e4s paar Z\u00fcg, \u00e4r schmeckt ganz fuul.<br>Das tumm\u00e4 zSindchoon hed mi lang noch ggruu\u00e4,<br>i han n\u00e4 uussr in \u00e4n Brunn\u00e4 gschpuu\u00e4.<br>Dert gsi\u00e4n n\u00e4 h\u00fctt zrghii\u00e4 wi\u00e4 vor Ziit\u00e4.<br>Schl\u00e4cht is s mr gsin und ii so wiiss wi\u00e4 Chriid\u00e4.<br>D Moral van der\u00e4 l\u00e4id\u00e4, b\u00f6\u00f6sch\u00e4 Gschicht:<br>Uf ds Rauch\u00e4 bin i sitth\u00e4r nid \u00e4rpicht.<\/p>\n\n\n\n<p><strong><strong>Flaus\u00e4<\/strong><\/strong><\/p>\n\n\n\n<figure class=\"wp-block-audio\"><audio controls src=\"https:\/\/walsermundart.ch\/wp-content\/uploads\/2022\/04\/111-Flausae.mp3\"><\/audio><\/figure>\n\n\n\n<p>Wi\u00e4r h\u00e4ind gaar tummi Flaus\u00e4 ghan bim H\u00fc\u00e4t\u00e4 uf dr Aam\u00e4dw\u00e4id:<br>Uf d\u00e4 Gaalti well wr riit\u00e4, wen \u00e4is frisst und ru\u00e4hig scht\u00e4id!<br>Gaalti sind doch Schtallti\u00e4r, soo wi\u00e4 d Ross zum Riit\u00e4, h\u00e4i wr gm\u00e4ind.<br>Di\u00e4 Viichr h\u00e4ind g\u00e4t\u00e0n wi\u00e4 wilt, grad bis sch nisch aprggwoorff\u00e4 h\u00e4ind.<\/p>\n\n\n\n<figure class=\"wp-block-image size-large is-resized\"><img loading=\"lazy\" decoding=\"async\" width=\"1024\" height=\"835\" src=\"https:\/\/walsermundart.ch\/wp-content\/uploads\/2021\/02\/Rodeo-in-Texas-SO-8Dez11-red-1024x835.jpg\" alt=\"\" class=\"wp-image-1243\" style=\"width:345px;height:280px\" srcset=\"https:\/\/walsermundart.ch\/wp-content\/uploads\/2021\/02\/Rodeo-in-Texas-SO-8Dez11-red-1024x835.jpg 1024w, https:\/\/walsermundart.ch\/wp-content\/uploads\/2021\/02\/Rodeo-in-Texas-SO-8Dez11-red-300x245.jpg 300w, https:\/\/walsermundart.ch\/wp-content\/uploads\/2021\/02\/Rodeo-in-Texas-SO-8Dez11-red-768x626.jpg 768w, https:\/\/walsermundart.ch\/wp-content\/uploads\/2021\/02\/Rodeo-in-Texas-SO-8Dez11-red.jpg 1336w\" sizes=\"auto, (max-width: 1024px) 100vw, 1024px\" \/><\/figure>\n\n\n\n<p><strong><strong><strong>\u00c4 Schwiinoornig machch\u00e4<\/strong><\/strong><\/strong><\/p>\n\n\n\n<figure class=\"wp-block-audio\"><audio controls src=\"https:\/\/walsermundart.ch\/wp-content\/uploads\/2022\/04\/112-Elsa.mp3\"><\/audio><\/figure>\n\n\n\n<p>\u00c4n Baarg\u00e4 an dr Baanhofschtraass,<br>di\u00e4 ischt wi\u00e4 ggmachch\u00e4d f\u00fcr \u00e4 Schpass.<br>Wi\u00e4r cheer\u00e4nd um, was z cheer\u00e4d gid.<br>Dass d L\u00fc\u00fct \u00fcnsch chant\u00e4nd, glaub wr nid.<br>Im Herbscht chund d Els\u00e4 in di Gru\u00e4b\u00e4:<br>Di\u00e4 Lismr da sind \u00e4un\u00e4 Bu\u00e4b\u00e4?<\/p>\n\n\n\n<p><strong><strong><strong>In Alaad bin ds Metz\u00e4 Feeri\u00e4huus<\/strong><\/strong><\/strong><\/p>\n\n\n\n<figure class=\"wp-block-audio\"><audio controls src=\"https:\/\/walsermundart.ch\/wp-content\/uploads\/2022\/04\/113-Sockel.mp3\"><\/audio><\/figure>\n\n\n\n<p>\u00c4 Sunn\u00e4schirm mid Sockl wi\u00e4 \u00e4s Raad,<br>wi\u00e4r lu\u00e4g\u00e4nd, ob schi d\u00e4\u00e4r lan tr\u00f6\u00f6l\u00e4 laad.<br>S\u00e4b chan \u00e4r nid, \u00e4r hed \u00e4s Roor. Doch L\u00e4tz!<br>\u00c4r rollt d\u00fcr d Wis\u00e4, schpringt in grooss\u00e4 S\u00e4tz,<br>den \u00fcbr d Schin\u00e4 van dr Baan im Flug.<br>Zum Gl\u00fcck ischt ni\u00e4m\u00e4d ummr und k\u00e4in Zug!<\/p>\n\n\n\n<figure class=\"wp-block-image size-large is-resized\"><img loading=\"lazy\" decoding=\"async\" width=\"567\" height=\"470\" src=\"https:\/\/walsermundart.ch\/wp-content\/uploads\/2021\/02\/Staender-Sonnenschirm-rotated.jpg\" alt=\"\" class=\"wp-image-1245\" style=\"aspect-ratio:1.2032085561497325;width:280px;height:auto\" srcset=\"https:\/\/walsermundart.ch\/wp-content\/uploads\/2021\/02\/Staender-Sonnenschirm-rotated.jpg 567w, https:\/\/walsermundart.ch\/wp-content\/uploads\/2021\/02\/Staender-Sonnenschirm-300x249.jpg 300w\" sizes=\"auto, (max-width: 567px) 100vw, 567px\" \/><\/figure>\n\n\n\n<p><strong><strong><strong>Am Sunntignamittaag im Fr\u00fc\u00e4lig<\/strong><\/strong><\/strong><\/p>\n\n\n\n<figure class=\"wp-block-audio\"><audio controls src=\"https:\/\/walsermundart.ch\/wp-content\/uploads\/2022\/04\/114-Plessur.mp3\"><\/audio><\/figure>\n\n\n\n<p>Wi\u00e4r gaand z Vi\u00e4rt\u00e4 aab zun dr Plessur.<br>D\u00fcr d\u00e4 Br\u00e4tschwaald uuf g\u00e4id jetz di Tuur.<br>Dobn\u00e4 is s noch chald und \u00e4s hed Schnee,<br>aab bis zum Aroser Obersee.<br>Turnt\u00e4pp an d\u00e4 F\u00fc\u00e4ss, mid churz\u00e4 Hos\u00e4,<br>k\u00e4i Vrschtand, uf d\u00e4\u00e4r will ni\u00e4m\u00e4d los\u00e4.<br>Jetz wi\u00e4 ds Bisiw\u00e4ttr d Schtraass uus h\u00e4in!<br>Entli z P\u00e4ischt, mit hundstoodm\u00fc\u00e4d\u00e4 B\u00e4in!<\/p>\n\n\n\n<p><strong><strong><strong>\u00c4 schl\u00e4chti \u00c4rinn\u00e4rig<\/strong><\/strong><\/strong><\/p>\n\n\n\n<figure class=\"wp-block-audio\"><audio controls src=\"https:\/\/walsermundart.ch\/wp-content\/uploads\/2022\/04\/115-Gitzi.mp3\"><\/audio><\/figure>\n\n\n\n<p>A m\u00e4 Sunntig sind wi\u00e4r Schtritzi<br>ds Tobl uuf \u00e4s wi\u00e4 di Gitzi.<br>Ds Zil ischt gsin dr Gitzischt\u00e4in,<br>denn Z\u00e4l\u00fc\u00e4ni\u00e4 und denn h\u00e4in.<br>Weer wr dert\u00e4 apprghiid,<br>geebi s jetz di\u00e4 V\u00e4rsli nid.<\/p>\n\n\n\n<p><strong><strong>Sammichlaus<\/strong><\/strong><\/p>\n\n\n\n<figure class=\"wp-block-audio\"><audio controls src=\"https:\/\/walsermundart.ch\/wp-content\/uploads\/2022\/04\/116-Sammichlaus.mp3\"><\/audio><\/figure>\n\n\n\n<p>Dr Sammichlaus schtapf\u00e4d vam Br\u00e4tschwaald h\u00e4\u00e4r.<br>F\u00fcr \u00fcnsch gid s nun \u00e4in\u00e4, und das ischt d\u00e4\u00e4r:<br>mid schwarzgrau\u00e4m Mantl, Kaputz\u00e4, Baart.<br>\u00c4n grellroot\u00e4 Chlaus, waa \u00e4n Ggutsch\u00e4 faart,<br>d\u00e4m s\u00e4g\u00e4nd sch im Nord\u00e4 doch Wi\u00e4nachtsmaan,<br>dr s\u00e4lb hed \u00e4 f\u00fc\u00fcrrot\u00e4 Mantl aan.<\/p>\n\n\n\n<figure class=\"wp-block-image size-large is-resized\"><img loading=\"lazy\" decoding=\"async\" width=\"678\" height=\"713\" src=\"https:\/\/walsermundart.ch\/wp-content\/uploads\/2021\/02\/Sammichlaus-groesser-ret.jpg\" alt=\"\" class=\"wp-image-1244\" style=\"width:333px;height:349px\" srcset=\"https:\/\/walsermundart.ch\/wp-content\/uploads\/2021\/02\/Sammichlaus-groesser-ret.jpg 678w, https:\/\/walsermundart.ch\/wp-content\/uploads\/2021\/02\/Sammichlaus-groesser-ret-285x300.jpg 285w\" sizes=\"auto, (max-width: 678px) 100vw, 678px\" \/><\/figure>\n\n\n\n<p><strong><strong><strong>Miin Bru\u00e4dr hed \u00e4s schl\u00e4chts Gw\u00fcss\u00e4<\/strong><\/strong><\/strong><\/p>\n\n\n\n<figure class=\"wp-block-audio\"><audio controls src=\"https:\/\/walsermundart.ch\/wp-content\/uploads\/2022\/04\/117-Sammi.mp3\"><\/audio><\/figure>\n\n\n\n<p>Dr Sammichlaus, d\u00e4r n\u00fcmmt mi h\u00fc\u00fcr gw\u00fcss mit,<br>\u00e4s Jaar im Br\u00e4tschwaald huus\u00e4 wil i nid.<br>Miis leng\u00e4 Messr hed \u00e4 scharff\u00e4 Schpitz,<br>i hau\u00e4 in d\u00e4 Sack \u00e4n grooss\u00e4 Schlitz.<br>Dr Sammichlaus hed das schon ggw\u00fcssd und s\u00e4id:<br>Waa hescht diis scharff\u00e4 Messr, leng und br\u00e4it?<br>Da merkt dr Bru\u00e4dr sofort an dr Schtimm,<br>\u00e4s ischt di B\u00e4si \u2013 den is s nid so schlimm!<\/p>\n\n\n\n<figure class=\"wp-block-image size-large is-resized\"><img loading=\"lazy\" decoding=\"async\" width=\"383\" height=\"482\" src=\"https:\/\/walsermundart.ch\/wp-content\/uploads\/2021\/02\/Kartoffelsack-Messer-3.jpg\" alt=\"\" class=\"wp-image-1241\" style=\"width:311px;height:391px\" srcset=\"https:\/\/walsermundart.ch\/wp-content\/uploads\/2021\/02\/Kartoffelsack-Messer-3.jpg 383w, https:\/\/walsermundart.ch\/wp-content\/uploads\/2021\/02\/Kartoffelsack-Messer-3-238x300.jpg 238w\" sizes=\"auto, (max-width: 383px) 100vw, 383px\" \/><\/figure>\n\n\n\n<p><strong><strong><strong>Nun das ischt \u00e4rfund\u00e4<\/strong><\/strong><\/strong><\/p>\n\n\n\n<figure class=\"wp-block-audio\"><audio controls src=\"https:\/\/walsermundart.ch\/wp-content\/uploads\/2022\/04\/118-Max.mp3\"><\/audio><\/figure>\n\n\n\n<p>Max und Moritz, di\u00e4 zw\u00e4i aarm\u00e4,<br>schlaaff\u00e4nd zfrid\u00e4 i m\u00e4 Baarm\u00e4.<br>Schi h\u00e4ind dr Buuch mid Chuamilch gf\u00fclld<br>und schi drmid \u00e4 Wuntsch \u00e4rf\u00fclld.<br>Am Morg\u00e4d mid z eerscht Meeli g\u00e4\u00e4n,<br>will Hans di\u00e4 Fr\u00e4ud schi nid l\u00e4 n\u00e4\u00e4n:<br>\u00c4r w\u00fcrft di\u00e4 L\u00fcmml uf d\u00e4 Mischt,<br>waa s ghand so w\u00e4ich und waar\u00e4m ischt.<\/p>\n\n\n\n<figure class=\"wp-block-image size-large is-resized\"><img loading=\"lazy\" decoding=\"async\" width=\"640\" height=\"360\" src=\"https:\/\/walsermundart.ch\/wp-content\/uploads\/2021\/02\/mist.jpg\" alt=\"\" class=\"wp-image-1242\" style=\"aspect-ratio:1.775229357798165;width:483px;height:auto\" srcset=\"https:\/\/walsermundart.ch\/wp-content\/uploads\/2021\/02\/mist.jpg 640w, https:\/\/walsermundart.ch\/wp-content\/uploads\/2021\/02\/mist-300x169.jpg 300w\" sizes=\"auto, (max-width: 640px) 100vw, 640px\" \/><\/figure>\n\n\n\n<figure class=\"wp-block-image size-full is-resized\"><a href=\"https:\/\/walsermundart.ch\/?page_id=156\"><img loading=\"lazy\" decoding=\"async\" width=\"268\" height=\"173\" src=\"https:\/\/walsermundart.ch\/wp-content\/uploads\/2022\/03\/Pfeil-zurueck-mini-1.jpg\" alt=\"\" class=\"wp-image-6871\" style=\"width:107px;height:69px\"\/><\/a><\/figure>\n\n\n\n<p><\/p>\n","protected":false},"excerpt":{"rendered":"<p>Uus g\u00e4 Chur Dr Neni ischt z Chur im Schpitalund d Mam\u00e4 bsu\u00e4cht n\u00e4 dert \u00e4maal.D\u00e4h\u00e4im\u00e4d laan chan sch d Chind noch nid,drum n\u00fcmmt sch&hellip;<\/p>\n","protected":false},"author":1,"featured_media":0,"parent":0,"menu_order":0,"comment_status":"closed","ping_status":"closed","template":"","meta":{"footnotes":""},"class_list":["post-1138","page","type-page","status-publish","hentry"],"_links":{"self":[{"href":"https:\/\/walsermundart.ch\/index.php?rest_route=\/wp\/v2\/pages\/1138","targetHints":{"allow":["GET"]}}],"collection":[{"href":"https:\/\/walsermundart.ch\/index.php?rest_route=\/wp\/v2\/pages"}],"about":[{"href":"https:\/\/walsermundart.ch\/index.php?rest_route=\/wp\/v2\/types\/page"}],"author":[{"embeddable":true,"href":"https:\/\/walsermundart.ch\/index.php?rest_route=\/wp\/v2\/users\/1"}],"replies":[{"embeddable":true,"href":"https:\/\/walsermundart.ch\/index.php?rest_route=%2Fwp%2Fv2%2Fcomments&post=1138"}],"version-history":[{"count":24,"href":"https:\/\/walsermundart.ch\/index.php?rest_route=\/wp\/v2\/pages\/1138\/revisions"}],"predecessor-version":[{"id":8645,"href":"https:\/\/walsermundart.ch\/index.php?rest_route=\/wp\/v2\/pages\/1138\/revisions\/8645"}],"wp:attachment":[{"href":"https:\/\/walsermundart.ch\/index.php?rest_route=%2Fwp%2Fv2%2Fmedia&parent=1138"}],"curies":[{"name":"wp","href":"https:\/\/api.w.org\/{rel}","templated":true}]}}