{"id":1143,"date":"2021-02-13T19:55:27","date_gmt":"2021-02-13T19:55:27","guid":{"rendered":"https:\/\/hed.ch\/?page_id=1143"},"modified":"2024-02-22T14:02:52","modified_gmt":"2024-02-22T14:02:52","slug":"vaersli-h-nueued-gfrautsch","status":"publish","type":"page","link":"https:\/\/walsermundart.ch\/?page_id=1143","title":{"rendered":"8.7 &#8211; N\u00fc\u00fcd gfrautsch"},"content":{"rendered":"\n<figure class=\"wp-block-image size-full is-resized\"><a href=\"https:\/\/walsermundart.ch\/?page_id=156\"><img loading=\"lazy\" decoding=\"async\" width=\"268\" height=\"173\" src=\"https:\/\/walsermundart.ch\/wp-content\/uploads\/2022\/03\/Pfeil-zurueck-mini-1.jpg\" alt=\"\" class=\"wp-image-6871\" style=\"width:133px;height:auto\"\/><\/a><\/figure>\n\n\n\n<p><strong><strong>\u00dcns Nani chlagt<\/strong><\/strong><\/p>\n\n\n\n<figure class=\"wp-block-audio\"><audio controls src=\"https:\/\/walsermundart.ch\/wp-content\/uploads\/2022\/04\/140-Schprach.mp3\"><\/audio><\/figure>\n\n\n\n<p>L\u00f6s\u00e4d gu\u00e4t und bliib\u00e4d wach,<br>sus scht\u00e4id s schl\u00e4cht um \u00fcnschi Schpraach.<br>Schi z\u00e4rgchiid wi\u00e4 Scht\u00e4in zu Sand,<br>bis s sch\u00e4 n\u00fcmm\u00e4 gid im Land.<\/p>\n\n\n\n<p><strong><strong>Was ischt poscht\u00e4?<\/strong><\/strong><\/p>\n\n\n\n<figure class=\"wp-block-audio\"><audio controls src=\"https:\/\/walsermundart.ch\/wp-content\/uploads\/2022\/04\/141-Poschtae.mp3\"><\/audio><\/figure>\n\n\n\n<p>I bruuch\u00e4 Brod, Moscht, Naadl\u00e4, Fad\u00e4,<br>drum gaan i jetz\u00e4 in d\u00e4 Lad\u00e4.<br>Au bruuch i Milch und M\u00e4\u00e4l zum Bachch\u00e4.<br>Waa poschtischt du denn diini Sachch\u00e4?<br>N\u00e4i, n\u00e4i, i gaan nid uf di Poscht.<br>Denn dert\u00e4 git s k\u00e4is M\u00e4\u00e4l, k\u00e4i Moscht.<br><\/p>\n\n\n\n<p><strong><strong><strong>Scht\u00e4ck\u00e4 und&nbsp;Scht\u00f6ck<\/strong><\/strong><\/strong><\/p>\n\n\n\n<figure class=\"wp-block-audio\"><audio controls src=\"https:\/\/walsermundart.ch\/wp-content\/uploads\/2022\/04\/142-Granium.mp3\"><\/audio><\/figure>\n\n\n\n<p>Zeerscht tr\u00e4ich i alli Scht\u00f6ck am Huus,<br>den g\u00e4it s mid Scht\u00e4ck\u00e4 uuf und uus,<br>das chund sogar an K\u00fcrsli gleerd.<br>W\u00e4\u00e4r s umkeert machch\u00e4d, d Scht\u00e4ck\u00e4 tr\u00e4icht,<br>di Graniumscht\u00f6ck an d Agsl\u00e4 h\u00e4icht,<br>macht gw\u00fcss \u00e4sw\u00e0s vrcheert.<\/p>\n\n\n\n<figure class=\"wp-block-image size-large\"><img loading=\"lazy\" decoding=\"async\" width=\"426\" height=\"283\" src=\"https:\/\/walsermundart.ch\/wp-content\/uploads\/2021\/02\/Blumen-Wandern-kombi-3.jpg\" alt=\"\" class=\"wp-image-1366\" srcset=\"https:\/\/walsermundart.ch\/wp-content\/uploads\/2021\/02\/Blumen-Wandern-kombi-3.jpg 426w, https:\/\/walsermundart.ch\/wp-content\/uploads\/2021\/02\/Blumen-Wandern-kombi-3-300x199.jpg 300w\" sizes=\"auto, (max-width: 426px) 100vw, 426px\" \/><\/figure>\n\n\n\n<p><strong><strong><strong>Ds Enk\u00e4li freeg\u00e4d<\/strong><\/strong><\/strong><\/p>\n\n\n\n<figure class=\"wp-block-audio\"><audio controls src=\"https:\/\/walsermundart.ch\/wp-content\/uploads\/2022\/04\/143-Zueri.mp3\"><\/audio><\/figure>\n\n\n\n<p>&#171;S\u00e4g, Nani, s\u00e4g, warum h\u00e4isst s z Z\u00fcri fl\u00fc\u00fcg\u00e4?&#187;<br>W\u00e4r s\u00e4id das, Vreni, waa hescht du das gh\u00f6\u00f6rd?<br>&#171;Am Fernseh, chascht di s\u00e4lbr \u00fcbrz\u00fc\u00fcg\u00e4.&#187;<br>Da ischt n\u00fc\u00fcd z machch\u00e4, au wen \u00fcnsch das scht\u00f6\u00f6rd.<br>Am Fernseh redt m\u00e4 s\u00e4\u00e4lt\u00e4 \u00fcnschi Schprach.<br>Di\u00e4 liid fascht ds ganz\u00e4 Jaar dert braach.<br><\/p>\n\n\n\n<p><strong><strong>Nid v\u00e4rschtand\u00e4<\/strong><\/strong><\/p>\n\n\n\n<figure class=\"wp-block-audio\"><audio controls src=\"https:\/\/walsermundart.ch\/wp-content\/uploads\/2022\/04\/144-Gschickt.mp3\"><\/audio><\/figure>\n\n\n\n<p>\u00c4n Bsu\u00e4ch chund us \u00e4m Underland,<br>m\u00e4 redt so \u00fcber allerhand.<br>\u00c4n gschickti M\u00e4iti\u00e4 ischt \u00e4us Vreni,<br>\u00e4rweent so n\u00e4b\u00e4bii dr Eeni.<br>Doch di\u00e4 r\u00fc\u00e4ft, schick\u00e4 chascht mi nid,<br>das P\u00e4ckli cheemi nid grad wiit.<br>Was s\u00e4id di Poscht? Das ii nid lachch\u00e4.<br>Dr Eeni w\u00fcrt \u00e4s Schp\u00e4ssli machch\u00e4.<\/p>\n\n\n\n<p><strong><strong>Chunscht<\/strong><\/strong><\/p>\n\n\n\n<figure class=\"wp-block-audio\"><audio controls src=\"https:\/\/walsermundart.ch\/wp-content\/uploads\/2022\/04\/145-Chunscht.mp3\"><\/audio><\/figure>\n\n\n\n<p>\u00dcns Naani freeg\u00e4d: Was ischt Chunscht?<br>Mi\u00e4r schiint s, va Chunscht han ii k\u00e4in Dunscht.<br>\u00c4n Tolgg\u00e4 uf \u00e4m Blatt Papier?<br>\u00c4 Chreechzischtimm, \u00e4s aar\u00e4ms Ggliir?<br>So mengi bild\u00e4nd schi wol iin,<br>schi ch\u00f6nt\u00e4nd ggw\u00fcss au Ch\u00fcnschtlr siin.<\/p>\n\n\n\n<figure class=\"wp-block-image size-large\"><img loading=\"lazy\" decoding=\"async\" width=\"638\" height=\"284\" src=\"https:\/\/walsermundart.ch\/wp-content\/uploads\/2021\/02\/Kulturraum-Cuadro-Chur-Kombi.jpg\" alt=\"\" class=\"wp-image-1367\" srcset=\"https:\/\/walsermundart.ch\/wp-content\/uploads\/2021\/02\/Kulturraum-Cuadro-Chur-Kombi.jpg 638w, https:\/\/walsermundart.ch\/wp-content\/uploads\/2021\/02\/Kulturraum-Cuadro-Chur-Kombi-300x134.jpg 300w\" sizes=\"auto, (max-width: 638px) 100vw, 638px\" \/><\/figure>\n\n\n\n<p><strong><strong><strong>B\u00f6\u00f6schi Ziit\u00e4<\/strong><\/strong><\/strong><\/p>\n\n\n\n<figure class=\"wp-block-audio\"><audio controls src=\"https:\/\/walsermundart.ch\/wp-content\/uploads\/2022\/04\/146-Schpion.mp3\"><\/audio><\/figure>\n\n\n\n<p>Gchuum lu\u00e4g i da zum F\u00e4nschtr uus,<br>fl\u00fc\u00fcgt grad \u00e4s Ungh\u00fc\u00fcr rund um ds Huus.<br>T\u00fc\u00e4d alli L\u00f6ch\u00e4r zu\u00e4,<br>sus ch\u00f6nti s innr choon!<br>Waa f\u00fc\u00e4rt das au noch hiin,<br>das ischt gw\u00fcss \u00e4 Schpion.<\/p>\n\n\n\n<p>N\u00e4i, n\u00e4i, da sind di n\u00fc\u00fc\u00e4 Schu\u00e4 ja schon,<br>di\u00e4 hescht du h\u00fct grad erscht l\u00e4 choon.<\/p>\n\n\n\n<figure class=\"wp-block-image size-large is-resized\"><img loading=\"lazy\" decoding=\"async\" width=\"750\" height=\"420\" src=\"https:\/\/walsermundart.ch\/wp-content\/uploads\/2021\/02\/Drohne.jpg\" alt=\"\" class=\"wp-image-1368\" style=\"width:465px;height:auto\" srcset=\"https:\/\/walsermundart.ch\/wp-content\/uploads\/2021\/02\/Drohne.jpg 750w, https:\/\/walsermundart.ch\/wp-content\/uploads\/2021\/02\/Drohne-300x168.jpg 300w\" sizes=\"auto, (max-width: 750px) 100vw, 750px\" \/><\/figure>\n\n\n\n<p><strong><strong><strong>\u00dcbrfl\u00fcssig<\/strong><\/strong><\/strong><\/p>\n\n\n\n<figure class=\"wp-block-audio\"><audio controls src=\"https:\/\/walsermundart.ch\/wp-content\/uploads\/2024\/02\/147-Poschtauto-b.mp3\"><\/audio><\/figure>\n\n\n\n<p>Wen ds Poschtauto ooni \u00e4 Fu\u00e4rm\u00e4 faart,<br>den hed m\u00e4 doch grad au \u00e4 Mensch \u00e4rschpart.<br>Und waas mach\u00e4nd den di \u00e4rschpart\u00e4 L\u00fc\u00fct?<br>Am Tuum\u00e4 ch\u00f6nd sch suug\u00e4, den z tu\u00e4n gid s n\u00fc\u00fcd.<\/p>\n\n\n\n<p><strong><strong>Chlopfmusig<\/strong><\/strong><\/p>\n\n\n\n<figure class=\"wp-block-audio\"><audio controls src=\"https:\/\/walsermundart.ch\/wp-content\/uploads\/2022\/04\/148-Pumm.mp3\"><\/audio><\/figure>\n\n\n\n<p>Pumm, pumm, pumm, drzu\u00e4 \u00e4s Gschr\u00e4\u00e4bl,<br>in d\u00e4 Oor\u00e4 git s mr Chr\u00e4\u00e4bl.<br>N\u00fc\u00fcd f\u00fcr ds Gm\u00fc\u00e4t, \u00e4 N\u00e4\u00e4rf\u00e4saag\u00e4,<br>lang chan ii das nid \u00e4rtraag\u00e4.<\/p>\n\n\n\n<p><strong><strong><strong>\u00dcns Naani sch\u00fcttl\u00e4d dr Chopf<\/strong><\/strong><\/strong><\/p>\n\n\n\n<figure class=\"wp-block-audio\"><audio controls src=\"https:\/\/walsermundart.ch\/wp-content\/uploads\/2022\/04\/149-Teliffoon.mp3\"><\/audio><\/figure>\n\n\n\n<p>D Mamm\u00e4 schtoosst im Wag\u00e4 ds Popi \u00fcbr ds Land<br>und schi tr\u00e4id \u00e4 chl\u00e4in\u00e4 Bildschirm in dr Hand.<br>D V\u00f6gl pfiiff\u00e4nd, doch vom Popi chund k\u00e4in Ton,<br>d Mamm\u00e4 redt an \u00e4im Tromm mid dm Teliffoon.<\/p>\n\n\n\n<figure class=\"wp-block-image size-large is-resized\"><img loading=\"lazy\" decoding=\"async\" width=\"612\" height=\"408\" src=\"https:\/\/walsermundart.ch\/wp-content\/uploads\/2021\/02\/Smartphon-istockphoto-Name.jpg\" alt=\"\" class=\"wp-image-1369\" style=\"width:421px;height:auto\" srcset=\"https:\/\/walsermundart.ch\/wp-content\/uploads\/2021\/02\/Smartphon-istockphoto-Name.jpg 612w, https:\/\/walsermundart.ch\/wp-content\/uploads\/2021\/02\/Smartphon-istockphoto-Name-300x200.jpg 300w\" sizes=\"auto, (max-width: 612px) 100vw, 612px\" \/><\/figure>\n\n\n\n<p><strong><strong><strong>Zeerscht bin dr Mamma b\u00e4ttl\u00e4<\/strong><\/strong><\/strong><\/p>\n\n\n\n<figure class=\"wp-block-audio\"><audio controls src=\"https:\/\/walsermundart.ch\/wp-content\/uploads\/2022\/04\/150-Smartfon.mp3\"><\/audio><\/figure>\n\n\n\n<p>N\u00e4i, Smartfoon \u00fcbrchuscht du k\u00e4is.<br>&#171;Di and\u00e4r\u00e4 h\u00e4ind alli \u00e4is!<br>Wen ii doch au \u00e4is h\u00e4tti!<br>Den freeg i halt dr \u00c4tti.&#187;<\/p>\n\n\n\n<p><strong><strong>Dr Erbvettr<\/strong><\/strong><\/p>\n\n\n\n<figure class=\"wp-block-audio\"><audio controls src=\"https:\/\/walsermundart.ch\/wp-content\/uploads\/2022\/04\/151-Amerika.mp3\"><\/audio><\/figure>\n\n\n\n<p>\u00c4n Vettr us Amerika<br>chund \u00fcbr ds Meer und ischt jetz daa.<br>\u00c4r bliibt drii Wuchch\u00e4 odr soo,<br>den das v\u00e4rm\u00f6g \u00e4r sowisoo.<br>\u00c4r ischt au aanggl\u00e4id wi\u00e4 \u00e4 Lord<br>und faard \u00e4n helisch t\u00fc\u00fcr\u00e4 Ford.<br>M\u00e4 gsi\u00e4d, was \u00e4r f\u00fcr \u00e4in\u00e4 ischt<br>und w\u00e4is, das ischt nid Gitzimischt!<br>Waa s den an ds Erp\u00e4 ggang\u00e4 weer,<br>sind schiini Kass\u00e4li murz leer.<\/p>\n\n\n\n<p><strong><strong>J\u00f6rlisch Utti<\/strong><\/strong><\/p>\n\n\n\n<figure class=\"wp-block-audio\"><audio controls src=\"https:\/\/walsermundart.ch\/wp-content\/uploads\/2022\/04\/152-Gaeismilch.mp3\"><\/audio><\/figure>\n\n\n\n<p>Im n\u00fc\u00fcj\u00e4 Jaar bim Poscht vrtraag\u00e4<br>s\u00e4id Utti: &#171;Mu\u00e4scht di h\u00fctt au blaag\u00e4,<br>i will dr gschw\u00fcnd \u00e4n Ggaffi machch\u00e4!&#187;<br>Bim Triich\u00e4 ischt mi\u00e4r nid zum Lachch\u00e4.<br>I r\u00fc\u00e4m\u00e4 trotzd\u00e4mm, &#8211; triich\u00e4 uus.<br>&#171;Uf \u00e4im B\u00e4in g\u00e4ischt nid us \u00e4m Huus&#187;.<br>I schick mi driin, laan n\u00fc\u00fcd l\u00e4 schtaan.<br>Erscht schpeetr hed schi uussr gschtelld,<br>was Utti zu m\u00e4 Gaffi zeld:<br>Schi leerd \u00e4 schwetti G\u00e4ismilch dran!<\/p>\n\n\n\n<p><strong><strong>In Usabuuf<\/strong><\/strong><\/p>\n\n\n\n<figure class=\"wp-block-audio\"><audio controls src=\"https:\/\/walsermundart.ch\/wp-content\/uploads\/2022\/05\/153-Chrigl.mp3\"><\/audio><\/figure>\n\n\n\n<p>Dr Chrigl s\u00e4id: &#171;Wi\u00e4r gaand g\u00e4 mee\u00e4<br>uuf in das l\u00e4id\u00e4 Boord, das gee\u00e4,<br>in Usabuuf, grad naa Zrfaalt\u00e4.&#187;<br>\u00c4 fr\u00f6nd\u00e4 Namm\u00e4 und \u00e4n aalt\u00e4.<br>Doch d Mamm\u00e4 gh\u00f6\u00f6rd s und l\u00fcpft nisch druuf:<br>&#171;Das ischt \u00e4 Schpass: &#8211; in \u2013 uus \u2013 aab \u2013 uuf,<br>d\u00e4\u00e4r Namm\u00e4 ischt \u00e4rfund\u00e4, d Wis gid s nid.&#187;<br>Wi\u00e4r sind dm Chrigl in \u00e4 Fall\u00e4 ghiid.<\/p>\n\n\n\n<p><strong><strong><strong>D\u00e4h\u00e4im\u00e4d gr\u00fcbl\u00e4<\/strong><\/strong><\/strong><\/p>\n\n\n\n<figure class=\"wp-block-audio\"><audio controls src=\"https:\/\/walsermundart.ch\/wp-content\/uploads\/2022\/04\/154-Burdi.mp3\"><\/audio><\/figure>\n\n\n\n<p>Du s\u00f6ttischt undr d L\u00fc\u00fct!<br>Nun hock\u00e4 daa ischt n\u00fc\u00fcd.<br>Du bischt doch froh um jed\u00e4,<br>wen t chascht \u00e4s bitzi red\u00e4<br>und freeg\u00e4 wi\u00e4 s m\u00e4 g\u00e4id,<br>wi\u00e4 \u00e4\u00e4r schiin Burdi tr\u00e4id.<br>Wol ni\u00e4m\u00e4d chan g\u00e4 s\u00e4g\u00e4,<br>\u00e4r h\u00e4i nun Gl\u00fcck im L\u00e4b\u00e4,<br>so, das m\u00e4 f\u00fcr schi d\u00e4icht,<br>so b\u00f6\u00f6sch hed s mi nid pr\u00e4icht.<\/p>\n\n\n\n<figure class=\"wp-block-image size-full is-resized\"><a href=\"https:\/\/walsermundart.ch\/?page_id=156\"><img loading=\"lazy\" decoding=\"async\" width=\"268\" height=\"173\" src=\"https:\/\/walsermundart.ch\/wp-content\/uploads\/2022\/03\/Pfeil-zurueck-mini-1.jpg\" alt=\"\" class=\"wp-image-6871\" style=\"width:135px;height:auto\"\/><\/a><\/figure>\n\n\n\n<p><\/p>\n","protected":false},"excerpt":{"rendered":"<p>\u00dcns Nani chlagt L\u00f6s\u00e4d gu\u00e4t und bliib\u00e4d wach,sus scht\u00e4id s schl\u00e4cht um \u00fcnschi Schpraach.Schi z\u00e4rgchiid wi\u00e4 Scht\u00e4in zu Sand,bis s sch\u00e4 n\u00fcmm\u00e4 gid im Land.&hellip;<\/p>\n","protected":false},"author":1,"featured_media":0,"parent":0,"menu_order":0,"comment_status":"closed","ping_status":"closed","template":"","meta":{"footnotes":""},"class_list":["post-1143","page","type-page","status-publish","hentry"],"_links":{"self":[{"href":"https:\/\/walsermundart.ch\/index.php?rest_route=\/wp\/v2\/pages\/1143","targetHints":{"allow":["GET"]}}],"collection":[{"href":"https:\/\/walsermundart.ch\/index.php?rest_route=\/wp\/v2\/pages"}],"about":[{"href":"https:\/\/walsermundart.ch\/index.php?rest_route=\/wp\/v2\/types\/page"}],"author":[{"embeddable":true,"href":"https:\/\/walsermundart.ch\/index.php?rest_route=\/wp\/v2\/users\/1"}],"replies":[{"embeddable":true,"href":"https:\/\/walsermundart.ch\/index.php?rest_route=%2Fwp%2Fv2%2Fcomments&post=1143"}],"version-history":[{"count":36,"href":"https:\/\/walsermundart.ch\/index.php?rest_route=\/wp\/v2\/pages\/1143\/revisions"}],"predecessor-version":[{"id":8763,"href":"https:\/\/walsermundart.ch\/index.php?rest_route=\/wp\/v2\/pages\/1143\/revisions\/8763"}],"wp:attachment":[{"href":"https:\/\/walsermundart.ch\/index.php?rest_route=%2Fwp%2Fv2%2Fmedia&parent=1143"}],"curies":[{"name":"wp","href":"https:\/\/api.w.org\/{rel}","templated":true}]}}