{"id":1888,"date":"2021-02-22T14:42:27","date_gmt":"2021-02-22T14:42:27","guid":{"rendered":"https:\/\/walsermundart.ch\/?page_id=1888"},"modified":"2022-07-23T07:39:52","modified_gmt":"2022-07-23T07:39:52","slug":"17-verschluckt","status":"publish","type":"page","link":"https:\/\/walsermundart.ch\/?page_id=1888","title":{"rendered":"2.08 &#8211; Verschluckt"},"content":{"rendered":"\n<figure class=\"wp-block-image size-full is-resized\"><a href=\"https:\/\/walsermundart.ch\/?page_id=360\"><img loading=\"lazy\" decoding=\"async\" src=\"https:\/\/walsermundart.ch\/wp-content\/uploads\/2022\/03\/Pfeil-zurueck-mini-1.jpg\" alt=\"\" class=\"wp-image-6871\" width=\"108\" height=\"70\"\/><\/a><\/figure>\n\n\n\n<p class=\"has-vivid-red-color has-text-color\" style=\"font-size:35px\"><strong>Verschluckte Vokale<\/strong><\/p>\n\n\n\n<p>Neben der leserfreundlichen Anwendung von <strong>e<\/strong> und <strong>\u00e4<\/strong> ist das sinnvolle Schreiben der stimmlosen Vokale die gr\u00f6sste Herausforderung beim Verfassen von Texten in unserem Dialekt.<\/p>\n\n\n\n<p>Dem Davoser und dem Pr\u00e4ttigauer W\u00f6rterbuch entnehmen wir (DW Verben mit Endung \u2013e):<\/p>\n\n\n\n<figure class=\"wp-block-image size-large is-resized\"><img loading=\"lazy\" decoding=\"async\" src=\"https:\/\/walsermundart.ch\/wp-content\/uploads\/2021\/02\/Seite-16-b.jpg\" alt=\"\" class=\"wp-image-1891\" width=\"656\" height=\"621\" srcset=\"https:\/\/walsermundart.ch\/wp-content\/uploads\/2021\/02\/Seite-16-b.jpg 807w, https:\/\/walsermundart.ch\/wp-content\/uploads\/2021\/02\/Seite-16-b-300x284.jpg 300w, https:\/\/walsermundart.ch\/wp-content\/uploads\/2021\/02\/Seite-16-b-768x727.jpg 768w\" sizes=\"auto, (max-width: 656px) 100vw, 656px\" \/><\/figure>\n\n\n\n<p>Bei <strong>ver<\/strong> wie bei <strong>zer<\/strong> muss man abw\u00e4gen, was am besten zum gesprochenen Wort passt. Bei <strong>v\u00e4r<\/strong>\u00e4nd\u00e4r\u00e4 braucht es das \u00e4, das Ohr verlangt es.<\/p>\n\n\n\n<p><strong>ver\u2026<\/strong> sagt man, wenn sich etwas ohne Kraftanwendung ver\u00e4ndert: vrg\u00e4ss\u00e4, v\u00e4r\u00e4nd\u00e4r\u00e4, vrtu\u00e4n, v\u00e4rraat\u00e4, vrli\u00e4r\u00e4, vrtriib\u00e4\u2026 (vrt\u00fc\u00fcfl\u00e4, <em>vrd\u00e9rp\u00e4<\/em> sind Aussenseiter \u2013 aber sicher nicht zer\u2026).<\/p>\n\n\n\n<p><strong>zer<\/strong>\u2026 heisst es, wenn etwas zerst\u00f6rt, die Form ver\u00e4ndert wird: zrgaan, zrgengg\u00e4, zrbr\u00e4gl\u00e4, zrl\u00e4chch\u00e4r\u00e4, zrzaus\u00e4, zrtriib\u00e4, zrschlaan, zrl\u00ecd\u00e4.<\/p>\n\n\n\n<p>Auch innerhalb des Wortes werden nicht alle Vokale gesprochen, hier das Beispiel Winter.<\/p>\n\n\n\n<p>Gesprochen wird bei uns <strong><em>Wintr,<\/em><\/strong> nicht Winter, Wint\u00e4r oder Wintar. Zwischen t und r darf oder d\u00fcrfte kein Vokal stehen. In einem Vers \u201eDer Winter ist vergangen\u201c zeigt es sich, dass trotzdem eine Hebung und eine Senkung vorhanden sind und die Silben ungek\u00fcrzt gesprochen werden, als Notbehelf sozusagen:<\/p>\n\n\n\n<p>D\u00e4r W<strong>i<\/strong>n t\u00e4r <strong>i<\/strong>scht v\u00e4r g<strong>a<\/strong>n g\u00e4.<\/p>\n\n\n\n<p>Es sind fast durchwegs die <strong>e<\/strong> oder <strong>\u00e4<\/strong>, die verschluckt werden. Auch in anderen alamannischen Dialekten werden Laute verschluckt und dementsprechend nicht geschrieben: Dirndl, Aschn (Asche), i mag s (ich mag es, ich mag sie). Im Schriftdeutschen begegnen wir vielen Auslassungen, ein Beispiel: Der Himmel ist blau, das Wetter ist sch\u00f6n, Kinderchen, <strong>wolln<\/strong> wir spazieren <strong>gehn<\/strong>? Und heute: Lidl anstatt Lidel.<\/p>\n\n\n\n<p>Leider gibt es kein befriedigendes Schriftzeichen, das als Platzhalter dienen k\u00f6nnte, weder Wint<sup>e<\/sup>r noch Wint<sup>\u00e4<\/sup>r, Wint<sup>a<\/sup>r, Wint\u00a6r, Wint\u2019r, z Wint\u2019rsch Ziit (zu des Winters Zeit), Wint\u0259r ( Den &#171;Schwa&#187; \u0259 als Notbehelf kennt unsere Tastatur nicht).<\/p>\n\n\n\n<p>Winter: Das Weglassen des e ist die klarste L\u00f6sung, da das Wort <em>Wintr<\/em> gut lesbar ist. Dazu gibt es viele Beispiele in den W\u00f6rterb\u00fcchern:<\/p>\n\n\n\n<figure class=\"wp-block-image size-large is-resized\"><img loading=\"lazy\" decoding=\"async\" src=\"https:\/\/walsermundart.ch\/wp-content\/uploads\/2021\/02\/Seite-18-a.jpg\" alt=\"\" class=\"wp-image-1897\" width=\"471\" height=\"349\" srcset=\"https:\/\/walsermundart.ch\/wp-content\/uploads\/2021\/02\/Seite-18-a.jpg 567w, https:\/\/walsermundart.ch\/wp-content\/uploads\/2021\/02\/Seite-18-a-300x222.jpg 300w\" sizes=\"auto, (max-width: 471px) 100vw, 471px\" \/><\/figure>\n\n\n\n<figure class=\"wp-block-image size-large is-resized\"><img loading=\"lazy\" decoding=\"async\" src=\"https:\/\/walsermundart.ch\/wp-content\/uploads\/2021\/02\/Seite-18-b.jpg\" alt=\"\" class=\"wp-image-1898\" width=\"449\" height=\"327\" srcset=\"https:\/\/walsermundart.ch\/wp-content\/uploads\/2021\/02\/Seite-18-b.jpg 579w, https:\/\/walsermundart.ch\/wp-content\/uploads\/2021\/02\/Seite-18-b-300x219.jpg 300w\" sizes=\"auto, (max-width: 449px) 100vw, 449px\" \/><\/figure>\n\n\n\n<p><strong>Was wir in den beiden Verzeichnissen nicht finden:<\/strong><\/p>\n\n\n\n<figure class=\"wp-block-image size-large is-resized\"><img loading=\"lazy\" decoding=\"async\" src=\"https:\/\/walsermundart.ch\/wp-content\/uploads\/2021\/02\/Seite-18-c.jpg\" alt=\"\" class=\"wp-image-1900\" width=\"427\" height=\"379\" srcset=\"https:\/\/walsermundart.ch\/wp-content\/uploads\/2021\/02\/Seite-18-c.jpg 496w, https:\/\/walsermundart.ch\/wp-content\/uploads\/2021\/02\/Seite-18-c-300x266.jpg 300w\" sizes=\"auto, (max-width: 427px) 100vw, 427px\" \/><\/figure>\n\n\n\n<div class=\"wp-block-columns are-vertically-aligned-center is-layout-flex wp-container-core-columns-is-layout-9d6595d7 wp-block-columns-is-layout-flex\">\n<div class=\"wp-block-column is-vertically-aligned-center is-layout-flow wp-block-column-is-layout-flow\" style=\"flex-basis:100%\"><\/div>\n<\/div>\n\n\n<p><span style=\"color: #339966;\"><strong>Bru\u00e4dr<\/strong><strong>&nbsp;&nbsp;&nbsp;&nbsp;&nbsp;&nbsp;&nbsp;&nbsp;&nbsp;&nbsp;&nbsp;&nbsp; <\/strong><\/span><\/p>\n<p>Bruder (Mehrz., m: Br\u00fc\u00e4dr) Das d und das r werden fliessend zusammengeh\u00e4ngt wie im Wort Adria. Niemand spricht \u201eBru\u00e4der\u201c.<\/p>\n<p><span style=\"color: #339966;\"><strong>\u00fcbrmaarch\u00e4<\/strong><strong>&nbsp;&nbsp;&nbsp;&nbsp; <\/strong><\/span><\/p>\n<p>\u00dcber die eigene Parzellengrenze hinaus m\u00e4hen. Im schriftdeutschen <strong>\u00fcbrig<\/strong> hat es auch kein <strong>e<\/strong> zwischen <strong>b <\/strong>und<strong> r<\/strong>, also nicht \u00fcberig.<\/p>\n<p><span style=\"color: #339966;\"><strong>vrdri\u00e4ss\u00e4<\/strong><strong>&nbsp;&nbsp;&nbsp;&nbsp;&nbsp;&nbsp;&nbsp;&nbsp; <\/strong><\/span><\/p>\n<p>Heimweh haben. <strong>vr<\/strong> wird ohne Unterbruch gesprochen. Nur wenn man betont langsam spricht, ist ein \u00e4 h\u00f6rbar.<\/p>\n<p><span style=\"color: #339966;\"><strong><em>aprgchiid<\/em><\/strong> <strong>&nbsp;&nbsp;&nbsp;&nbsp;&nbsp;&nbsp;&nbsp; <\/strong><\/span><\/p>\n<p>Es ist vorteilhaft, zwischen <strong>p<\/strong> <strong>und<\/strong> <strong>r kein e<\/strong> zu schreiben. Dank dieser K\u00fcrzung unterscheidet sich das Wort vom schriftdeutschen <strong>aper<\/strong>.<\/p>\n<p><span style=\"color: #339966;\"><strong>Brummlrn\u00e4<\/strong><strong>&nbsp;&nbsp;&nbsp;&nbsp;&nbsp; <\/strong><\/span><\/p>\n<p>Schmeissfliege (Mz.) Schreibt man Brumml\u00e4rn\u00e4, liest man leicht <strong>Brumm<\/strong> <strong>l\u00e4rn\u00e4<\/strong>, also Brumm und lernen. Es ist eine Ermessensfrage, wie stark man verk\u00fcrzen soll.<\/p>\n<p><span style=\"color: #339966;\"><strong>P\u00fcntnrn\u00e4<\/strong><strong>&nbsp;&nbsp;&nbsp;&nbsp;&nbsp;&nbsp;&nbsp;&nbsp; <\/strong><\/span><\/p>\n<p>Oder doch eher P\u00fcntn\u00e4rn\u00e4? B\u00fcndnerinnen. Auf jeden Fall nicht das schriftdeutsche B\u00fcndnerinn\u00e4.<\/p>\n<p><span style=\"color: #339966;\"><strong>Zrvretta<\/strong><strong>&nbsp;&nbsp;&nbsp;&nbsp;&nbsp;&nbsp;&nbsp;&nbsp;&nbsp;&nbsp; <\/strong><\/span><\/p>\n<p>Hans Plattner verk\u00fcrzt in seiner Schrift \u00abD Walser \u2026 \u00bb Silvretta zu Zrvretta.<\/p>\n<p><span style=\"color: #339966;\"><strong>f\u00fcrhrgrupft<\/strong><strong>&nbsp;&nbsp;&nbsp;&nbsp;&nbsp; <\/strong><\/span><\/p>\n<p>H\u00fct w\u00fcrd ez amal d\u00e4r vi\u00e4rzeh\u00e4t\u00e4gig Fuggs f\u00fcrhrgrupft. (Pr\u00e4ttigauer W\u00f6rterbuch)<\/p>\n\n\n<p><strong>Hier muss der Vokal geschrieben werden, um beim Sprechen einen kurzen Halt anzuzeigen:<\/strong><\/p>\n\n\n<p><span style=\"color: #339966;\"><strong><em>Gru\u00e4m\u00e4d<\/em><\/strong> <strong>&nbsp;&nbsp;&nbsp;&nbsp;&nbsp;&nbsp;&nbsp;&nbsp; <\/strong><\/span><\/p>\n<p>Emd. In <em>Gru\u00e4m\u00e4d<\/em> werden <strong>m und d<\/strong> nicht zusammengeh\u00e4ngt, es gibt einen kurzen Unterbruch mit einem kaum h\u00f6rbaren <strong>\u00e4<\/strong>. Andernfalls h\u00e4tten wir ein <strong>md<\/strong> wie in \u201eHemd\u201c, also Gru\u00e4md.<\/p>\n<p><span style=\"color: #339966;\"><strong><em>waar\u00e4m<\/em><\/strong><strong>&nbsp;&nbsp;&nbsp;&nbsp;&nbsp;&nbsp;&nbsp;&nbsp;&nbsp;&nbsp; <\/strong><\/span><\/p>\n<p>warm. Hier d\u00fcrfen <strong>r und m<\/strong> nicht aneinander geh\u00e4ngt werden.<\/p>\n<p><span style=\"color: #339966;\"><strong><em>\u00e4r piischt\u00e4d<\/em><\/strong><\/span><strong>&nbsp;&nbsp;&nbsp;&nbsp; <\/strong><\/p>\n<p>er st\u00f6hnt. Das <strong>\u00e4<\/strong> zwischen t und d ist kaum h\u00f6rbar, aber unerl\u00e4sslich.<\/p>\n<p><span style=\"color: #339966;\"><strong><em>schi h\u00e4ij\u00e4nd<\/em><\/strong><\/span><strong>&nbsp;&nbsp;&nbsp;&nbsp; <\/strong><\/p>\n<p>sie h\u00e4tten. (Konjunktiv), auch <em>schi h\u00e4i\u00e4nd<\/em>. <em>h\u00e4ij\u00e4nd sch Ziit? <\/em>H\u00e4tten sie Zeit? (Konjunktiv) auch<em> h\u00e4i\u00e4nd sch Ziit?<\/em><\/p>\n\n\n<p>Bei der Konjugation der Verben (<strong>Startseite: 3 Sprachregeln<\/strong>) wird ebenfalls auf diese Schreibung verwiesen.<\/p>\n\n\n\n<figure class=\"wp-block-image size-full is-resized\"><a href=\"https:\/\/walsermundart.ch\/?page_id=360\"><img loading=\"lazy\" decoding=\"async\" src=\"https:\/\/walsermundart.ch\/wp-content\/uploads\/2022\/03\/Pfeil-zurueck-mini-1.jpg\" alt=\"\" class=\"wp-image-6871\" width=\"108\" height=\"70\"\/><\/a><\/figure>\n\n\n\n<p><\/p>\n","protected":false},"excerpt":{"rendered":"<p>Verschluckte Vokale Neben der leserfreundlichen Anwendung von e und \u00e4 ist das sinnvolle Schreiben der stimmlosen Vokale die gr\u00f6sste Herausforderung beim Verfassen von Texten in&hellip;<\/p>\n","protected":false},"author":1,"featured_media":0,"parent":0,"menu_order":0,"comment_status":"closed","ping_status":"closed","template":"","meta":{"footnotes":""},"class_list":["post-1888","page","type-page","status-publish","hentry"],"_links":{"self":[{"href":"https:\/\/walsermundart.ch\/index.php?rest_route=\/wp\/v2\/pages\/1888","targetHints":{"allow":["GET"]}}],"collection":[{"href":"https:\/\/walsermundart.ch\/index.php?rest_route=\/wp\/v2\/pages"}],"about":[{"href":"https:\/\/walsermundart.ch\/index.php?rest_route=\/wp\/v2\/types\/page"}],"author":[{"embeddable":true,"href":"https:\/\/walsermundart.ch\/index.php?rest_route=\/wp\/v2\/users\/1"}],"replies":[{"embeddable":true,"href":"https:\/\/walsermundart.ch\/index.php?rest_route=%2Fwp%2Fv2%2Fcomments&post=1888"}],"version-history":[{"count":23,"href":"https:\/\/walsermundart.ch\/index.php?rest_route=\/wp\/v2\/pages\/1888\/revisions"}],"predecessor-version":[{"id":7037,"href":"https:\/\/walsermundart.ch\/index.php?rest_route=\/wp\/v2\/pages\/1888\/revisions\/7037"}],"wp:attachment":[{"href":"https:\/\/walsermundart.ch\/index.php?rest_route=%2Fwp%2Fv2%2Fmedia&parent=1888"}],"curies":[{"name":"wp","href":"https:\/\/api.w.org\/{rel}","templated":true}]}}