{"id":2226,"date":"2021-02-26T09:17:45","date_gmt":"2021-02-26T09:17:45","guid":{"rendered":"https:\/\/walsermundart.ch\/?page_id=2226"},"modified":"2022-03-18T08:49:43","modified_gmt":"2022-03-18T08:49:43","slug":"25-sprachatlas","status":"publish","type":"page","link":"https:\/\/walsermundart.ch\/?page_id=2226","title":{"rendered":"2.15 &#8211; Sprachatlas"},"content":{"rendered":"\n<figure class=\"wp-block-image size-full is-resized\"><a href=\"https:\/\/walsermundart.ch\/?page_id=360\"><img loading=\"lazy\" decoding=\"async\" src=\"https:\/\/walsermundart.ch\/wp-content\/uploads\/2022\/03\/Pfeil-zurueck-mini-1.jpg\" alt=\"\" class=\"wp-image-6871\" width=\"109\" height=\"70\"\/><\/a><\/figure>\n\n\n\n<p style=\"font-size:35px\"><a><strong>Sprachatlas der deutschen Schweiz<\/strong><\/a><\/p>\n\n\n\n<p class=\"has-vivid-cyan-blue-color has-text-color\"><a href=\"https:\/\/www.sprachatlas.ch\/\" target=\"_blank\" rel=\"noreferrer noopener\">https:\/\/www.sprachatlas.ch\/<\/a><\/p>\n\n\n\n<p>W\u00f6rtlich von der Website: Der Sprachatlas der deutschen Schweiz (SDS) dokumentiert in acht B\u00e4nden auf mehr als 1500 Sprachkarten die alemannischen Mundarten der deutschen Schweiz einschliesslich der Walserdialekte Norditaliens. Die Karten basieren auf direkten Erhebungen bei \u00e4lteren Gew\u00e4hrspersonen, die in den Jahren 1939 bis 1958 durchgef\u00fchrt worden sind. Sie bilden damit die Grundmundart aus der ersten H\u00e4lfte des 20. Jahrhunderts ab.<\/p>\n\n\n\n<p>Es lohnt sich, die Register und die Schaltfl\u00e4che \u00abZum Originalmaterial\u00bb auf der Homepage durchzusehen. Erst dann kann man ermessen, welche Arbeit hinter diesem Unterfangen steckte. Die treibende Kraft war Rudolf Hotzenk\u00f6cherle.<\/p>\n\n\n\n<figure class=\"wp-block-image size-large is-resized\"><img loading=\"lazy\" decoding=\"async\" src=\"https:\/\/walsermundart.ch\/wp-content\/uploads\/2021\/02\/Sprachatlas-Ausschnitt.png\" alt=\"\" class=\"wp-image-2300\" width=\"721\" height=\"594\" srcset=\"https:\/\/walsermundart.ch\/wp-content\/uploads\/2021\/02\/Sprachatlas-Ausschnitt.png 555w, https:\/\/walsermundart.ch\/wp-content\/uploads\/2021\/02\/Sprachatlas-Ausschnitt-300x247.png 300w\" sizes=\"auto, (max-width: 721px) 100vw, 721px\" \/><\/figure>\n\n\n\n<p>Die Landkarte im Sprachatlas l\u00e4sst sich vergr\u00f6ssern und schieben. Jeder rote Punkt bedeutet eine Ortschaft. Durch Anklicken gelangen wir zu den Aufnahmekarten, wovon der obere Teil der Karte Nummer 163 von <strong>St. Peter <\/strong>hier abgebildet ist. Gew\u00e4hrsleute auf der Karte 4. Die Aufzeichnungen sind nicht einfach zu lesen, wissenschaftliche Schreibweise und Stenografie wechseln sich ab. Vokale mit \u00dcberstrich sind gedehnt. Die W\u00f6rter in blauer Schrift sind hier eine Erg\u00e4nzung zum vorliegenden Dokument. W\u00e4hlen wir aus der Mini-Ansicht eine Karte aus, \u00f6ffnet sich rechts davon ein Fenster mit den Begriffen, nach denen in jeder besuchten Ortschaft gefragt wurde. Peist und Luzein fehlen.<\/p>\n\n\n\n<p>Leider w\u00e4re der Aufwand f\u00fcr H\u00f6rproben aus allen Ortschaften damals (im Schanfigg 1949) viel zu gross gewesen.<\/p>\n\n\n\n<figure class=\"wp-block-image size-large\"><img loading=\"lazy\" decoding=\"async\" width=\"700\" height=\"612\" src=\"https:\/\/walsermundart.ch\/wp-content\/uploads\/2021\/03\/Sprachatlas-Notizblatt-kommentiert.jpg\" alt=\"\" class=\"wp-image-4370\" srcset=\"https:\/\/walsermundart.ch\/wp-content\/uploads\/2021\/03\/Sprachatlas-Notizblatt-kommentiert.jpg 700w, https:\/\/walsermundart.ch\/wp-content\/uploads\/2021\/03\/Sprachatlas-Notizblatt-kommentiert-300x262.jpg 300w\" sizes=\"auto, (max-width: 700px) 100vw, 700px\" \/><\/figure>\n\n\n\n<div class=\"wp-block-image\"><figure class=\"alignright size-large is-resized\"><img loading=\"lazy\" decoding=\"async\" src=\"https:\/\/walsermundart.ch\/wp-content\/uploads\/2021\/04\/St-Peter-Name-1024x683.jpg\" alt=\"\" class=\"wp-image-4540\" width=\"429\" height=\"286\" srcset=\"https:\/\/walsermundart.ch\/wp-content\/uploads\/2021\/04\/St-Peter-Name-1024x683.jpg 1024w, https:\/\/walsermundart.ch\/wp-content\/uploads\/2021\/04\/St-Peter-Name-300x200.jpg 300w, https:\/\/walsermundart.ch\/wp-content\/uploads\/2021\/04\/St-Peter-Name-768x512.jpg 768w, https:\/\/walsermundart.ch\/wp-content\/uploads\/2021\/04\/St-Peter-Name.jpg 1500w\" sizes=\"auto, (max-width: 429px) 100vw, 429px\" \/><\/figure><\/div>\n\n\n\n<figure class=\"wp-block-image size-large\"><img loading=\"lazy\" decoding=\"async\" width=\"327\" height=\"401\" src=\"https:\/\/walsermundart.ch\/wp-content\/uploads\/2021\/02\/Sprachatlas-Thema-Zaun.png\" alt=\"\" class=\"wp-image-2302\" srcset=\"https:\/\/walsermundart.ch\/wp-content\/uploads\/2021\/02\/Sprachatlas-Thema-Zaun.png 327w, https:\/\/walsermundart.ch\/wp-content\/uploads\/2021\/02\/Sprachatlas-Thema-Zaun-245x300.png 245w\" sizes=\"auto, (max-width: 327px) 100vw, 327px\" \/><\/figure>\n\n\n\n<div class=\"wp-block-image\"><figure class=\"aligncenter size-large is-resized\"><img loading=\"lazy\" decoding=\"async\" src=\"https:\/\/walsermundart.ch\/wp-content\/uploads\/2021\/04\/Pagig-Name.jpg\" alt=\"\" class=\"wp-image-4543\" width=\"413\" height=\"297\" srcset=\"https:\/\/walsermundart.ch\/wp-content\/uploads\/2021\/04\/Pagig-Name.jpg 820w, https:\/\/walsermundart.ch\/wp-content\/uploads\/2021\/04\/Pagig-Name-300x215.jpg 300w, https:\/\/walsermundart.ch\/wp-content\/uploads\/2021\/04\/Pagig-Name-768x551.jpg 768w\" sizes=\"auto, (max-width: 413px) 100vw, 413px\" \/><\/figure><\/div>\n\n\n\n<figure class=\"wp-block-image size-full is-resized\"><a href=\"https:\/\/walsermundart.ch\/?page_id=360\"><img loading=\"lazy\" decoding=\"async\" src=\"https:\/\/walsermundart.ch\/wp-content\/uploads\/2022\/03\/Pfeil-zurueck-mini-1.jpg\" alt=\"\" class=\"wp-image-6871\" width=\"108\" height=\"70\"\/><\/a><\/figure>\n","protected":false},"excerpt":{"rendered":"<p>Sprachatlas der deutschen Schweiz https:\/\/www.sprachatlas.ch\/ W\u00f6rtlich von der Website: Der Sprachatlas der deutschen Schweiz (SDS) dokumentiert in acht B\u00e4nden auf mehr als 1500 Sprachkarten die&hellip;<\/p>\n","protected":false},"author":1,"featured_media":0,"parent":0,"menu_order":0,"comment_status":"closed","ping_status":"closed","template":"","meta":{"footnotes":""},"class_list":["post-2226","page","type-page","status-publish","hentry"],"_links":{"self":[{"href":"https:\/\/walsermundart.ch\/index.php?rest_route=\/wp\/v2\/pages\/2226","targetHints":{"allow":["GET"]}}],"collection":[{"href":"https:\/\/walsermundart.ch\/index.php?rest_route=\/wp\/v2\/pages"}],"about":[{"href":"https:\/\/walsermundart.ch\/index.php?rest_route=\/wp\/v2\/types\/page"}],"author":[{"embeddable":true,"href":"https:\/\/walsermundart.ch\/index.php?rest_route=\/wp\/v2\/users\/1"}],"replies":[{"embeddable":true,"href":"https:\/\/walsermundart.ch\/index.php?rest_route=%2Fwp%2Fv2%2Fcomments&post=2226"}],"version-history":[{"count":22,"href":"https:\/\/walsermundart.ch\/index.php?rest_route=\/wp\/v2\/pages\/2226\/revisions"}],"predecessor-version":[{"id":7051,"href":"https:\/\/walsermundart.ch\/index.php?rest_route=\/wp\/v2\/pages\/2226\/revisions\/7051"}],"wp:attachment":[{"href":"https:\/\/walsermundart.ch\/index.php?rest_route=%2Fwp%2Fv2%2Fmedia&parent=2226"}],"curies":[{"name":"wp","href":"https:\/\/api.w.org\/{rel}","templated":true}]}}