{"id":2729,"date":"2021-03-05T06:40:44","date_gmt":"2021-03-05T06:40:44","guid":{"rendered":"https:\/\/walsermundart.ch\/?page_id=2729"},"modified":"2024-02-18T10:24:43","modified_gmt":"2024-02-18T10:24:43","slug":"4-a","status":"publish","type":"page","link":"https:\/\/walsermundart.ch\/?page_id=2729","title":{"rendered":"5.01 &#8211; A"},"content":{"rendered":"\n<figure class=\"wp-block-image size-full is-resized\"><a href=\"https:\/\/walsermundart.ch\/?page_id=414\"><img loading=\"lazy\" decoding=\"async\" width=\"268\" height=\"173\" src=\"https:\/\/walsermundart.ch\/wp-content\/uploads\/2022\/03\/Pfeil-zurueck-mini-1.jpg\" alt=\"\" class=\"wp-image-6871\" style=\"width:109px;height:70px\"\/><\/a><\/figure>\n\n\n\n<p><strong>\u00e4<\/strong><\/p>\n\n\n\n<figure class=\"wp-block-audio\"><audio controls src=\"https:\/\/walsermundart.ch\/wp-content\/uploads\/2022\/04\/0001-ae.mp3\"><\/audio><\/figure>\n\n\n\n<figure class=\"wp-block-image size-large\"><a href=\"https:\/\/Walsermundart.ch\/wp-content\/uploads\/2021\/02\/0001-ae.mp3\"><img loading=\"lazy\" decoding=\"async\" width=\"949\" height=\"148\" src=\"https:\/\/walsermundart.ch\/wp-content\/uploads\/2021\/03\/Wort-ae.jpg\" alt=\"\" class=\"wp-image-2650\" srcset=\"https:\/\/walsermundart.ch\/wp-content\/uploads\/2021\/03\/Wort-ae.jpg 949w, https:\/\/walsermundart.ch\/wp-content\/uploads\/2021\/03\/Wort-ae-300x47.jpg 300w, https:\/\/walsermundart.ch\/wp-content\/uploads\/2021\/03\/Wort-ae-768x120.jpg 768w\" sizes=\"auto, (max-width: 949px) 100vw, 949px\" \/><\/a><\/figure>\n\n\n\n<p><strong>aab<\/strong><\/p>\n\n\n\n<figure class=\"wp-block-audio\"><audio controls src=\"https:\/\/walsermundart.ch\/wp-content\/uploads\/2022\/04\/0002-aab.mp3\"><\/audio><\/figure>\n\n\n\n<figure class=\"wp-block-image size-large\"><img loading=\"lazy\" decoding=\"async\" width=\"947\" height=\"153\" src=\"https:\/\/walsermundart.ch\/wp-content\/uploads\/2021\/03\/Wort-aab.jpg\" alt=\"\" class=\"wp-image-2652\" srcset=\"https:\/\/walsermundart.ch\/wp-content\/uploads\/2021\/03\/Wort-aab.jpg 947w, https:\/\/walsermundart.ch\/wp-content\/uploads\/2021\/03\/Wort-aab-300x48.jpg 300w, https:\/\/walsermundart.ch\/wp-content\/uploads\/2021\/03\/Wort-aab-768x124.jpg 768w\" sizes=\"auto, (max-width: 947px) 100vw, 947px\" \/><\/figure>\n\n\n\n<p><strong>Aab\u00e4d<\/strong><\/p>\n\n\n\n<figure class=\"wp-block-audio\"><audio controls src=\"https:\/\/walsermundart.ch\/wp-content\/uploads\/2022\/04\/0003-aabaed.mp3\"><\/audio><\/figure>\n\n\n\n<figure class=\"wp-block-image size-large\"><img loading=\"lazy\" decoding=\"async\" width=\"969\" height=\"151\" src=\"https:\/\/walsermundart.ch\/wp-content\/uploads\/2021\/03\/Wort-abend.jpg\" alt=\"\" class=\"wp-image-2656\" srcset=\"https:\/\/walsermundart.ch\/wp-content\/uploads\/2021\/03\/Wort-abend.jpg 969w, https:\/\/walsermundart.ch\/wp-content\/uploads\/2021\/03\/Wort-abend-300x47.jpg 300w, https:\/\/walsermundart.ch\/wp-content\/uploads\/2021\/03\/Wort-abend-768x120.jpg 768w\" sizes=\"auto, (max-width: 969px) 100vw, 969px\" \/><\/figure>\n\n\n\n<p><strong>aab\u00e4r\u00e4<\/strong><\/p>\n\n\n\n<figure class=\"wp-block-audio\"><audio controls src=\"https:\/\/walsermundart.ch\/wp-content\/uploads\/2022\/04\/0004-aabaerae.mp3\"><\/audio><\/figure>\n\n\n\n<figure class=\"wp-block-image size-large\"><img loading=\"lazy\" decoding=\"async\" width=\"961\" height=\"149\" src=\"https:\/\/walsermundart.ch\/wp-content\/uploads\/2021\/03\/a000-aabaerae.jpg\" alt=\"\" class=\"wp-image-2804\" srcset=\"https:\/\/walsermundart.ch\/wp-content\/uploads\/2021\/03\/a000-aabaerae.jpg 961w, https:\/\/walsermundart.ch\/wp-content\/uploads\/2021\/03\/a000-aabaerae-300x47.jpg 300w, https:\/\/walsermundart.ch\/wp-content\/uploads\/2021\/03\/a000-aabaerae-768x119.jpg 768w\" sizes=\"auto, (max-width: 961px) 100vw, 961px\" \/><\/figure>\n\n\n\n<p><strong>aabfaar\u00e4<\/strong><\/p>\n\n\n\n<figure class=\"wp-block-audio\"><audio controls src=\"https:\/\/walsermundart.ch\/wp-content\/uploads\/2022\/04\/0005-aabfaarae.mp3\"><\/audio><\/figure>\n\n\n\n<figure class=\"wp-block-image size-large\"><img loading=\"lazy\" decoding=\"async\" width=\"961\" height=\"190\" src=\"https:\/\/walsermundart.ch\/wp-content\/uploads\/2021\/03\/a000-aabfaarae.jpg\" alt=\"\" class=\"wp-image-2805\" srcset=\"https:\/\/walsermundart.ch\/wp-content\/uploads\/2021\/03\/a000-aabfaarae.jpg 961w, https:\/\/walsermundart.ch\/wp-content\/uploads\/2021\/03\/a000-aabfaarae-300x59.jpg 300w, https:\/\/walsermundart.ch\/wp-content\/uploads\/2021\/03\/a000-aabfaarae-768x152.jpg 768w\" sizes=\"auto, (max-width: 961px) 100vw, 961px\" \/><\/figure>\n\n\n\n<p><strong>aabgchiij\u00e4<\/strong><\/p>\n\n\n\n<figure class=\"wp-block-audio\"><audio controls src=\"https:\/\/walsermundart.ch\/wp-content\/uploads\/2022\/04\/0006-aabgchiijae.mp3\"><\/audio><\/figure>\n\n\n\n<figure class=\"wp-block-image size-large\"><img loading=\"lazy\" decoding=\"async\" width=\"962\" height=\"153\" src=\"https:\/\/walsermundart.ch\/wp-content\/uploads\/2021\/03\/a000-aabgchiiae.jpg\" alt=\"\" class=\"wp-image-2802\" srcset=\"https:\/\/walsermundart.ch\/wp-content\/uploads\/2021\/03\/a000-aabgchiiae.jpg 962w, https:\/\/walsermundart.ch\/wp-content\/uploads\/2021\/03\/a000-aabgchiiae-300x48.jpg 300w, https:\/\/walsermundart.ch\/wp-content\/uploads\/2021\/03\/a000-aabgchiiae-768x122.jpg 768w\" sizes=\"auto, (max-width: 962px) 100vw, 962px\" \/><\/figure>\n\n\n\n<p><strong>aabgchiij\u00e4<\/strong><\/p>\n\n\n\n<figure class=\"wp-block-audio\"><audio controls src=\"https:\/\/walsermundart.ch\/wp-content\/uploads\/2022\/04\/0007-aabgchiijae.mp3\"><\/audio><\/figure>\n\n\n\n<figure class=\"wp-block-image size-large\"><img loading=\"lazy\" decoding=\"async\" width=\"961\" height=\"152\" src=\"https:\/\/walsermundart.ch\/wp-content\/uploads\/2021\/03\/a000-aabgchiiae2.jpg\" alt=\"\" class=\"wp-image-2803\" srcset=\"https:\/\/walsermundart.ch\/wp-content\/uploads\/2021\/03\/a000-aabgchiiae2.jpg 961w, https:\/\/walsermundart.ch\/wp-content\/uploads\/2021\/03\/a000-aabgchiiae2-300x47.jpg 300w, https:\/\/walsermundart.ch\/wp-content\/uploads\/2021\/03\/a000-aabgchiiae2-768x121.jpg 768w\" sizes=\"auto, (max-width: 961px) 100vw, 961px\" \/><\/figure>\n\n\n\n<p><strong>aanh\u00fcd\u00e4r\u00e4<\/strong><\/p>\n\n\n\n<figure class=\"wp-block-audio\"><audio controls src=\"https:\/\/walsermundart.ch\/wp-content\/uploads\/2022\/04\/a001-aanhuedaerae.mp3\"><\/audio><\/figure>\n\n\n\n<figure class=\"wp-block-image size-large\"><img loading=\"lazy\" decoding=\"async\" width=\"963\" height=\"190\" src=\"https:\/\/walsermundart.ch\/wp-content\/uploads\/2021\/03\/a001-aanhuedaerae.jpg\" alt=\"\" class=\"wp-image-2797\" srcset=\"https:\/\/walsermundart.ch\/wp-content\/uploads\/2021\/03\/a001-aanhuedaerae.jpg 963w, https:\/\/walsermundart.ch\/wp-content\/uploads\/2021\/03\/a001-aanhuedaerae-300x59.jpg 300w, https:\/\/walsermundart.ch\/wp-content\/uploads\/2021\/03\/a001-aanhuedaerae-768x152.jpg 768w\" sizes=\"auto, (max-width: 963px) 100vw, 963px\" \/><\/figure>\n\n\n\n<p><strong>\u00e4\u00e4rb\u00e4t\u00e4<\/strong><\/p>\n\n\n\n<figure class=\"wp-block-audio\"><audio controls src=\"https:\/\/walsermundart.ch\/wp-content\/uploads\/2022\/04\/a002-aeaerbaetae.mp3\"><\/audio><\/figure>\n\n\n\n<figure class=\"wp-block-image size-large\"><img loading=\"lazy\" decoding=\"async\" width=\"963\" height=\"228\" src=\"https:\/\/walsermundart.ch\/wp-content\/uploads\/2021\/03\/a002-aeaerbaetae.jpg\" alt=\"\" class=\"wp-image-2799\" srcset=\"https:\/\/walsermundart.ch\/wp-content\/uploads\/2021\/03\/a002-aeaerbaetae.jpg 963w, https:\/\/walsermundart.ch\/wp-content\/uploads\/2021\/03\/a002-aeaerbaetae-300x71.jpg 300w, https:\/\/walsermundart.ch\/wp-content\/uploads\/2021\/03\/a002-aeaerbaetae-768x182.jpg 768w\" sizes=\"auto, (max-width: 963px) 100vw, 963px\" \/><\/figure>\n\n\n\n<p><strong>\u00c4\u00e4rperi<\/strong><\/p>\n\n\n\n<figure class=\"wp-block-audio\"><audio controls src=\"https:\/\/walsermundart.ch\/wp-content\/uploads\/2022\/04\/a003-Aeaerperi.mp3\"><\/audio><\/figure>\n\n\n\n<figure class=\"wp-block-image size-large\"><img loading=\"lazy\" decoding=\"async\" width=\"954\" height=\"155\" src=\"https:\/\/walsermundart.ch\/wp-content\/uploads\/2021\/03\/a003-Aeaerperi.jpg\" alt=\"\" class=\"wp-image-2812\" srcset=\"https:\/\/walsermundart.ch\/wp-content\/uploads\/2021\/03\/a003-Aeaerperi.jpg 954w, https:\/\/walsermundart.ch\/wp-content\/uploads\/2021\/03\/a003-Aeaerperi-300x49.jpg 300w, https:\/\/walsermundart.ch\/wp-content\/uploads\/2021\/03\/a003-Aeaerperi-768x125.jpg 768w\" sizes=\"auto, (max-width: 954px) 100vw, 954px\" \/><\/figure>\n\n\n\n<p><strong>Aaschtr\u00e4nz\u00e4<\/strong><\/p>\n\n\n\n<figure class=\"wp-block-audio\"><audio controls src=\"https:\/\/walsermundart.ch\/wp-content\/uploads\/2022\/04\/a004-Aaschtraenzae.mp3\"><\/audio><\/figure>\n\n\n\n<figure class=\"wp-block-image size-large\"><img loading=\"lazy\" decoding=\"async\" width=\"951\" height=\"156\" src=\"https:\/\/walsermundart.ch\/wp-content\/uploads\/2021\/03\/a004-Aaschtraenzae.jpg\" alt=\"\" class=\"wp-image-2814\" srcset=\"https:\/\/walsermundart.ch\/wp-content\/uploads\/2021\/03\/a004-Aaschtraenzae.jpg 951w, https:\/\/walsermundart.ch\/wp-content\/uploads\/2021\/03\/a004-Aaschtraenzae-300x49.jpg 300w, https:\/\/walsermundart.ch\/wp-content\/uploads\/2021\/03\/a004-Aaschtraenzae-768x126.jpg 768w\" sizes=\"auto, (max-width: 951px) 100vw, 951px\" \/><\/figure>\n\n\n\n<p><strong>aavrtruu\u00e4<\/strong><\/p>\n\n\n\n<figure class=\"wp-block-audio\"><audio controls src=\"https:\/\/walsermundart.ch\/wp-content\/uploads\/2022\/04\/a005-aavrtruuae.mp3\"><\/audio><\/figure>\n\n\n\n<figure class=\"wp-block-image size-large\"><img loading=\"lazy\" decoding=\"async\" width=\"952\" height=\"184\" src=\"https:\/\/walsermundart.ch\/wp-content\/uploads\/2021\/03\/a005-aavrtruuae.jpg\" alt=\"\" class=\"wp-image-2816\" srcset=\"https:\/\/walsermundart.ch\/wp-content\/uploads\/2021\/03\/a005-aavrtruuae.jpg 952w, https:\/\/walsermundart.ch\/wp-content\/uploads\/2021\/03\/a005-aavrtruuae-300x58.jpg 300w, https:\/\/walsermundart.ch\/wp-content\/uploads\/2021\/03\/a005-aavrtruuae-768x148.jpg 768w\" sizes=\"auto, (max-width: 952px) 100vw, 952px\" \/><\/figure>\n\n\n\n<p><strong>ab\u00e4nand\u00e4r\u00e4 chon<\/strong><\/p>\n\n\n\n<figure class=\"wp-block-audio\"><audio controls src=\"https:\/\/walsermundart.ch\/wp-content\/uploads\/2022\/04\/a006-abaenandaerae-choon.mp3\"><\/audio><\/figure>\n\n\n\n<figure class=\"wp-block-image size-large\"><img loading=\"lazy\" decoding=\"async\" width=\"954\" height=\"191\" src=\"https:\/\/walsermundart.ch\/wp-content\/uploads\/2021\/03\/a006-abaenandaerae-choon.jpg\" alt=\"\" class=\"wp-image-2818\" srcset=\"https:\/\/walsermundart.ch\/wp-content\/uploads\/2021\/03\/a006-abaenandaerae-choon.jpg 954w, https:\/\/walsermundart.ch\/wp-content\/uploads\/2021\/03\/a006-abaenandaerae-choon-300x60.jpg 300w, https:\/\/walsermundart.ch\/wp-content\/uploads\/2021\/03\/a006-abaenandaerae-choon-768x154.jpg 768w\" sizes=\"auto, (max-width: 954px) 100vw, 954px\" \/><\/figure>\n\n\n\n<p><strong>abragg\u00e4r\u00e4<\/strong><\/p>\n\n\n\n<figure class=\"wp-block-audio\"><audio controls src=\"https:\/\/walsermundart.ch\/wp-content\/uploads\/2022\/04\/a007-abraggaerae.mp3\"><\/audio><\/figure>\n\n\n\n<figure class=\"wp-block-image size-large\"><img loading=\"lazy\" decoding=\"async\" width=\"956\" height=\"153\" src=\"https:\/\/walsermundart.ch\/wp-content\/uploads\/2021\/03\/a007-abraggaerae.jpg\" alt=\"\" class=\"wp-image-2820\" srcset=\"https:\/\/walsermundart.ch\/wp-content\/uploads\/2021\/03\/a007-abraggaerae.jpg 956w, https:\/\/walsermundart.ch\/wp-content\/uploads\/2021\/03\/a007-abraggaerae-300x48.jpg 300w, https:\/\/walsermundart.ch\/wp-content\/uploads\/2021\/03\/a007-abraggaerae-768x123.jpg 768w\" sizes=\"auto, (max-width: 956px) 100vw, 956px\" \/><\/figure>\n\n\n\n<p><strong>ds \u00e4intw\u00e4d\u00e4r\u00e4<\/strong><\/p>\n\n\n\n<figure class=\"wp-block-audio\"><audio controls src=\"https:\/\/walsermundart.ch\/wp-content\/uploads\/2022\/04\/a008-ds-aeintwaedaerae.mp3\"><\/audio><\/figure>\n\n\n\n<figure class=\"wp-block-image size-large\"><img loading=\"lazy\" decoding=\"async\" width=\"964\" height=\"150\" src=\"https:\/\/walsermundart.ch\/wp-content\/uploads\/2021\/03\/a008-ds-aeintwaedaerae.jpg\" alt=\"\" class=\"wp-image-2828\" srcset=\"https:\/\/walsermundart.ch\/wp-content\/uploads\/2021\/03\/a008-ds-aeintwaedaerae.jpg 964w, https:\/\/walsermundart.ch\/wp-content\/uploads\/2021\/03\/a008-ds-aeintwaedaerae-300x47.jpg 300w, https:\/\/walsermundart.ch\/wp-content\/uploads\/2021\/03\/a008-ds-aeintwaedaerae-768x120.jpg 768w\" sizes=\"auto, (max-width: 964px) 100vw, 964px\" \/><\/figure>\n\n\n\n<p><strong>albig<\/strong><\/p>\n\n\n\n<figure class=\"wp-block-audio\"><audio controls src=\"https:\/\/walsermundart.ch\/wp-content\/uploads\/2022\/04\/a009-albig.mp3\"><\/audio><\/figure>\n\n\n\n<figure class=\"wp-block-image size-large\"><img loading=\"lazy\" decoding=\"async\" width=\"960\" height=\"151\" src=\"https:\/\/walsermundart.ch\/wp-content\/uploads\/2021\/03\/a009-albig.jpg\" alt=\"\" class=\"wp-image-2830\" srcset=\"https:\/\/walsermundart.ch\/wp-content\/uploads\/2021\/03\/a009-albig.jpg 960w, https:\/\/walsermundart.ch\/wp-content\/uploads\/2021\/03\/a009-albig-300x47.jpg 300w, https:\/\/walsermundart.ch\/wp-content\/uploads\/2021\/03\/a009-albig-768x121.jpg 768w\" sizes=\"auto, (max-width: 960px) 100vw, 960px\" \/><\/figure>\n\n\n\n<p> <strong>\u00e4nand\u00e4r\u00e4naa<\/strong><\/p>\n\n\n\n<figure class=\"wp-block-audio\"><audio controls src=\"https:\/\/walsermundart.ch\/wp-content\/uploads\/2022\/04\/a010-aenandaerae-naa.mp3\"><\/audio><\/figure>\n\n\n\n<figure class=\"wp-block-image size-large\"><img decoding=\"async\" src=\"https:\/\/walsermundart.ch\/wp-content\/uploads\/2021\/03\/a010-aenandaerae-naa.jpg\" alt=\"\" class=\"wp-image-2832\"\/><\/figure>\n\n\n\n<p><strong>\u00e4ng\u00e4g\u00e4d<\/strong><\/p>\n\n\n\n<figure class=\"wp-block-audio\"><audio controls src=\"https:\/\/walsermundart.ch\/wp-content\/uploads\/2022\/04\/a011-aengaegaed.mp3\"><\/audio><\/figure>\n\n\n\n<figure class=\"wp-block-image size-large\"><img loading=\"lazy\" decoding=\"async\" width=\"958\" height=\"149\" src=\"https:\/\/walsermundart.ch\/wp-content\/uploads\/2021\/03\/a011-aengaegaed.jpg\" alt=\"\" class=\"wp-image-2834\" srcset=\"https:\/\/walsermundart.ch\/wp-content\/uploads\/2021\/03\/a011-aengaegaed.jpg 958w, https:\/\/walsermundart.ch\/wp-content\/uploads\/2021\/03\/a011-aengaegaed-300x47.jpg 300w, https:\/\/walsermundart.ch\/wp-content\/uploads\/2021\/03\/a011-aengaegaed-768x119.jpg 768w\" sizes=\"auto, (max-width: 958px) 100vw, 958px\" \/><\/figure>\n\n\n\n<p><strong>apprfergg\u00e4<\/strong><\/p>\n\n\n\n<figure class=\"wp-block-audio\"><audio controls src=\"https:\/\/walsermundart.ch\/wp-content\/uploads\/2022\/04\/a012-apprferggae.mp3\"><\/audio><\/figure>\n\n\n\n<figure class=\"wp-block-image size-large\"><img loading=\"lazy\" decoding=\"async\" width=\"960\" height=\"152\" src=\"https:\/\/walsermundart.ch\/wp-content\/uploads\/2021\/03\/a012-apprferggae.jpg\" alt=\"\" class=\"wp-image-2836\" srcset=\"https:\/\/walsermundart.ch\/wp-content\/uploads\/2021\/03\/a012-apprferggae.jpg 960w, https:\/\/walsermundart.ch\/wp-content\/uploads\/2021\/03\/a012-apprferggae-300x48.jpg 300w, https:\/\/walsermundart.ch\/wp-content\/uploads\/2021\/03\/a012-apprferggae-768x122.jpg 768w\" sizes=\"auto, (max-width: 960px) 100vw, 960px\" \/><\/figure>\n\n\n\n<p><strong>\u00e4rgr\u00e4tsch\u00e4<\/strong><\/p>\n\n\n\n<figure class=\"wp-block-audio\"><audio controls src=\"https:\/\/walsermundart.ch\/wp-content\/uploads\/2022\/04\/a013-aergraetschae.mp3\"><\/audio><\/figure>\n\n\n\n<figure class=\"wp-block-image size-large\"><img loading=\"lazy\" decoding=\"async\" width=\"955\" height=\"153\" src=\"https:\/\/walsermundart.ch\/wp-content\/uploads\/2021\/03\/a013-aergraetschae.jpg\" alt=\"\" class=\"wp-image-2847\" srcset=\"https:\/\/walsermundart.ch\/wp-content\/uploads\/2021\/03\/a013-aergraetschae.jpg 955w, https:\/\/walsermundart.ch\/wp-content\/uploads\/2021\/03\/a013-aergraetschae-300x48.jpg 300w, https:\/\/walsermundart.ch\/wp-content\/uploads\/2021\/03\/a013-aergraetschae-768x123.jpg 768w\" sizes=\"auto, (max-width: 955px) 100vw, 955px\" \/><\/figure>\n\n\n\n<p><strong>\u00e4rl\u00e4id\u00e4<\/strong><\/p>\n\n\n\n<figure class=\"wp-block-audio\"><audio controls src=\"https:\/\/walsermundart.ch\/wp-content\/uploads\/2022\/04\/a014-aerlaeidae.mp3\"><\/audio><\/figure>\n\n\n\n<figure class=\"wp-block-image size-large\"><img loading=\"lazy\" decoding=\"async\" width=\"960\" height=\"228\" src=\"https:\/\/walsermundart.ch\/wp-content\/uploads\/2021\/03\/a014-aerlaeidae.jpg\" alt=\"\" class=\"wp-image-2849\" srcset=\"https:\/\/walsermundart.ch\/wp-content\/uploads\/2021\/03\/a014-aerlaeidae.jpg 960w, https:\/\/walsermundart.ch\/wp-content\/uploads\/2021\/03\/a014-aerlaeidae-300x71.jpg 300w, https:\/\/walsermundart.ch\/wp-content\/uploads\/2021\/03\/a014-aerlaeidae-768x182.jpg 768w\" sizes=\"auto, (max-width: 960px) 100vw, 960px\" \/><\/figure>\n\n\n\n<p><strong>\u00e4rli\u00e4d\u00e4rlich\u00e4<\/strong><\/p>\n\n\n\n<figure class=\"wp-block-audio\"><audio controls src=\"https:\/\/walsermundart.ch\/wp-content\/uploads\/2022\/04\/a015-aerliaedaerlichae.mp3\"><\/audio><\/figure>\n\n\n\n<figure class=\"wp-block-image size-large\"><img loading=\"lazy\" decoding=\"async\" width=\"964\" height=\"154\" src=\"https:\/\/walsermundart.ch\/wp-content\/uploads\/2021\/03\/a015-aerliaedaerlichae.jpg\" alt=\"\" class=\"wp-image-2851\" srcset=\"https:\/\/walsermundart.ch\/wp-content\/uploads\/2021\/03\/a015-aerliaedaerlichae.jpg 964w, https:\/\/walsermundart.ch\/wp-content\/uploads\/2021\/03\/a015-aerliaedaerlichae-300x48.jpg 300w, https:\/\/walsermundart.ch\/wp-content\/uploads\/2021\/03\/a015-aerliaedaerlichae-768x123.jpg 768w\" sizes=\"auto, (max-width: 964px) 100vw, 964px\" \/><\/figure>\n\n\n\n<p><strong>\u00e4rm\u00fc\u00e4t\u00e4<\/strong><\/p>\n\n\n\n<figure class=\"wp-block-audio\"><audio controls src=\"https:\/\/walsermundart.ch\/wp-content\/uploads\/2022\/04\/a016-aermueaetae.mp3\"><\/audio><\/figure>\n\n\n\n<figure class=\"wp-block-image size-large\"><img loading=\"lazy\" decoding=\"async\" width=\"966\" height=\"150\" src=\"https:\/\/walsermundart.ch\/wp-content\/uploads\/2021\/03\/a016-aermueaetae.jpg\" alt=\"\" class=\"wp-image-2853\" srcset=\"https:\/\/walsermundart.ch\/wp-content\/uploads\/2021\/03\/a016-aermueaetae.jpg 966w, https:\/\/walsermundart.ch\/wp-content\/uploads\/2021\/03\/a016-aermueaetae-300x47.jpg 300w, https:\/\/walsermundart.ch\/wp-content\/uploads\/2021\/03\/a016-aermueaetae-768x119.jpg 768w\" sizes=\"auto, (max-width: 966px) 100vw, 966px\" \/><\/figure>\n\n\n\n<p><strong>\u00e4rni\u00e4ss\u00e4<\/strong><\/p>\n\n\n\n<figure class=\"wp-block-audio\"><audio controls src=\"https:\/\/walsermundart.ch\/wp-content\/uploads\/2022\/04\/a017-aerniaessae.mp3\"><\/audio><\/figure>\n\n\n\n<figure class=\"wp-block-image size-large\"><img loading=\"lazy\" decoding=\"async\" width=\"960\" height=\"146\" src=\"https:\/\/walsermundart.ch\/wp-content\/uploads\/2021\/03\/a017-aerniaessae.jpg\" alt=\"\" class=\"wp-image-2855\" srcset=\"https:\/\/walsermundart.ch\/wp-content\/uploads\/2021\/03\/a017-aerniaessae.jpg 960w, https:\/\/walsermundart.ch\/wp-content\/uploads\/2021\/03\/a017-aerniaessae-300x46.jpg 300w, https:\/\/walsermundart.ch\/wp-content\/uploads\/2021\/03\/a017-aerniaessae-768x117.jpg 768w\" sizes=\"auto, (max-width: 960px) 100vw, 960px\" \/><\/figure>\n\n\n\n<p><strong>\u00e4rw\u00fcschsch\u00e4<\/strong><\/p>\n\n\n\n<figure class=\"wp-block-audio\"><audio controls src=\"https:\/\/walsermundart.ch\/wp-content\/uploads\/2022\/04\/a017b-aerwueschschae.mp3\"><\/audio><\/figure>\n\n\n\n<figure class=\"wp-block-image size-large\"><img loading=\"lazy\" decoding=\"async\" width=\"953\" height=\"146\" src=\"https:\/\/walsermundart.ch\/wp-content\/uploads\/2021\/03\/a017b-aerwueschschae.jpg\" alt=\"\" class=\"wp-image-2875\" srcset=\"https:\/\/walsermundart.ch\/wp-content\/uploads\/2021\/03\/a017b-aerwueschschae.jpg 953w, https:\/\/walsermundart.ch\/wp-content\/uploads\/2021\/03\/a017b-aerwueschschae-300x46.jpg 300w, https:\/\/walsermundart.ch\/wp-content\/uploads\/2021\/03\/a017b-aerwueschschae-768x118.jpg 768w\" sizes=\"auto, (max-width: 953px) 100vw, 953px\" \/><\/figure>\n\n\n\n<p><strong>\u00e4sw\u00e0s<\/strong><\/p>\n\n\n\n<figure class=\"wp-block-audio\"><audio controls src=\"https:\/\/walsermundart.ch\/wp-content\/uploads\/2022\/04\/a018-aeswas.mp3\"><\/audio><\/figure>\n\n\n\n<figure class=\"wp-block-image size-large\"><img loading=\"lazy\" decoding=\"async\" width=\"963\" height=\"153\" src=\"https:\/\/walsermundart.ch\/wp-content\/uploads\/2021\/03\/a018-aeswas.jpg\" alt=\"\" class=\"wp-image-2861\" srcset=\"https:\/\/walsermundart.ch\/wp-content\/uploads\/2021\/03\/a018-aeswas.jpg 963w, https:\/\/walsermundart.ch\/wp-content\/uploads\/2021\/03\/a018-aeswas-300x48.jpg 300w, https:\/\/walsermundart.ch\/wp-content\/uploads\/2021\/03\/a018-aeswas-768x122.jpg 768w\" sizes=\"auto, (max-width: 963px) 100vw, 963px\" \/><\/figure>\n\n\n\n<p><strong>\u00e4sweltrgattig<\/strong><\/p>\n\n\n\n<figure class=\"wp-block-audio\"><audio controls src=\"https:\/\/walsermundart.ch\/wp-content\/uploads\/2022\/04\/a019-aesweltrgattig.mp3\"><\/audio><\/figure>\n\n\n\n<figure class=\"wp-block-image size-large\"><img loading=\"lazy\" decoding=\"async\" width=\"963\" height=\"145\" src=\"https:\/\/walsermundart.ch\/wp-content\/uploads\/2021\/03\/a019-aesweltrgattig.jpg\" alt=\"\" class=\"wp-image-2863\" srcset=\"https:\/\/walsermundart.ch\/wp-content\/uploads\/2021\/03\/a019-aesweltrgattig.jpg 963w, https:\/\/walsermundart.ch\/wp-content\/uploads\/2021\/03\/a019-aesweltrgattig-300x45.jpg 300w, https:\/\/walsermundart.ch\/wp-content\/uploads\/2021\/03\/a019-aesweltrgattig-768x116.jpg 768w\" sizes=\"auto, (max-width: 963px) 100vw, 963px\" \/><\/figure>\n\n\n\n<p><strong>\u00e4swi\u00e4lang<\/strong><\/p>\n\n\n\n<figure class=\"wp-block-audio\"><audio controls src=\"https:\/\/walsermundart.ch\/wp-content\/uploads\/2022\/04\/a020-aeswiaelang.mp3\"><\/audio><\/figure>\n\n\n\n<figure class=\"wp-block-image size-large\"><img loading=\"lazy\" decoding=\"async\" width=\"963\" height=\"188\" src=\"https:\/\/walsermundart.ch\/wp-content\/uploads\/2021\/03\/a020-aeswiaelang.jpg\" alt=\"\" class=\"wp-image-2865\" srcset=\"https:\/\/walsermundart.ch\/wp-content\/uploads\/2021\/03\/a020-aeswiaelang.jpg 963w, https:\/\/walsermundart.ch\/wp-content\/uploads\/2021\/03\/a020-aeswiaelang-300x59.jpg 300w, https:\/\/walsermundart.ch\/wp-content\/uploads\/2021\/03\/a020-aeswiaelang-768x150.jpg 768w\" sizes=\"auto, (max-width: 963px) 100vw, 963px\" \/><\/figure>\n\n\n\n<p><strong>\u00e4us\u00e4lb<\/strong><\/p>\n\n\n\n<figure class=\"wp-block-audio\"><audio controls src=\"https:\/\/walsermundart.ch\/wp-content\/uploads\/2022\/04\/a021-aeusaelb.mp3\"><\/audio><\/figure>\n\n\n\n<figure class=\"wp-block-image size-large\"><img loading=\"lazy\" decoding=\"async\" width=\"955\" height=\"148\" src=\"https:\/\/walsermundart.ch\/wp-content\/uploads\/2021\/03\/a021-aeusaelb.jpg\" alt=\"\" class=\"wp-image-2867\" srcset=\"https:\/\/walsermundart.ch\/wp-content\/uploads\/2021\/03\/a021-aeusaelb.jpg 955w, https:\/\/walsermundart.ch\/wp-content\/uploads\/2021\/03\/a021-aeusaelb-300x46.jpg 300w, https:\/\/walsermundart.ch\/wp-content\/uploads\/2021\/03\/a021-aeusaelb-768x119.jpg 768w\" sizes=\"auto, (max-width: 955px) 100vw, 955px\" \/><\/figure>\n\n\n\n<figure class=\"wp-block-image size-full is-resized\"><a href=\"https:\/\/walsermundart.ch\/?page_id=414\"><img loading=\"lazy\" decoding=\"async\" width=\"268\" height=\"173\" src=\"https:\/\/walsermundart.ch\/wp-content\/uploads\/2022\/03\/Pfeil-zurueck-mini-1.jpg\" alt=\"\" class=\"wp-image-6871\" style=\"width:110px;height:71px\"\/><\/a><\/figure>\n\n\n\n<p><\/p>\n","protected":false},"excerpt":{"rendered":"<p>\u00e4 aab Aab\u00e4d aab\u00e4r\u00e4 aabfaar\u00e4 aabgchiij\u00e4 aabgchiij\u00e4 aanh\u00fcd\u00e4r\u00e4 \u00e4\u00e4rb\u00e4t\u00e4 \u00c4\u00e4rperi Aaschtr\u00e4nz\u00e4 aavrtruu\u00e4 ab\u00e4nand\u00e4r\u00e4 chon abragg\u00e4r\u00e4 ds \u00e4intw\u00e4d\u00e4r\u00e4 albig \u00e4nand\u00e4r\u00e4naa \u00e4ng\u00e4g\u00e4d apprfergg\u00e4 \u00e4rgr\u00e4tsch\u00e4 \u00e4rl\u00e4id\u00e4 \u00e4rli\u00e4d\u00e4rlich\u00e4 \u00e4rm\u00fc\u00e4t\u00e4&hellip;<\/p>\n","protected":false},"author":1,"featured_media":0,"parent":0,"menu_order":0,"comment_status":"closed","ping_status":"closed","template":"","meta":{"footnotes":""},"class_list":["post-2729","page","type-page","status-publish","hentry"],"_links":{"self":[{"href":"https:\/\/walsermundart.ch\/index.php?rest_route=\/wp\/v2\/pages\/2729","targetHints":{"allow":["GET"]}}],"collection":[{"href":"https:\/\/walsermundart.ch\/index.php?rest_route=\/wp\/v2\/pages"}],"about":[{"href":"https:\/\/walsermundart.ch\/index.php?rest_route=\/wp\/v2\/types\/page"}],"author":[{"embeddable":true,"href":"https:\/\/walsermundart.ch\/index.php?rest_route=\/wp\/v2\/users\/1"}],"replies":[{"embeddable":true,"href":"https:\/\/walsermundart.ch\/index.php?rest_route=%2Fwp%2Fv2%2Fcomments&post=2729"}],"version-history":[{"count":32,"href":"https:\/\/walsermundart.ch\/index.php?rest_route=\/wp\/v2\/pages\/2729\/revisions"}],"predecessor-version":[{"id":8685,"href":"https:\/\/walsermundart.ch\/index.php?rest_route=\/wp\/v2\/pages\/2729\/revisions\/8685"}],"wp:attachment":[{"href":"https:\/\/walsermundart.ch\/index.php?rest_route=%2Fwp%2Fv2%2Fmedia&parent=2729"}],"curies":[{"name":"wp","href":"https:\/\/api.w.org\/{rel}","templated":true}]}}