{"id":3022,"date":"2021-03-09T08:32:49","date_gmt":"2021-03-09T08:32:49","guid":{"rendered":"https:\/\/walsermundart.ch\/?page_id=3022"},"modified":"2024-02-18T16:07:13","modified_gmt":"2024-02-18T16:07:13","slug":"4-i-j-k-l","status":"publish","type":"page","link":"https:\/\/walsermundart.ch\/?page_id=3022","title":{"rendered":"5.07 &#8211; I J K L"},"content":{"rendered":"\n<figure class=\"wp-block-image size-full is-resized\"><a href=\"https:\/\/walsermundart.ch\/?page_id=414\"><img loading=\"lazy\" decoding=\"async\" width=\"268\" height=\"173\" src=\"https:\/\/walsermundart.ch\/wp-content\/uploads\/2022\/03\/Pfeil-zurueck-mini-1.jpg\" alt=\"\" class=\"wp-image-6871\" style=\"width:109px;height:70px\"\/><\/a><\/figure>\n\n\n\n<p><strong>i\u00e4vrzu\u00e4<\/strong><\/p>\n\n\n\n<figure class=\"wp-block-audio\"><audio controls src=\"https:\/\/walsermundart.ch\/wp-content\/uploads\/2022\/04\/a104b-iaevrzuae.mp3\"><\/audio><\/figure>\n\n\n\n<figure class=\"wp-block-image size-large\"><img loading=\"lazy\" decoding=\"async\" width=\"955\" height=\"149\" src=\"https:\/\/walsermundart.ch\/wp-content\/uploads\/2021\/03\/a104b-iaevrzuae.jpg\" alt=\"\" class=\"wp-image-3402\" srcset=\"https:\/\/walsermundart.ch\/wp-content\/uploads\/2021\/03\/a104b-iaevrzuae.jpg 955w, https:\/\/walsermundart.ch\/wp-content\/uploads\/2021\/03\/a104b-iaevrzuae-300x47.jpg 300w, https:\/\/walsermundart.ch\/wp-content\/uploads\/2021\/03\/a104b-iaevrzuae-768x120.jpg 768w\" sizes=\"auto, (max-width: 955px) 100vw, 955px\" \/><\/figure>\n\n\n\n<p><strong>iingchii\u00e4<\/strong><\/p>\n\n\n\n<figure class=\"wp-block-audio\"><audio controls src=\"https:\/\/walsermundart.ch\/wp-content\/uploads\/2022\/04\/a105-iingchiiae.mp3\"><\/audio><\/figure>\n\n\n\n<figure class=\"wp-block-image size-large\"><img loading=\"lazy\" decoding=\"async\" width=\"955\" height=\"149\" src=\"https:\/\/walsermundart.ch\/wp-content\/uploads\/2021\/03\/a105-iingchiiae.jpg\" alt=\"\" class=\"wp-image-3145\" srcset=\"https:\/\/walsermundart.ch\/wp-content\/uploads\/2021\/03\/a105-iingchiiae.jpg 955w, https:\/\/walsermundart.ch\/wp-content\/uploads\/2021\/03\/a105-iingchiiae-300x47.jpg 300w, https:\/\/walsermundart.ch\/wp-content\/uploads\/2021\/03\/a105-iingchiiae-768x120.jpg 768w\" sizes=\"auto, (max-width: 955px) 100vw, 955px\" \/><\/figure>\n\n\n\n<p><strong>iinpschli\u00e4ss\u00e4<\/strong><\/p>\n\n\n\n<figure class=\"wp-block-audio\"><audio controls src=\"https:\/\/walsermundart.ch\/wp-content\/uploads\/2022\/04\/a106-iinpschliaessae.mp3\"><\/audio><\/figure>\n\n\n\n<figure class=\"wp-block-image size-large\"><img loading=\"lazy\" decoding=\"async\" width=\"958\" height=\"146\" src=\"https:\/\/walsermundart.ch\/wp-content\/uploads\/2021\/03\/a106-iinpschliaessae.jpg\" alt=\"\" class=\"wp-image-3147\" srcset=\"https:\/\/walsermundart.ch\/wp-content\/uploads\/2021\/03\/a106-iinpschliaessae.jpg 958w, https:\/\/walsermundart.ch\/wp-content\/uploads\/2021\/03\/a106-iinpschliaessae-300x46.jpg 300w, https:\/\/walsermundart.ch\/wp-content\/uploads\/2021\/03\/a106-iinpschliaessae-768x117.jpg 768w\" sizes=\"auto, (max-width: 958px) 100vw, 958px\" \/><\/figure>\n\n\n\n<p><strong>Immihung<\/strong><\/p>\n\n\n\n<figure class=\"wp-block-audio\"><audio controls src=\"https:\/\/walsermundart.ch\/wp-content\/uploads\/2022\/04\/a107-Immihung.mp3\"><\/audio><\/figure>\n\n\n\n<figure class=\"wp-block-image size-large\"><img loading=\"lazy\" decoding=\"async\" width=\"968\" height=\"152\" src=\"https:\/\/walsermundart.ch\/wp-content\/uploads\/2021\/03\/a107-Immihung.jpg\" alt=\"\" class=\"wp-image-3149\" srcset=\"https:\/\/walsermundart.ch\/wp-content\/uploads\/2021\/03\/a107-Immihung.jpg 968w, https:\/\/walsermundart.ch\/wp-content\/uploads\/2021\/03\/a107-Immihung-300x47.jpg 300w, https:\/\/walsermundart.ch\/wp-content\/uploads\/2021\/03\/a107-Immihung-768x121.jpg 768w\" sizes=\"auto, (max-width: 968px) 100vw, 968px\" \/><\/figure>\n\n\n\n<p><strong>in dr<\/strong><\/p>\n\n\n\n<figure class=\"wp-block-audio\"><audio controls src=\"https:\/\/walsermundart.ch\/wp-content\/uploads\/2022\/04\/a108-in-dr.mp3\"><\/audio><\/figure>\n\n\n\n<figure class=\"wp-block-image size-large\"><img loading=\"lazy\" decoding=\"async\" width=\"961\" height=\"147\" src=\"https:\/\/walsermundart.ch\/wp-content\/uploads\/2021\/03\/a108-in-dr.jpg\" alt=\"\" class=\"wp-image-3151\" srcset=\"https:\/\/walsermundart.ch\/wp-content\/uploads\/2021\/03\/a108-in-dr.jpg 961w, https:\/\/walsermundart.ch\/wp-content\/uploads\/2021\/03\/a108-in-dr-300x46.jpg 300w, https:\/\/walsermundart.ch\/wp-content\/uploads\/2021\/03\/a108-in-dr-768x117.jpg 768w\" sizes=\"auto, (max-width: 961px) 100vw, 961px\" \/><\/figure>\n\n\n\n<p><strong>in\u00e4choon<\/strong><\/p>\n\n\n\n<figure class=\"wp-block-audio\"><audio controls src=\"https:\/\/walsermundart.ch\/wp-content\/uploads\/2022\/04\/a109-inae-choon.mp3\"><\/audio><\/figure>\n\n\n\n<figure class=\"wp-block-image size-large\"><img loading=\"lazy\" decoding=\"async\" width=\"963\" height=\"150\" src=\"https:\/\/walsermundart.ch\/wp-content\/uploads\/2021\/03\/a109-inae-choon.jpg\" alt=\"\" class=\"wp-image-3153\" srcset=\"https:\/\/walsermundart.ch\/wp-content\/uploads\/2021\/03\/a109-inae-choon.jpg 963w, https:\/\/walsermundart.ch\/wp-content\/uploads\/2021\/03\/a109-inae-choon-300x47.jpg 300w, https:\/\/walsermundart.ch\/wp-content\/uploads\/2021\/03\/a109-inae-choon-768x120.jpg 768w\" sizes=\"auto, (max-width: 963px) 100vw, 963px\" \/><\/figure>\n\n\n\n<p><strong>irn\u00e4<\/strong><\/p>\n\n\n\n<figure class=\"wp-block-audio\"><audio controls src=\"https:\/\/walsermundart.ch\/wp-content\/uploads\/2022\/04\/a110-irnae.mp3\"><\/audio><\/figure>\n\n\n\n<figure class=\"wp-block-image size-large\"><img loading=\"lazy\" decoding=\"async\" width=\"963\" height=\"226\" src=\"https:\/\/walsermundart.ch\/wp-content\/uploads\/2021\/03\/a110-irnae.jpg\" alt=\"\" class=\"wp-image-3159\" srcset=\"https:\/\/walsermundart.ch\/wp-content\/uploads\/2021\/03\/a110-irnae.jpg 963w, https:\/\/walsermundart.ch\/wp-content\/uploads\/2021\/03\/a110-irnae-300x70.jpg 300w, https:\/\/walsermundart.ch\/wp-content\/uploads\/2021\/03\/a110-irnae-768x180.jpg 768w\" sizes=\"auto, (max-width: 963px) 100vw, 963px\" \/><\/figure>\n\n\n\n<p><strong>j\u00e4hinn\u00e4<\/strong><\/p>\n\n\n\n<figure class=\"wp-block-audio\"><audio controls src=\"https:\/\/walsermundart.ch\/wp-content\/uploads\/2022\/04\/a111-jaehinnae.mp3\"><\/audio><\/figure>\n\n\n\n<figure class=\"wp-block-image size-large\"><img loading=\"lazy\" decoding=\"async\" width=\"944\" height=\"149\" src=\"https:\/\/walsermundart.ch\/wp-content\/uploads\/2021\/03\/a111-jaehinnae.jpg\" alt=\"\" class=\"wp-image-3161\" srcset=\"https:\/\/walsermundart.ch\/wp-content\/uploads\/2021\/03\/a111-jaehinnae.jpg 944w, https:\/\/walsermundart.ch\/wp-content\/uploads\/2021\/03\/a111-jaehinnae-300x47.jpg 300w, https:\/\/walsermundart.ch\/wp-content\/uploads\/2021\/03\/a111-jaehinnae-768x121.jpg 768w\" sizes=\"auto, (max-width: 944px) 100vw, 944px\" \/><\/figure>\n\n\n\n<p><strong>k\u00e4intw\u00e4d\u00e4ri<\/strong><\/p>\n\n\n\n<figure class=\"wp-block-audio\"><audio controls src=\"https:\/\/walsermundart.ch\/wp-content\/uploads\/2022\/04\/a112-kaeintwaedaeri.mp3\"><\/audio><\/figure>\n\n\n\n<figure class=\"wp-block-image size-large\"><img loading=\"lazy\" decoding=\"async\" width=\"956\" height=\"155\" src=\"https:\/\/walsermundart.ch\/wp-content\/uploads\/2021\/03\/a112-kaeintwaedaeri.jpg\" alt=\"\" class=\"wp-image-3163\" srcset=\"https:\/\/walsermundart.ch\/wp-content\/uploads\/2021\/03\/a112-kaeintwaedaeri.jpg 956w, https:\/\/walsermundart.ch\/wp-content\/uploads\/2021\/03\/a112-kaeintwaedaeri-300x49.jpg 300w, https:\/\/walsermundart.ch\/wp-content\/uploads\/2021\/03\/a112-kaeintwaedaeri-768x125.jpg 768w\" sizes=\"auto, (max-width: 956px) 100vw, 956px\" \/><\/figure>\n\n\n\n<p><strong>laan<\/strong><\/p>\n\n\n\n<figure class=\"wp-block-audio\"><audio controls src=\"https:\/\/walsermundart.ch\/wp-content\/uploads\/2022\/04\/a113-laan.mp3\"><\/audio><\/figure>\n\n\n\n<figure class=\"wp-block-image size-large\"><img loading=\"lazy\" decoding=\"async\" width=\"964\" height=\"152\" src=\"https:\/\/walsermundart.ch\/wp-content\/uploads\/2021\/03\/a113-laan.jpg\" alt=\"\" class=\"wp-image-3165\" srcset=\"https:\/\/walsermundart.ch\/wp-content\/uploads\/2021\/03\/a113-laan.jpg 964w, https:\/\/walsermundart.ch\/wp-content\/uploads\/2021\/03\/a113-laan-300x47.jpg 300w, https:\/\/walsermundart.ch\/wp-content\/uploads\/2021\/03\/a113-laan-768x121.jpg 768w\" sizes=\"auto, (max-width: 964px) 100vw, 964px\" \/><\/figure>\n\n\n\n<p><strong>l\u00e4ck\u00e4<\/strong><\/p>\n\n\n\n<figure class=\"wp-block-audio\"><audio controls src=\"https:\/\/walsermundart.ch\/wp-content\/uploads\/2022\/04\/a114-laeckae.mp3\"><\/audio><\/figure>\n\n\n\n<figure class=\"wp-block-image size-large\"><img loading=\"lazy\" decoding=\"async\" width=\"954\" height=\"226\" src=\"https:\/\/walsermundart.ch\/wp-content\/uploads\/2021\/03\/a114-laeckae.jpg\" alt=\"\" class=\"wp-image-3167\" srcset=\"https:\/\/walsermundart.ch\/wp-content\/uploads\/2021\/03\/a114-laeckae.jpg 954w, https:\/\/walsermundart.ch\/wp-content\/uploads\/2021\/03\/a114-laeckae-300x71.jpg 300w, https:\/\/walsermundart.ch\/wp-content\/uploads\/2021\/03\/a114-laeckae-768x182.jpg 768w\" sizes=\"auto, (max-width: 954px) 100vw, 954px\" \/><\/figure>\n\n\n\n<p><strong>l\u00e4ug\u00e4<\/strong><\/p>\n\n\n\n<figure class=\"wp-block-audio\"><audio controls src=\"https:\/\/walsermundart.ch\/wp-content\/uploads\/2022\/04\/a114b-laeugae.mp3\"><\/audio><\/figure>\n\n\n\n<figure class=\"wp-block-image size-large\"><img decoding=\"async\" src=\"https:\/\/walsermundart.ch\/wp-content\/uploads\/2021\/03\/a114b-laeugae.jpg\" alt=\"\" class=\"wp-image-3181\"\/><\/figure>\n\n\n\n<p><strong>li\u00e4br<\/strong><\/p>\n\n\n\n<figure class=\"wp-block-audio\"><audio controls src=\"https:\/\/walsermundart.ch\/wp-content\/uploads\/2022\/04\/a115-liaebr.mp3\"><\/audio><\/figure>\n\n\n\n<figure class=\"wp-block-image size-large\"><img loading=\"lazy\" decoding=\"async\" width=\"958\" height=\"150\" src=\"https:\/\/walsermundart.ch\/wp-content\/uploads\/2021\/03\/a115-liaebr.jpg\" alt=\"\" class=\"wp-image-3171\" srcset=\"https:\/\/walsermundart.ch\/wp-content\/uploads\/2021\/03\/a115-liaebr.jpg 958w, https:\/\/walsermundart.ch\/wp-content\/uploads\/2021\/03\/a115-liaebr-300x47.jpg 300w, https:\/\/walsermundart.ch\/wp-content\/uploads\/2021\/03\/a115-liaebr-768x120.jpg 768w\" sizes=\"auto, (max-width: 958px) 100vw, 958px\" \/><\/figure>\n\n\n\n<p><strong>Liid\u00e4lis<\/strong><\/p>\n\n\n\n<figure class=\"wp-block-audio\"><audio controls src=\"https:\/\/walsermundart.ch\/wp-content\/uploads\/2022\/04\/a116-Liidaelis.mp3\"><\/audio><\/figure>\n\n\n\n<figure class=\"wp-block-image size-large\"><img loading=\"lazy\" decoding=\"async\" width=\"993\" height=\"183\" src=\"https:\/\/walsermundart.ch\/wp-content\/uploads\/2021\/03\/a116-Liidaelis.jpg\" alt=\"\" class=\"wp-image-3173\" srcset=\"https:\/\/walsermundart.ch\/wp-content\/uploads\/2021\/03\/a116-Liidaelis.jpg 993w, https:\/\/walsermundart.ch\/wp-content\/uploads\/2021\/03\/a116-Liidaelis-300x55.jpg 300w, https:\/\/walsermundart.ch\/wp-content\/uploads\/2021\/03\/a116-Liidaelis-768x142.jpg 768w\" sizes=\"auto, (max-width: 993px) 100vw, 993px\" \/><\/figure>\n\n\n\n<p><strong>Lugmilch<\/strong><\/p>\n\n\n\n<figure class=\"wp-block-audio\"><audio controls src=\"https:\/\/walsermundart.ch\/wp-content\/uploads\/2022\/04\/a117-Lugmilch.mp3\"><\/audio><\/figure>\n\n\n\n<figure class=\"wp-block-image size-large\"><img loading=\"lazy\" decoding=\"async\" width=\"958\" height=\"144\" src=\"https:\/\/walsermundart.ch\/wp-content\/uploads\/2021\/03\/a117-Lugmilch.jpg\" alt=\"\" class=\"wp-image-3175\" srcset=\"https:\/\/walsermundart.ch\/wp-content\/uploads\/2021\/03\/a117-Lugmilch.jpg 958w, https:\/\/walsermundart.ch\/wp-content\/uploads\/2021\/03\/a117-Lugmilch-300x45.jpg 300w, https:\/\/walsermundart.ch\/wp-content\/uploads\/2021\/03\/a117-Lugmilch-768x115.jpg 768w\" sizes=\"auto, (max-width: 958px) 100vw, 958px\" \/><\/figure>\n\n\n\n<p><strong>l\u00fcpf\u00e4<\/strong><\/p>\n\n\n\n<figure class=\"wp-block-audio\"><audio controls src=\"https:\/\/walsermundart.ch\/wp-content\/uploads\/2022\/04\/a118-luepfae.mp3\"><\/audio><\/figure>\n\n\n\n<figure class=\"wp-block-image size-large\"><img loading=\"lazy\" decoding=\"async\" width=\"959\" height=\"145\" src=\"https:\/\/walsermundart.ch\/wp-content\/uploads\/2021\/03\/a118-luepfae.jpg\" alt=\"\" class=\"wp-image-3177\" srcset=\"https:\/\/walsermundart.ch\/wp-content\/uploads\/2021\/03\/a118-luepfae.jpg 959w, https:\/\/walsermundart.ch\/wp-content\/uploads\/2021\/03\/a118-luepfae-300x45.jpg 300w, https:\/\/walsermundart.ch\/wp-content\/uploads\/2021\/03\/a118-luepfae-768x116.jpg 768w\" sizes=\"auto, (max-width: 959px) 100vw, 959px\" \/><\/figure>\n\n\n\n<figure class=\"wp-block-image size-full is-resized\"><a href=\"https:\/\/walsermundart.ch\/?page_id=414\"><img loading=\"lazy\" decoding=\"async\" width=\"268\" height=\"173\" src=\"https:\/\/walsermundart.ch\/wp-content\/uploads\/2022\/03\/Pfeil-zurueck-mini-1.jpg\" alt=\"\" class=\"wp-image-6871\" style=\"width:109px;height:70px\"\/><\/a><\/figure>\n","protected":false},"excerpt":{"rendered":"<p>i\u00e4vrzu\u00e4 iingchii\u00e4 iinpschli\u00e4ss\u00e4 Immihung in dr in\u00e4choon irn\u00e4 j\u00e4hinn\u00e4 k\u00e4intw\u00e4d\u00e4ri laan l\u00e4ck\u00e4 l\u00e4ug\u00e4 li\u00e4br Liid\u00e4lis Lugmilch l\u00fcpf\u00e4<\/p>\n","protected":false},"author":1,"featured_media":0,"parent":0,"menu_order":0,"comment_status":"closed","ping_status":"closed","template":"","meta":{"footnotes":""},"class_list":["post-3022","page","type-page","status-publish","hentry"],"_links":{"self":[{"href":"https:\/\/walsermundart.ch\/index.php?rest_route=\/wp\/v2\/pages\/3022","targetHints":{"allow":["GET"]}}],"collection":[{"href":"https:\/\/walsermundart.ch\/index.php?rest_route=\/wp\/v2\/pages"}],"about":[{"href":"https:\/\/walsermundart.ch\/index.php?rest_route=\/wp\/v2\/types\/page"}],"author":[{"embeddable":true,"href":"https:\/\/walsermundart.ch\/index.php?rest_route=\/wp\/v2\/users\/1"}],"replies":[{"embeddable":true,"href":"https:\/\/walsermundart.ch\/index.php?rest_route=%2Fwp%2Fv2%2Fcomments&post=3022"}],"version-history":[{"count":22,"href":"https:\/\/walsermundart.ch\/index.php?rest_route=\/wp\/v2\/pages\/3022\/revisions"}],"predecessor-version":[{"id":8715,"href":"https:\/\/walsermundart.ch\/index.php?rest_route=\/wp\/v2\/pages\/3022\/revisions\/8715"}],"wp:attachment":[{"href":"https:\/\/walsermundart.ch\/index.php?rest_route=%2Fwp%2Fv2%2Fmedia&parent=3022"}],"curies":[{"name":"wp","href":"https:\/\/api.w.org\/{rel}","templated":true}]}}