{"id":3029,"date":"2021-03-09T08:44:34","date_gmt":"2021-03-09T08:44:34","guid":{"rendered":"https:\/\/walsermundart.ch\/?page_id=3029"},"modified":"2024-02-19T09:46:09","modified_gmt":"2024-02-19T09:46:09","slug":"4-s","status":"publish","type":"page","link":"https:\/\/walsermundart.ch\/?page_id=3029","title":{"rendered":"5.10 &#8211; S"},"content":{"rendered":"\n<figure class=\"wp-block-image size-full is-resized\"><a href=\"https:\/\/walsermundart.ch\/?page_id=414\"><img loading=\"lazy\" decoding=\"async\" width=\"268\" height=\"173\" src=\"https:\/\/walsermundart.ch\/wp-content\/uploads\/2022\/03\/Pfeil-zurueck-mini-1.jpg\" alt=\"\" class=\"wp-image-6871\" style=\"width:110px;height:71px\"\/><\/a><\/figure>\n\n\n\n<p><strong>S\u00e4g\u00e4s\u00e4schi\u00e4br<\/strong><\/p>\n\n\n\n<figure class=\"wp-block-audio\"><audio controls src=\"https:\/\/walsermundart.ch\/wp-content\/uploads\/2022\/04\/a151-Saegaesaeschiaebr.mp3\"><\/audio><\/figure>\n\n\n\n<figure class=\"wp-block-image size-large\"><img loading=\"lazy\" decoding=\"async\" width=\"958\" height=\"149\" src=\"https:\/\/walsermundart.ch\/wp-content\/uploads\/2021\/03\/a151-Saegaesaeschiaebr.jpg\" alt=\"\" class=\"wp-image-3232\" srcset=\"https:\/\/walsermundart.ch\/wp-content\/uploads\/2021\/03\/a151-Saegaesaeschiaebr.jpg 958w, https:\/\/walsermundart.ch\/wp-content\/uploads\/2021\/03\/a151-Saegaesaeschiaebr-300x47.jpg 300w, https:\/\/walsermundart.ch\/wp-content\/uploads\/2021\/03\/a151-Saegaesaeschiaebr-768x119.jpg 768w\" sizes=\"auto, (max-width: 958px) 100vw, 958px\" \/><\/figure>\n\n\n\n<p><strong>S\u00e4peetr<\/strong><\/p>\n\n\n\n<figure class=\"wp-block-audio\"><audio controls src=\"https:\/\/walsermundart.ch\/wp-content\/uploads\/2022\/04\/a152-Saepeetr.mp3\"><\/audio><\/figure>\n\n\n\n<figure class=\"wp-block-image size-large\"><img loading=\"lazy\" decoding=\"async\" width=\"960\" height=\"147\" src=\"https:\/\/walsermundart.ch\/wp-content\/uploads\/2021\/03\/a152-Saepeetr.jpg\" alt=\"\" class=\"wp-image-3234\" srcset=\"https:\/\/walsermundart.ch\/wp-content\/uploads\/2021\/03\/a152-Saepeetr.jpg 960w, https:\/\/walsermundart.ch\/wp-content\/uploads\/2021\/03\/a152-Saepeetr-300x46.jpg 300w, https:\/\/walsermundart.ch\/wp-content\/uploads\/2021\/03\/a152-Saepeetr-768x118.jpg 768w\" sizes=\"auto, (max-width: 960px) 100vw, 960px\" \/><\/figure>\n\n\n\n<p><strong>sch\u00e4ich\u00e4<\/strong><\/p>\n\n\n\n<figure class=\"wp-block-audio\"><audio controls src=\"https:\/\/walsermundart.ch\/wp-content\/uploads\/2022\/05\/a152b-schaeichae.mp3\"><\/audio><\/figure>\n\n\n\n<figure class=\"wp-block-image size-full\"><img loading=\"lazy\" decoding=\"async\" width=\"935\" height=\"151\" src=\"https:\/\/walsermundart.ch\/wp-content\/uploads\/2022\/05\/a152b-schaeichae.jpg\" alt=\"\" class=\"wp-image-7858\" srcset=\"https:\/\/walsermundart.ch\/wp-content\/uploads\/2022\/05\/a152b-schaeichae.jpg 935w, https:\/\/walsermundart.ch\/wp-content\/uploads\/2022\/05\/a152b-schaeichae-300x48.jpg 300w, https:\/\/walsermundart.ch\/wp-content\/uploads\/2022\/05\/a152b-schaeichae-768x124.jpg 768w\" sizes=\"auto, (max-width: 935px) 100vw, 935px\" \/><\/figure>\n\n\n\n<p><strong>Scheefflr<\/strong><\/p>\n\n\n\n<figure class=\"wp-block-audio\"><audio controls src=\"https:\/\/walsermundart.ch\/wp-content\/uploads\/2022\/04\/a153-Scheefflr.mp3\"><\/audio><\/figure>\n\n\n\n<figure class=\"wp-block-image size-large\"><img loading=\"lazy\" decoding=\"async\" width=\"956\" height=\"222\" src=\"https:\/\/walsermundart.ch\/wp-content\/uploads\/2021\/03\/a153-Scheefflr.jpg\" alt=\"\" class=\"wp-image-3236\" srcset=\"https:\/\/walsermundart.ch\/wp-content\/uploads\/2021\/03\/a153-Scheefflr.jpg 956w, https:\/\/walsermundart.ch\/wp-content\/uploads\/2021\/03\/a153-Scheefflr-300x70.jpg 300w, https:\/\/walsermundart.ch\/wp-content\/uploads\/2021\/03\/a153-Scheefflr-768x178.jpg 768w\" sizes=\"auto, (max-width: 956px) 100vw, 956px\" \/><\/figure>\n\n\n\n<p><strong>Schelf\u00e4r\u00e4<\/strong><\/p>\n\n\n\n<figure class=\"wp-block-audio\"><audio controls src=\"https:\/\/walsermundart.ch\/wp-content\/uploads\/2022\/04\/a154-Schelfaerae.mp3\"><\/audio><\/figure>\n\n\n\n<figure class=\"wp-block-image size-large\"><img loading=\"lazy\" decoding=\"async\" width=\"962\" height=\"147\" src=\"https:\/\/walsermundart.ch\/wp-content\/uploads\/2021\/03\/a154-Schelfaerae.jpg\" alt=\"\" class=\"wp-image-3238\" srcset=\"https:\/\/walsermundart.ch\/wp-content\/uploads\/2021\/03\/a154-Schelfaerae.jpg 962w, https:\/\/walsermundart.ch\/wp-content\/uploads\/2021\/03\/a154-Schelfaerae-300x46.jpg 300w, https:\/\/walsermundart.ch\/wp-content\/uploads\/2021\/03\/a154-Schelfaerae-768x117.jpg 768w\" sizes=\"auto, (max-width: 962px) 100vw, 962px\" \/><\/figure>\n\n\n\n<p><strong>schi<\/strong><\/p>\n\n\n\n<figure class=\"wp-block-audio\"><audio controls src=\"https:\/\/walsermundart.ch\/wp-content\/uploads\/2022\/04\/a155-schi.mp3\"><\/audio><\/figure>\n\n\n\n<figure class=\"wp-block-image size-large\"><img loading=\"lazy\" decoding=\"async\" width=\"960\" height=\"182\" src=\"https:\/\/walsermundart.ch\/wp-content\/uploads\/2021\/03\/a155-schi.jpg\" alt=\"\" class=\"wp-image-3240\" srcset=\"https:\/\/walsermundart.ch\/wp-content\/uploads\/2021\/03\/a155-schi.jpg 960w, https:\/\/walsermundart.ch\/wp-content\/uploads\/2021\/03\/a155-schi-300x57.jpg 300w, https:\/\/walsermundart.ch\/wp-content\/uploads\/2021\/03\/a155-schi-768x146.jpg 768w\" sizes=\"auto, (max-width: 960px) 100vw, 960px\" \/><\/figure>\n\n\n\n<p><strong>schii<\/strong><\/p>\n\n\n\n<figure class=\"wp-block-audio\"><audio controls src=\"https:\/\/walsermundart.ch\/wp-content\/uploads\/2022\/04\/a156-schii.mp3\"><\/audio><\/figure>\n\n\n\n<figure class=\"wp-block-image size-large\"><img loading=\"lazy\" decoding=\"async\" width=\"956\" height=\"145\" src=\"https:\/\/walsermundart.ch\/wp-content\/uploads\/2021\/03\/a156-schii.jpg\" alt=\"\" class=\"wp-image-3242\" srcset=\"https:\/\/walsermundart.ch\/wp-content\/uploads\/2021\/03\/a156-schii.jpg 956w, https:\/\/walsermundart.ch\/wp-content\/uploads\/2021\/03\/a156-schii-300x46.jpg 300w, https:\/\/walsermundart.ch\/wp-content\/uploads\/2021\/03\/a156-schii-768x116.jpg 768w\" sizes=\"auto, (max-width: 956px) 100vw, 956px\" \/><\/figure>\n\n\n\n<p><strong>schiin<\/strong><\/p>\n\n\n\n<figure class=\"wp-block-audio\"><audio controls src=\"https:\/\/walsermundart.ch\/wp-content\/uploads\/2022\/04\/a157-schiin.mp3\"><\/audio><\/figure>\n\n\n\n<figure class=\"wp-block-image size-large\"><img loading=\"lazy\" decoding=\"async\" width=\"964\" height=\"147\" src=\"https:\/\/walsermundart.ch\/wp-content\/uploads\/2021\/03\/a157-schiin.jpg\" alt=\"\" class=\"wp-image-3247\" srcset=\"https:\/\/walsermundart.ch\/wp-content\/uploads\/2021\/03\/a157-schiin.jpg 964w, https:\/\/walsermundart.ch\/wp-content\/uploads\/2021\/03\/a157-schiin-300x46.jpg 300w, https:\/\/walsermundart.ch\/wp-content\/uploads\/2021\/03\/a157-schiin-768x117.jpg 768w\" sizes=\"auto, (max-width: 964px) 100vw, 964px\" \/><\/figure>\n\n\n\n<p><strong>schiini<\/strong><\/p>\n\n\n\n<figure class=\"wp-block-audio\"><audio controls src=\"https:\/\/walsermundart.ch\/wp-content\/uploads\/2022\/04\/a158-schiini.mp3\"><\/audio><\/figure>\n\n\n\n<figure class=\"wp-block-image size-large\"><img loading=\"lazy\" decoding=\"async\" width=\"969\" height=\"148\" src=\"https:\/\/walsermundart.ch\/wp-content\/uploads\/2021\/03\/a158-schiini.jpg\" alt=\"\" class=\"wp-image-3249\" srcset=\"https:\/\/walsermundart.ch\/wp-content\/uploads\/2021\/03\/a158-schiini.jpg 969w, https:\/\/walsermundart.ch\/wp-content\/uploads\/2021\/03\/a158-schiini-300x46.jpg 300w, https:\/\/walsermundart.ch\/wp-content\/uploads\/2021\/03\/a158-schiini-768x117.jpg 768w\" sizes=\"auto, (max-width: 969px) 100vw, 969px\" \/><\/figure>\n\n\n\n<p><strong>schlaan<\/strong><\/p>\n\n\n\n<figure class=\"wp-block-audio\"><audio controls src=\"https:\/\/walsermundart.ch\/wp-content\/uploads\/2022\/04\/a159-schlaan.mp3\"><\/audio><\/figure>\n\n\n\n<figure class=\"wp-block-image size-large\"><img loading=\"lazy\" decoding=\"async\" width=\"1024\" height=\"172\" src=\"https:\/\/walsermundart.ch\/wp-content\/uploads\/2022\/04\/a159-schlaan-2-1024x172.jpg\" alt=\"\" class=\"wp-image-7530\" srcset=\"https:\/\/walsermundart.ch\/wp-content\/uploads\/2022\/04\/a159-schlaan-2-1024x172.jpg 1024w, https:\/\/walsermundart.ch\/wp-content\/uploads\/2022\/04\/a159-schlaan-2-300x50.jpg 300w, https:\/\/walsermundart.ch\/wp-content\/uploads\/2022\/04\/a159-schlaan-2-768x129.jpg 768w, https:\/\/walsermundart.ch\/wp-content\/uploads\/2022\/04\/a159-schlaan-2.jpg 1215w\" sizes=\"auto, (max-width: 1024px) 100vw, 1024px\" \/><\/figure>\n\n\n\n<p><strong>schli\u00e4ss\u00e4<\/strong><\/p>\n\n\n\n<figure class=\"wp-block-audio\"><audio controls src=\"https:\/\/walsermundart.ch\/wp-content\/uploads\/2022\/04\/a160-schliaessae.mp3\"><\/audio><\/figure>\n\n\n\n<figure class=\"wp-block-image size-large\"><img loading=\"lazy\" decoding=\"async\" width=\"958\" height=\"151\" src=\"https:\/\/walsermundart.ch\/wp-content\/uploads\/2021\/03\/a160-schliaessae.jpg\" alt=\"\" class=\"wp-image-3253\" srcset=\"https:\/\/walsermundart.ch\/wp-content\/uploads\/2021\/03\/a160-schliaessae.jpg 958w, https:\/\/walsermundart.ch\/wp-content\/uploads\/2021\/03\/a160-schliaessae-300x47.jpg 300w, https:\/\/walsermundart.ch\/wp-content\/uploads\/2021\/03\/a160-schliaessae-768x121.jpg 768w\" sizes=\"auto, (max-width: 958px) 100vw, 958px\" \/><\/figure>\n\n\n\n<p><strong>Schlid\u00e4t\u00e4<\/strong><\/p>\n\n\n\n<figure class=\"wp-block-audio\"><audio controls src=\"https:\/\/walsermundart.ch\/wp-content\/uploads\/2022\/04\/a161-Schlidaetae.mp3\"><\/audio><\/figure>\n\n\n\n<figure class=\"wp-block-image size-large\"><img loading=\"lazy\" decoding=\"async\" width=\"984\" height=\"225\" src=\"https:\/\/walsermundart.ch\/wp-content\/uploads\/2021\/03\/a161-Schlidaetae.jpg\" alt=\"\" class=\"wp-image-3257\" srcset=\"https:\/\/walsermundart.ch\/wp-content\/uploads\/2021\/03\/a161-Schlidaetae.jpg 984w, https:\/\/walsermundart.ch\/wp-content\/uploads\/2021\/03\/a161-Schlidaetae-300x69.jpg 300w, https:\/\/walsermundart.ch\/wp-content\/uploads\/2021\/03\/a161-Schlidaetae-768x176.jpg 768w\" sizes=\"auto, (max-width: 984px) 100vw, 984px\" \/><\/figure>\n\n\n\n<p> <strong>schlif\u00e4r\u00e4<\/strong><\/p>\n\n\n\n<figure class=\"wp-block-audio\"><audio controls src=\"https:\/\/walsermundart.ch\/wp-content\/uploads\/2022\/04\/a162-schlifaerae.mp3\"><\/audio><\/figure>\n\n\n\n<figure class=\"wp-block-image size-large\"><img loading=\"lazy\" decoding=\"async\" width=\"955\" height=\"148\" src=\"https:\/\/walsermundart.ch\/wp-content\/uploads\/2021\/03\/a162-schlifaerae.jpg\" alt=\"\" class=\"wp-image-3259\" srcset=\"https:\/\/walsermundart.ch\/wp-content\/uploads\/2021\/03\/a162-schlifaerae.jpg 955w, https:\/\/walsermundart.ch\/wp-content\/uploads\/2021\/03\/a162-schlifaerae-300x46.jpg 300w, https:\/\/walsermundart.ch\/wp-content\/uploads\/2021\/03\/a162-schlifaerae-768x119.jpg 768w\" sizes=\"auto, (max-width: 955px) 100vw, 955px\" \/><\/figure>\n\n\n\n<p><strong>Schlu\u00e4mp\u00e4<\/strong><\/p>\n\n\n\n<figure class=\"wp-block-audio\"><audio controls src=\"https:\/\/walsermundart.ch\/wp-content\/uploads\/2022\/04\/a163-Schluaempae.mp3\"><\/audio><\/figure>\n\n\n\n<figure class=\"wp-block-image size-large\"><img decoding=\"async\" src=\"https:\/\/walsermundart.ch\/wp-content\/uploads\/2021\/03\/a163-Schluaempae.jpg\" alt=\"\" class=\"wp-image-3261\"\/><\/figure>\n\n\n\n<p><strong>schnitzig<\/strong><\/p>\n\n\n\n<figure class=\"wp-block-audio\"><audio controls src=\"https:\/\/walsermundart.ch\/wp-content\/uploads\/2022\/04\/a164-schnitzig.mp3\"><\/audio><\/figure>\n\n\n\n<figure class=\"wp-block-image size-large\"><img loading=\"lazy\" decoding=\"async\" width=\"1024\" height=\"351\" src=\"https:\/\/walsermundart.ch\/wp-content\/uploads\/2022\/04\/a164-schnitzig-1024x351.jpg\" alt=\"\" class=\"wp-image-7531\" srcset=\"https:\/\/walsermundart.ch\/wp-content\/uploads\/2022\/04\/a164-schnitzig-1024x351.jpg 1024w, https:\/\/walsermundart.ch\/wp-content\/uploads\/2022\/04\/a164-schnitzig-300x103.jpg 300w, https:\/\/walsermundart.ch\/wp-content\/uploads\/2022\/04\/a164-schnitzig-768x263.jpg 768w, https:\/\/walsermundart.ch\/wp-content\/uploads\/2022\/04\/a164-schnitzig.jpg 1189w\" sizes=\"auto, (max-width: 1024px) 100vw, 1024px\" \/><\/figure>\n\n\n\n<p><strong>im Schottl<\/strong><\/p>\n\n\n\n<figure class=\"wp-block-audio\"><audio controls src=\"https:\/\/walsermundart.ch\/wp-content\/uploads\/2022\/04\/a165-Schottl.mp3\"><\/audio><\/figure>\n\n\n\n<figure class=\"wp-block-image size-large\"><img loading=\"lazy\" decoding=\"async\" width=\"952\" height=\"182\" src=\"https:\/\/walsermundart.ch\/wp-content\/uploads\/2021\/03\/a165-Schottl.jpg\" alt=\"\" class=\"wp-image-3265\" srcset=\"https:\/\/walsermundart.ch\/wp-content\/uploads\/2021\/03\/a165-Schottl.jpg 952w, https:\/\/walsermundart.ch\/wp-content\/uploads\/2021\/03\/a165-Schottl-300x57.jpg 300w, https:\/\/walsermundart.ch\/wp-content\/uploads\/2021\/03\/a165-Schottl-768x147.jpg 768w\" sizes=\"auto, (max-width: 952px) 100vw, 952px\" \/><\/figure>\n\n\n\n<p><strong>schtaan<\/strong><\/p>\n\n\n\n<figure class=\"wp-block-audio\"><audio controls src=\"https:\/\/walsermundart.ch\/wp-content\/uploads\/2022\/04\/a166-schtaan.mp3\"><\/audio><\/figure>\n\n\n\n<figure class=\"wp-block-image size-large\"><img loading=\"lazy\" decoding=\"async\" width=\"947\" height=\"224\" src=\"https:\/\/walsermundart.ch\/wp-content\/uploads\/2021\/03\/a166-schtaan.jpg\" alt=\"\" class=\"wp-image-3267\" srcset=\"https:\/\/walsermundart.ch\/wp-content\/uploads\/2021\/03\/a166-schtaan.jpg 947w, https:\/\/walsermundart.ch\/wp-content\/uploads\/2021\/03\/a166-schtaan-300x71.jpg 300w, https:\/\/walsermundart.ch\/wp-content\/uploads\/2021\/03\/a166-schtaan-768x182.jpg 768w\" sizes=\"auto, (max-width: 947px) 100vw, 947px\" \/><\/figure>\n\n\n\n<p><strong>scht\u00e4up\u00e4<\/strong><\/p>\n\n\n\n<figure class=\"wp-block-audio\"><audio controls src=\"https:\/\/walsermundart.ch\/wp-content\/uploads\/2022\/04\/a167-schtaeupae.mp3\"><\/audio><\/figure>\n\n\n\n<figure class=\"wp-block-image size-large\"><img loading=\"lazy\" decoding=\"async\" width=\"955\" height=\"148\" src=\"https:\/\/walsermundart.ch\/wp-content\/uploads\/2021\/03\/a167-schtaeupae.jpg\" alt=\"\" class=\"wp-image-3271\" srcset=\"https:\/\/walsermundart.ch\/wp-content\/uploads\/2021\/03\/a167-schtaeupae.jpg 955w, https:\/\/walsermundart.ch\/wp-content\/uploads\/2021\/03\/a167-schtaeupae-300x46.jpg 300w, https:\/\/walsermundart.ch\/wp-content\/uploads\/2021\/03\/a167-schtaeupae-768x119.jpg 768w\" sizes=\"auto, (max-width: 955px) 100vw, 955px\" \/><\/figure>\n\n\n\n<p><strong>schtimm\u00e4<\/strong><\/p>\n\n\n\n<figure class=\"wp-block-audio\"><audio controls src=\"https:\/\/walsermundart.ch\/wp-content\/uploads\/2022\/04\/a168-schtimmae.mp3\"><\/audio><\/figure>\n\n\n\n<figure class=\"wp-block-image size-large\"><img loading=\"lazy\" decoding=\"async\" width=\"955\" height=\"147\" src=\"https:\/\/walsermundart.ch\/wp-content\/uploads\/2021\/03\/a168-schtimmae.jpg\" alt=\"\" class=\"wp-image-3273\" srcset=\"https:\/\/walsermundart.ch\/wp-content\/uploads\/2021\/03\/a168-schtimmae.jpg 955w, https:\/\/walsermundart.ch\/wp-content\/uploads\/2021\/03\/a168-schtimmae-300x46.jpg 300w, https:\/\/walsermundart.ch\/wp-content\/uploads\/2021\/03\/a168-schtimmae-768x118.jpg 768w\" sizes=\"auto, (max-width: 955px) 100vw, 955px\" \/><\/figure>\n\n\n\n<p><strong>Schtrau<\/strong><\/p>\n\n\n\n<figure class=\"wp-block-audio\"><audio controls src=\"https:\/\/walsermundart.ch\/wp-content\/uploads\/2022\/04\/a169-Schtrau.mp3\"><\/audio><\/figure>\n\n\n\n<figure class=\"wp-block-image size-large\"><img loading=\"lazy\" decoding=\"async\" width=\"952\" height=\"149\" src=\"https:\/\/walsermundart.ch\/wp-content\/uploads\/2021\/03\/a169-Schtrau.jpg\" alt=\"\" class=\"wp-image-3275\" srcset=\"https:\/\/walsermundart.ch\/wp-content\/uploads\/2021\/03\/a169-Schtrau.jpg 952w, https:\/\/walsermundart.ch\/wp-content\/uploads\/2021\/03\/a169-Schtrau-300x47.jpg 300w, https:\/\/walsermundart.ch\/wp-content\/uploads\/2021\/03\/a169-Schtrau-768x120.jpg 768w\" sizes=\"auto, (max-width: 952px) 100vw, 952px\" \/><\/figure>\n\n\n\n<p><strong>Schtruuch\u00e4<\/strong><\/p>\n\n\n\n<figure class=\"wp-block-audio\"><audio controls src=\"https:\/\/walsermundart.ch\/wp-content\/uploads\/2022\/04\/a170-Schtruuchae.mp3\"><\/audio><\/figure>\n\n\n\n<figure class=\"wp-block-image size-large\"><img loading=\"lazy\" decoding=\"async\" width=\"961\" height=\"151\" src=\"https:\/\/walsermundart.ch\/wp-content\/uploads\/2021\/03\/a170-Schtruuchae.jpg\" alt=\"\" class=\"wp-image-3277\" srcset=\"https:\/\/walsermundart.ch\/wp-content\/uploads\/2021\/03\/a170-Schtruuchae.jpg 961w, https:\/\/walsermundart.ch\/wp-content\/uploads\/2021\/03\/a170-Schtruuchae-300x47.jpg 300w, https:\/\/walsermundart.ch\/wp-content\/uploads\/2021\/03\/a170-Schtruuchae-768x121.jpg 768w\" sizes=\"auto, (max-width: 961px) 100vw, 961px\" \/><\/figure>\n\n\n\n<p><strong>Schtr\u00fc\u00fctsch\u00e4<\/strong><\/p>\n\n\n\n<figure class=\"wp-block-audio\"><audio controls src=\"https:\/\/walsermundart.ch\/wp-content\/uploads\/2022\/04\/a171-Schtrueuetschae.mp3\"><\/audio><\/figure>\n\n\n\n<figure class=\"wp-block-image size-large\"><img loading=\"lazy\" decoding=\"async\" width=\"956\" height=\"147\" src=\"https:\/\/walsermundart.ch\/wp-content\/uploads\/2021\/03\/a171-Schtrueuetschae.jpg\" alt=\"\" class=\"wp-image-3279\" srcset=\"https:\/\/walsermundart.ch\/wp-content\/uploads\/2021\/03\/a171-Schtrueuetschae.jpg 956w, https:\/\/walsermundart.ch\/wp-content\/uploads\/2021\/03\/a171-Schtrueuetschae-300x46.jpg 300w, https:\/\/walsermundart.ch\/wp-content\/uploads\/2021\/03\/a171-Schtrueuetschae-768x118.jpg 768w\" sizes=\"auto, (max-width: 956px) 100vw, 956px\" \/><\/figure>\n\n\n\n<p><strong>s\u00f6\u00f6tschg\u00e4<\/strong><\/p>\n\n\n\n<figure class=\"wp-block-audio\"><audio controls src=\"https:\/\/walsermundart.ch\/wp-content\/uploads\/2022\/04\/a172-soeoetschgae.mp3\"><\/audio><\/figure>\n\n\n\n<figure class=\"wp-block-image size-full\"><img loading=\"lazy\" decoding=\"async\" width=\"963\" height=\"149\" src=\"https:\/\/walsermundart.ch\/wp-content\/uploads\/2022\/05\/a172-soeoetschgae.jpg\" alt=\"\" class=\"wp-image-7860\" srcset=\"https:\/\/walsermundart.ch\/wp-content\/uploads\/2022\/05\/a172-soeoetschgae.jpg 963w, https:\/\/walsermundart.ch\/wp-content\/uploads\/2022\/05\/a172-soeoetschgae-300x46.jpg 300w, https:\/\/walsermundart.ch\/wp-content\/uploads\/2022\/05\/a172-soeoetschgae-768x119.jpg 768w\" sizes=\"auto, (max-width: 963px) 100vw, 963px\" \/><\/figure>\n\n\n\n<figure class=\"wp-block-image size-full is-resized\"><a href=\"https:\/\/walsermundart.ch\/?page_id=414\"><img loading=\"lazy\" decoding=\"async\" width=\"268\" height=\"173\" src=\"https:\/\/walsermundart.ch\/wp-content\/uploads\/2022\/03\/Pfeil-zurueck-mini-1.jpg\" alt=\"\" class=\"wp-image-6871\" style=\"width:109px;height:70px\"\/><\/a><\/figure>\n\n\n\n<p><\/p>\n","protected":false},"excerpt":{"rendered":"<p>S\u00e4g\u00e4s\u00e4schi\u00e4br S\u00e4peetr sch\u00e4ich\u00e4 Scheefflr Schelf\u00e4r\u00e4 schi schii schiin schiini schlaan schli\u00e4ss\u00e4 Schlid\u00e4t\u00e4 schlif\u00e4r\u00e4 Schlu\u00e4mp\u00e4 schnitzig im Schottl schtaan scht\u00e4up\u00e4 schtimm\u00e4 Schtrau Schtruuch\u00e4 Schtr\u00fc\u00fctsch\u00e4 s\u00f6\u00f6tschg\u00e4<\/p>\n","protected":false},"author":1,"featured_media":0,"parent":0,"menu_order":0,"comment_status":"closed","ping_status":"closed","template":"","meta":{"footnotes":""},"class_list":["post-3029","page","type-page","status-publish","hentry"],"_links":{"self":[{"href":"https:\/\/walsermundart.ch\/index.php?rest_route=\/wp\/v2\/pages\/3029","targetHints":{"allow":["GET"]}}],"collection":[{"href":"https:\/\/walsermundart.ch\/index.php?rest_route=\/wp\/v2\/pages"}],"about":[{"href":"https:\/\/walsermundart.ch\/index.php?rest_route=\/wp\/v2\/types\/page"}],"author":[{"embeddable":true,"href":"https:\/\/walsermundart.ch\/index.php?rest_route=\/wp\/v2\/users\/1"}],"replies":[{"embeddable":true,"href":"https:\/\/walsermundart.ch\/index.php?rest_route=%2Fwp%2Fv2%2Fcomments&post=3029"}],"version-history":[{"count":23,"href":"https:\/\/walsermundart.ch\/index.php?rest_route=\/wp\/v2\/pages\/3029\/revisions"}],"predecessor-version":[{"id":8729,"href":"https:\/\/walsermundart.ch\/index.php?rest_route=\/wp\/v2\/pages\/3029\/revisions\/8729"}],"wp:attachment":[{"href":"https:\/\/walsermundart.ch\/index.php?rest_route=%2Fwp%2Fv2%2Fmedia&parent=3029"}],"curies":[{"name":"wp","href":"https:\/\/api.w.org\/{rel}","templated":true}]}}