{"id":360,"date":"2021-01-31T15:46:37","date_gmt":"2021-01-31T15:46:37","guid":{"rendered":"https:\/\/hed.ch\/?page_id=360"},"modified":"2022-07-23T07:31:04","modified_gmt":"2022-07-23T07:31:04","slug":"sprachklang-und-schreibung","status":"publish","type":"page","link":"https:\/\/walsermundart.ch\/?page_id=360","title":{"rendered":"2 &#8211; Sprechen und schreiben"},"content":{"rendered":"\n<figure class=\"wp-block-image size-full is-resized\"><a href=\"https:\/\/walsermundart.ch\/\"><img loading=\"lazy\" decoding=\"async\" src=\"https:\/\/walsermundart.ch\/wp-content\/uploads\/2022\/03\/pfeil-home-Snipp.jpg\" alt=\"\" class=\"wp-image-6993\" width=\"134\" height=\"73\" srcset=\"https:\/\/walsermundart.ch\/wp-content\/uploads\/2022\/03\/pfeil-home-Snipp.jpg 316w, https:\/\/walsermundart.ch\/wp-content\/uploads\/2022\/03\/pfeil-home-Snipp-300x164.jpg 300w\" sizes=\"auto, (max-width: 134px) 100vw, 134px\" \/><\/a><\/figure>\n\n\n\n<p>Die Schreibung in der vorliegenden Arbeit soll das Lesen erleichtern. Allen Formen sind wir schon begegnet, sei es im Davoser und Pr\u00e4ttigauer W\u00f6rterbuch oder in ver\u00f6ffentlichten Texten.<\/p>\n\n\n\n<p class=\"has-vivid-red-color has-text-color\"><strong>Ein Zwiespalt<\/strong><\/p>\n\n\n\n<p>Im Schriftdeutschen wird das Verb in bestimmten F\u00e4llen zum Nomen, und dieses Nomen muss gross geschrieben werden: das Singen, mit Singen. Hier wird diese Regel zugunsten des besseren Verstehens nicht durchwegs beachtet: <em>Wen d Sunn\u00e4 d\u00e4\u00e4w\u00e4g brennt, schwitzt m\u00e4 mid schaff\u00e4.<\/em><\/p>\n\n\n\n<p><em>Schi chund, <strong>wen <\/strong>sch gr\u00fcscht (ggr\u00fcscht) ischt<\/em>. Das <strong>wen <\/strong>wird so schwach betont, dass es M\u00fche macht, <strong>wenn <\/strong>zu schreiben. Ebenso verh\u00e4lt es sich mit <strong>das <\/strong>und <strong>dass<\/strong>. Die Leser m\u00f6gen ein Auge zudr\u00fccken.<\/p>\n\n\n\n<p>Schi schaff\u00e4d <strong>ghand<\/strong>, schi schaff\u00e4d <strong>gchand<\/strong>? Schi ischt <strong>ghiid<\/strong>, schi ischt <strong>gchiid<\/strong>?<\/p>\n\n\n\n<p>Inhalt: Wer&#8217;s gern kurz hat, w\u00e4hlt die Nummer 2.<strong>02<\/strong>.<\/p>\n\n\n\n<p style=\"font-size:45px\"><strong>Inhalt<\/strong><\/p>\n\n\n\n<p class=\"has-vivid-cyan-blue-color has-text-color\"><a href=\"https:\/\/walsermundart.ch\/?page_id=1573\">2.<strong>01<\/strong> &#8211; Schreibregeln im Wallis<\/a><\/p>\n\n\n\n<p class=\"has-vivid-cyan-blue-color has-text-color\"><a href=\"https:\/\/walsermundart.ch\/?page_id=1587\">2.<strong>02<\/strong> &#8211; Die Aussprache des \u00c4<\/a><\/p>\n\n\n\n<p class=\"has-vivid-cyan-blue-color has-text-color\"><a href=\"https:\/\/walsermundart.ch\/?page_id=1665\">2.<strong>03<\/strong> &#8211; e, \u00e4, a, ei, \u00e4i<\/a><\/p>\n\n\n\n<p class=\"has-vivid-cyan-blue-color has-text-color\"><a href=\"https:\/\/walsermundart.ch\/?page_id=1675\">2.<strong>04 <\/strong>&#8211; ie, i\u00e4, ei, e\u00ef, eu<\/a><\/p>\n\n\n\n<p class=\"has-vivid-cyan-blue-color has-text-color\"><a href=\"https:\/\/walsermundart.ch\/?page_id=1779\">2.<strong>05<\/strong> &#8211; Dehnung<\/a><\/p>\n\n\n\n<p class=\"has-vivid-cyan-blue-color has-text-color\"><a href=\"https:\/\/walsermundart.ch\/?page_id=1790\">2.<strong>06<\/strong> &#8211; Sch\u00e4rfung<\/a><\/p>\n\n\n\n<p class=\"has-vivid-cyan-blue-color has-text-color\"><a href=\"https:\/\/walsermundart.ch\/?page_id=1870\">2.<strong>07<\/strong> &#8211; Schparz u.a.<\/a><\/p>\n\n\n\n<p class=\"has-vivid-cyan-blue-color has-text-color\"><a href=\"https:\/\/walsermundart.ch\/?page_id=1888\">2.<strong>08<\/strong> &#8211; Verschluckt<\/a><\/p>\n\n\n\n<p class=\"has-vivid-cyan-blue-color has-text-color\"><a href=\"https:\/\/walsermundart.ch\/?page_id=1911\">2.<strong>09<\/strong> &#8211; Betonung, Endung<\/a><\/p>\n\n\n\n<p class=\"has-vivid-cyan-blue-color has-text-color\"><a href=\"https:\/\/walsermundart.ch\/?page_id=2014\">2.<strong>10<\/strong> &#8211; Walsergebiete Vergleich<\/a><\/p>\n\n\n\n<p class=\"has-vivid-cyan-blue-color has-text-color\"><a href=\"https:\/\/walsermundart.ch\/?page_id=2053\">2.<strong>11<\/strong> &#8211; H\u00f6rproben GR und LI<\/a><\/p>\n\n\n\n<p class=\"has-vivid-cyan-blue-color has-text-color\"><a href=\"https:\/\/walsermundart.ch\/?page_id=2166\">2.<strong>12<\/strong> &#8211; Fremde Sprachen<\/a><\/p>\n\n\n\n<p class=\"has-vivid-cyan-blue-color has-text-color\"><a href=\"https:\/\/walsermundart.ch\/?page_id=2168\">2.<strong>13<\/strong> &#8211; Sorge um den Dialekt<\/a><\/p>\n\n\n\n<p class=\"has-vivid-cyan-blue-color has-text-color\"><a href=\"https:\/\/walsermundart.ch\/?page_id=2205\">2.<strong>14<\/strong> &#8211; Steter Verlust<\/a><\/p>\n\n\n\n<p class=\"has-vivid-cyan-blue-color has-text-color\"><a href=\"https:\/\/walsermundart.ch\/?page_id=2226\">2.<strong>15<\/strong> &#8211; Sprachatlas<\/a><\/p>\n\n\n\n<p>Wer sich in den Schanfigger Dialekt aus der Zeit vor 1930 vertiefen m\u00f6chte, w\u00e4hlt diesen Link: <\/p>\n\n\n\n<p class=\"has-vivid-cyan-blue-color has-text-color\"><a href=\"https:\/\/www.ortsnamen.ch\/Texte\/Kessler_Schanfigg.pdf\" target=\"_blank\" rel=\"noreferrer noopener\">Kessler_Schanfigg.pdf (ortsnamen.ch)<\/a><\/p>\n\n\n\n<p>Z\u00fcrich. Auf 126 Seiten geht Kessler sehr genau auf die Sprache ein. Ein Ausschnitt von Seite 27 in der PDF-Datei:<\/p>\n\n\n\n<figure class=\"wp-block-image size-large\"><img loading=\"lazy\" decoding=\"async\" width=\"959\" height=\"249\" src=\"https:\/\/walsermundart.ch\/wp-content\/uploads\/2021\/03\/Scahnfigg-Woerter-vor-1930-a.jpg\" alt=\"\" class=\"wp-image-4315\" srcset=\"https:\/\/walsermundart.ch\/wp-content\/uploads\/2021\/03\/Scahnfigg-Woerter-vor-1930-a.jpg 959w, https:\/\/walsermundart.ch\/wp-content\/uploads\/2021\/03\/Scahnfigg-Woerter-vor-1930-a-300x78.jpg 300w, https:\/\/walsermundart.ch\/wp-content\/uploads\/2021\/03\/Scahnfigg-Woerter-vor-1930-a-768x199.jpg 768w\" sizes=\"auto, (max-width: 959px) 100vw, 959px\" \/><\/figure>\n\n\n\n<p>Die wissenschaftliche Schreibung ist eher schwierig zu lesen. Das gr\u00fcn Unterstrichene w\u00fcrde vom Laien etwa so geschrieben:<em> tuu w\u00e4ischt au ggaar n\u00fc\u00fcd! <\/em>Lw. = Langwies. Der \u00dcberstrich kennzeichnet einen <strong>gedehnten Laut<\/strong>, das s mit Pfeil dar\u00fcber ein <strong>sch<\/strong>. Weitere Schrift: <\/p>\n\n\n\n<p class=\"has-black-color has-text-color\"><strong>Hans Stricker<\/strong> 1986 und fr\u00fcher  <a rel=\"noreferrer noopener\" href=\"https:\/\/www.e-periodica.ch\/digbib\/view?pid=vxr-001:1986:45::377#65\" target=\"_blank\">E-Periodica &#8211; Romanisch und Deutsch im Schanfigg (GR) (e-periodica.ch)<\/a> &#8211; vermittelt durch Roland Lutz, Tumegl\/Tomils. <\/p>\n\n\n\n<p>Die Aussprache ist letztlich nicht von der heutigen zu unterscheiden, Nina Brunold spricht ihn: Brand in Peist, Tonaufnahme von <strong>1926<\/strong>. Siehe Startseite, dort <strong>6 Peist<\/strong>.<\/p>\n\n\n\n<p><strong>Tschiertschen und Praden <\/strong>sp\u00fcren den Einfluss von Chur st\u00e4rker: <\/p>\n\n\n\n<p><a href=\"https:\/\/friiischtailer.ch\/tschiertscher-lied\/\" target=\"_blank\" rel=\"noreferrer noopener\">https:\/\/friiischtailer.ch\/tschiertscher-lied\/<\/a><\/p>\n\n\n\n<p><em>auch <\/em><a rel=\"noreferrer noopener\" href=\"http:\/\/www.friiischtailer.ch\/geschichte\/\" target=\"_blank\">http:\/\/www.friiischtailer.ch\/geschichte\/<\/a> und <\/p>\n\n\n\n<p class=\"has-vivid-cyan-blue-color has-text-color\"><a rel=\"noreferrer noopener\" href=\"https:\/\/friiischtailer.ch\/flurnamen-von-tschiertschen\/\" target=\"_blank\">https:\/\/friiischtailer.ch\/flurnamen-von-tschiertschen\/<\/a><\/p>\n\n\n\n<p>(Unten rechts auf den Tschiertscher und Prader Websites auf &#8218;N\u00e4chster Beitrag&#8216; klicken.)<\/p>\n\n\n\n<figure class=\"wp-block-image size-full is-resized\"><a href=\"https:\/\/walsermundart.ch\/\"><img loading=\"lazy\" decoding=\"async\" src=\"https:\/\/walsermundart.ch\/wp-content\/uploads\/2022\/03\/pfeil-home-Snipp.jpg\" alt=\"\" class=\"wp-image-6993\" width=\"135\" height=\"74\" srcset=\"https:\/\/walsermundart.ch\/wp-content\/uploads\/2022\/03\/pfeil-home-Snipp.jpg 316w, https:\/\/walsermundart.ch\/wp-content\/uploads\/2022\/03\/pfeil-home-Snipp-300x164.jpg 300w\" sizes=\"auto, (max-width: 135px) 100vw, 135px\" \/><\/a><\/figure>\n","protected":false},"excerpt":{"rendered":"<p>Die Schreibung in der vorliegenden Arbeit soll das Lesen erleichtern. Allen Formen sind wir schon begegnet, sei es im Davoser und Pr\u00e4ttigauer W\u00f6rterbuch oder in&hellip;<\/p>\n","protected":false},"author":1,"featured_media":0,"parent":0,"menu_order":0,"comment_status":"closed","ping_status":"closed","template":"","meta":{"footnotes":""},"class_list":["post-360","page","type-page","status-publish","hentry"],"_links":{"self":[{"href":"https:\/\/walsermundart.ch\/index.php?rest_route=\/wp\/v2\/pages\/360","targetHints":{"allow":["GET"]}}],"collection":[{"href":"https:\/\/walsermundart.ch\/index.php?rest_route=\/wp\/v2\/pages"}],"about":[{"href":"https:\/\/walsermundart.ch\/index.php?rest_route=\/wp\/v2\/types\/page"}],"author":[{"embeddable":true,"href":"https:\/\/walsermundart.ch\/index.php?rest_route=\/wp\/v2\/users\/1"}],"replies":[{"embeddable":true,"href":"https:\/\/walsermundart.ch\/index.php?rest_route=%2Fwp%2Fv2%2Fcomments&post=360"}],"version-history":[{"count":123,"href":"https:\/\/walsermundart.ch\/index.php?rest_route=\/wp\/v2\/pages\/360\/revisions"}],"predecessor-version":[{"id":7994,"href":"https:\/\/walsermundart.ch\/index.php?rest_route=\/wp\/v2\/pages\/360\/revisions\/7994"}],"wp:attachment":[{"href":"https:\/\/walsermundart.ch\/index.php?rest_route=%2Fwp%2Fv2%2Fmedia&parent=360"}],"curies":[{"name":"wp","href":"https:\/\/api.w.org\/{rel}","templated":true}]}}