{"id":3953,"date":"2021-03-20T18:30:09","date_gmt":"2021-03-20T18:30:09","guid":{"rendered":"https:\/\/walsermundart.ch\/?page_id=3953"},"modified":"2022-08-08T08:38:14","modified_gmt":"2022-08-08T08:38:14","slug":"81-neuerscheinungen","status":"publish","type":"page","link":"https:\/\/walsermundart.ch\/?page_id=3953","title":{"rendered":"6.25 &#8211; Das Hochtal Fondei"},"content":{"rendered":"\n<figure class=\"wp-block-image size-full is-resized\"><a href=\"https:\/\/walsermundart.ch\/?page_id=399\"><img loading=\"lazy\" decoding=\"async\" src=\"https:\/\/walsermundart.ch\/wp-content\/uploads\/2022\/03\/Pfeil-zurueck-mini-1.jpg\" alt=\"\" class=\"wp-image-6871\" width=\"105\" height=\"68\"\/><\/a><\/figure>\n\n\n\n<p>Hans Mettier-Heinrich, Langwies<\/p>\n\n\n\n<p>Zur Geschichte einer Walsersiedlung, 3. erweiterte Auflage 2020, 105 Seiten, Hans Mettier-Heinrich, <strong>Langwies <\/strong>und Walservereinigung Graub\u00fcnden, Davos Dorf<\/p>\n\n\n<div class=\"wp-block-image\">\n<figure class=\"aligncenter size-full\"><img loading=\"lazy\" decoding=\"async\" width=\"737\" height=\"630\" src=\"https:\/\/walsermundart.ch\/wp-content\/uploads\/2022\/01\/13-Fondei-red-Kombi-1.jpg\" alt=\"\" class=\"wp-image-5639\" srcset=\"https:\/\/walsermundart.ch\/wp-content\/uploads\/2022\/01\/13-Fondei-red-Kombi-1.jpg 737w, https:\/\/walsermundart.ch\/wp-content\/uploads\/2022\/01\/13-Fondei-red-Kombi-1-300x256.jpg 300w\" sizes=\"auto, (max-width: 737px) 100vw, 737px\" \/><\/figure>\n<\/div>\n\n\n<p>Das B\u00fcchlein enth\u00e4lt viele einmalige und eindr\u00fcckliche Fotos aus vergangener Zeit mit Beschreibungen, wie sie sonst kaum noch jemand machen kann, abgerundet mit Anekdoten und Sagen in Langwieser Dialekt.<\/p>\n\n\n\n<p>Wer die zweite Auflage gelesen hat wird staunen, was die dritte Auflage Neues enth\u00e4lt.<\/p>\n\n\n\n<p class=\"has-vivid-cyan-blue-color has-text-color\"><a href=\"https:\/\/www.walserverein-gr.ch\/index.php\/shop.html\" data-type=\"URL\" data-id=\"https:\/\/www.walserverein-gr.ch\/index.php\/shop.html\" target=\"_blank\" rel=\"noreferrer noopener\">https:\/\/www.walserverein-gr.ch\/index.php\/shop.html<\/a><\/p>\n\n\n\n<div style=\"height:13px\" aria-hidden=\"true\" class=\"wp-block-spacer\"><\/div>\n\n\n\n<figure class=\"wp-block-image size-full is-resized\"><a href=\"https:\/\/walsermundart.ch\/?page_id=399\"><img loading=\"lazy\" decoding=\"async\" src=\"https:\/\/walsermundart.ch\/wp-content\/uploads\/2022\/03\/Pfeil-zurueck-mini-1.jpg\" alt=\"\" class=\"wp-image-6871\" width=\"107\" height=\"69\"\/><\/a><\/figure>\n","protected":false},"excerpt":{"rendered":"<p>Hans Mettier-Heinrich, Langwies Zur Geschichte einer Walsersiedlung, 3. erweiterte Auflage 2020, 105 Seiten, Hans Mettier-Heinrich, Langwies und Walservereinigung Graub\u00fcnden, Davos Dorf Das B\u00fcchlein enth\u00e4lt viele&hellip;<\/p>\n","protected":false},"author":1,"featured_media":0,"parent":0,"menu_order":0,"comment_status":"closed","ping_status":"closed","template":"","meta":{"footnotes":""},"class_list":["post-3953","page","type-page","status-publish","hentry"],"_links":{"self":[{"href":"https:\/\/walsermundart.ch\/index.php?rest_route=\/wp\/v2\/pages\/3953","targetHints":{"allow":["GET"]}}],"collection":[{"href":"https:\/\/walsermundart.ch\/index.php?rest_route=\/wp\/v2\/pages"}],"about":[{"href":"https:\/\/walsermundart.ch\/index.php?rest_route=\/wp\/v2\/types\/page"}],"author":[{"embeddable":true,"href":"https:\/\/walsermundart.ch\/index.php?rest_route=\/wp\/v2\/users\/1"}],"replies":[{"embeddable":true,"href":"https:\/\/walsermundart.ch\/index.php?rest_route=%2Fwp%2Fv2%2Fcomments&post=3953"}],"version-history":[{"count":40,"href":"https:\/\/walsermundart.ch\/index.php?rest_route=\/wp\/v2\/pages\/3953\/revisions"}],"predecessor-version":[{"id":8093,"href":"https:\/\/walsermundart.ch\/index.php?rest_route=\/wp\/v2\/pages\/3953\/revisions\/8093"}],"wp:attachment":[{"href":"https:\/\/walsermundart.ch\/index.php?rest_route=%2Fwp%2Fv2%2Fmedia&parent=3953"}],"curies":[{"name":"wp","href":"https:\/\/api.w.org\/{rel}","templated":true}]}}