{"id":5206,"date":"2021-12-26T08:32:38","date_gmt":"2021-12-26T08:32:38","guid":{"rendered":"https:\/\/walsermundart.ch\/?page_id=5206"},"modified":"2024-12-08T14:31:46","modified_gmt":"2024-12-08T14:31:46","slug":"66-der-dorfbrand-von-1874","status":"publish","type":"page","link":"https:\/\/walsermundart.ch\/?page_id=5206","title":{"rendered":"6.04 &#8211; Der Dorfbrand von 1874"},"content":{"rendered":"\n<figure class=\"wp-block-image size-full is-resized\"><a href=\"https:\/\/walsermundart.ch\/?page_id=399\"><img loading=\"lazy\" decoding=\"async\" width=\"268\" height=\"173\" src=\"https:\/\/walsermundart.ch\/wp-content\/uploads\/2022\/03\/Pfeil-zurueck-mini-1.jpg\" alt=\"\" class=\"wp-image-6871\" style=\"width:105px;height:68px\"\/><\/a><\/figure>\n\n\n\n<p>Das Dorf Peist ist, seit Aufzeichnungen vorliegen, von drei Br\u00e4nden heimgesucht worden. W\u00e4hrend des Dreissigj\u00e4hrigen Krieges k\u00e4mpften fremde M\u00e4chte um die Alpenp\u00e4sse, weshalb unser Land besonders betroffen war. Das Ringen um die Vorherrschaft ging als B\u00fcndner Wirren in die Geschichte ein. <strong>Im<\/strong> <strong>Jahr 1622<\/strong>, als sich die Pr\u00e4ttigauer gegen die Habsburger\/\u00d6sterreicher zu wehren hatten, \u00e4scherten die mit \u00d6sterreich verb\u00fcndeten spanischen Kr\u00e4fte die Schanfigger D\u00f6rfer ein. Dr. Fritz Jecklin:<\/p>\n\n\n\n<figure class=\"wp-block-image size-large\"><img loading=\"lazy\" decoding=\"async\" width=\"1024\" height=\"95\" src=\"https:\/\/walsermundart.ch\/wp-content\/uploads\/2022\/01\/Brand-Peist-1622-1024x95.jpg\" alt=\"\" class=\"wp-image-5810\" srcset=\"https:\/\/walsermundart.ch\/wp-content\/uploads\/2022\/01\/Brand-Peist-1622-1024x95.jpg 1024w, https:\/\/walsermundart.ch\/wp-content\/uploads\/2022\/01\/Brand-Peist-1622-300x28.jpg 300w, https:\/\/walsermundart.ch\/wp-content\/uploads\/2022\/01\/Brand-Peist-1622-768x71.jpg 768w, https:\/\/walsermundart.ch\/wp-content\/uploads\/2022\/01\/Brand-Peist-1622.jpg 1381w\" sizes=\"auto, (max-width: 1024px) 100vw, 1024px\" \/><\/figure>\n\n\n\n<p>Im Jahr <strong>1749 <\/strong>brannte das Dorf erneut, m\u00f6glicherweise durch Unachtsamkeit.<\/p>\n\n\n\n<figure class=\"wp-block-image size-large\"><img loading=\"lazy\" decoding=\"async\" width=\"1024\" height=\"344\" src=\"https:\/\/walsermundart.ch\/wp-content\/uploads\/2022\/01\/Brand-Peist-1749-1024x344.jpg\" alt=\"\" class=\"wp-image-5811\" srcset=\"https:\/\/walsermundart.ch\/wp-content\/uploads\/2022\/01\/Brand-Peist-1749-1024x344.jpg 1024w, https:\/\/walsermundart.ch\/wp-content\/uploads\/2022\/01\/Brand-Peist-1749-300x101.jpg 300w, https:\/\/walsermundart.ch\/wp-content\/uploads\/2022\/01\/Brand-Peist-1749-768x258.jpg 768w, https:\/\/walsermundart.ch\/wp-content\/uploads\/2022\/01\/Brand-Peist-1749-1536x516.jpg 1536w, https:\/\/walsermundart.ch\/wp-content\/uploads\/2022\/01\/Brand-Peist-1749.jpg 1579w\" sizes=\"auto, (max-width: 1024px) 100vw, 1024px\" \/><\/figure>\n\n\n\n<p>Es sind nur noch wenige Aufzeichnungen von damals vorhanden, da Schriftliches beim <strong>Brand von 1874<\/strong> weitgehend zerst\u00f6rt worden ist. Hingegen gibt es umfassende Berichte \u00fcber den dritten Brand vom 22. Oktober 1874. Jecklin:<\/p>\n\n\n\n<figure class=\"wp-block-image size-large\"><img loading=\"lazy\" decoding=\"async\" width=\"1024\" height=\"151\" src=\"https:\/\/walsermundart.ch\/wp-content\/uploads\/2022\/01\/Brand-Peist-1874-a-1024x151.jpg\" alt=\"\" class=\"wp-image-5814\" srcset=\"https:\/\/walsermundart.ch\/wp-content\/uploads\/2022\/01\/Brand-Peist-1874-a-1024x151.jpg 1024w, https:\/\/walsermundart.ch\/wp-content\/uploads\/2022\/01\/Brand-Peist-1874-a-300x44.jpg 300w, https:\/\/walsermundart.ch\/wp-content\/uploads\/2022\/01\/Brand-Peist-1874-a-768x113.jpg 768w, https:\/\/walsermundart.ch\/wp-content\/uploads\/2022\/01\/Brand-Peist-1874-a.jpg 1441w\" sizes=\"auto, (max-width: 1024px) 100vw, 1024px\" \/><\/figure>\n\n\n\n<figure class=\"wp-block-image size-large\"><img loading=\"lazy\" decoding=\"async\" width=\"1024\" height=\"139\" src=\"https:\/\/walsermundart.ch\/wp-content\/uploads\/2022\/01\/Brand-Peist-1874-b-1024x139.jpg\" alt=\"\" class=\"wp-image-5818\" srcset=\"https:\/\/walsermundart.ch\/wp-content\/uploads\/2022\/01\/Brand-Peist-1874-b-1024x139.jpg 1024w, https:\/\/walsermundart.ch\/wp-content\/uploads\/2022\/01\/Brand-Peist-1874-b-300x41.jpg 300w, https:\/\/walsermundart.ch\/wp-content\/uploads\/2022\/01\/Brand-Peist-1874-b-768x104.jpg 768w, https:\/\/walsermundart.ch\/wp-content\/uploads\/2022\/01\/Brand-Peist-1874-b.jpg 1393w\" sizes=\"auto, (max-width: 1024px) 100vw, 1024px\" \/><\/figure>\n\n\n\n<figure class=\"wp-block-image size-large\"><img loading=\"lazy\" decoding=\"async\" width=\"1024\" height=\"191\" src=\"https:\/\/walsermundart.ch\/wp-content\/uploads\/2022\/01\/Brand-Peist-1874-c-1024x191.jpg\" alt=\"\" class=\"wp-image-5820\" srcset=\"https:\/\/walsermundart.ch\/wp-content\/uploads\/2022\/01\/Brand-Peist-1874-c-1024x191.jpg 1024w, https:\/\/walsermundart.ch\/wp-content\/uploads\/2022\/01\/Brand-Peist-1874-c-300x56.jpg 300w, https:\/\/walsermundart.ch\/wp-content\/uploads\/2022\/01\/Brand-Peist-1874-c-768x143.jpg 768w, https:\/\/walsermundart.ch\/wp-content\/uploads\/2022\/01\/Brand-Peist-1874-c.jpg 1395w\" sizes=\"auto, (max-width: 1024px) 100vw, 1024px\" \/><\/figure>\n\n\n\n<p>Eine Aufnahme nach dem Brand zeigt das Ausmass der Zerst\u00f6rung. Ein Abdruck des \u00abFreien R\u00e4tiers\u00bb vor 1970:<\/p>\n\n\n\n<figure class=\"wp-block-image size-large\"><img loading=\"lazy\" decoding=\"async\" width=\"1024\" height=\"636\" src=\"https:\/\/walsermundart.ch\/wp-content\/uploads\/2022\/01\/Peist-Dorfbrand-1874-Kombi-red2-1024x636.jpg\" alt=\"\" class=\"wp-image-5817\" srcset=\"https:\/\/walsermundart.ch\/wp-content\/uploads\/2022\/01\/Peist-Dorfbrand-1874-Kombi-red2-1024x636.jpg 1024w, https:\/\/walsermundart.ch\/wp-content\/uploads\/2022\/01\/Peist-Dorfbrand-1874-Kombi-red2-300x186.jpg 300w, https:\/\/walsermundart.ch\/wp-content\/uploads\/2022\/01\/Peist-Dorfbrand-1874-Kombi-red2-768x477.jpg 768w, https:\/\/walsermundart.ch\/wp-content\/uploads\/2022\/01\/Peist-Dorfbrand-1874-Kombi-red2-1536x954.jpg 1536w, https:\/\/walsermundart.ch\/wp-content\/uploads\/2022\/01\/Peist-Dorfbrand-1874-Kombi-red2.jpg 1996w\" sizes=\"auto, (max-width: 1024px) 100vw, 1024px\" \/><\/figure>\n\n\n\n<figure class=\"wp-block-audio\"><audio controls src=\"https:\/\/walsermundart.ch\/wp-content\/uploads\/2022\/01\/Dorfbrand-erste-Saetze-Nina-Brunold.mp3\"><\/audio><figcaption class=\"wp-element-caption\"><sup>Nina Brunold: die ersten S\u00e4tze aus ihrem Bericht zum Brand von 1874.<\/sup><\/figcaption><\/figure>\n\n\n\n<p>Nina Brunold, ds Chron\u00e4 Nini, wurde in ihrem Gasthaus oft auf den Brand angesprochen. Im Jahr 1926 wurde vertont, was sie den G\u00e4sten zu erz\u00e4hlen hatte. Die Aufnahme ist im Phonogrammarchiv der Uni Z\u00fcrich aufbewahrt und erh\u00e4ltlich bei der Walservereinigung Graub\u00fcnden: B\u00fcndner Walser erz\u00e4hlen.<\/p>\n\n\n\n<figure class=\"wp-block-image size-full is-resized\"><a href=\"https:\/\/walsermundart.ch\/?page_id=399\"><img loading=\"lazy\" decoding=\"async\" width=\"268\" height=\"173\" src=\"https:\/\/walsermundart.ch\/wp-content\/uploads\/2022\/03\/Pfeil-zurueck-mini-1.jpg\" alt=\"\" class=\"wp-image-6871\" style=\"width:105px;height:68px\"\/><\/a><\/figure>\n","protected":false},"excerpt":{"rendered":"<p>Das Dorf Peist ist, seit Aufzeichnungen vorliegen, von drei Br\u00e4nden heimgesucht worden. W\u00e4hrend des Dreissigj\u00e4hrigen Krieges k\u00e4mpften fremde M\u00e4chte um die Alpenp\u00e4sse, weshalb unser Land&hellip;<\/p>\n","protected":false},"author":1,"featured_media":0,"parent":0,"menu_order":0,"comment_status":"closed","ping_status":"closed","template":"","meta":{"footnotes":""},"class_list":["post-5206","page","type-page","status-publish","hentry"],"_links":{"self":[{"href":"https:\/\/walsermundart.ch\/index.php?rest_route=\/wp\/v2\/pages\/5206","targetHints":{"allow":["GET"]}}],"collection":[{"href":"https:\/\/walsermundart.ch\/index.php?rest_route=\/wp\/v2\/pages"}],"about":[{"href":"https:\/\/walsermundart.ch\/index.php?rest_route=\/wp\/v2\/types\/page"}],"author":[{"embeddable":true,"href":"https:\/\/walsermundart.ch\/index.php?rest_route=\/wp\/v2\/users\/1"}],"replies":[{"embeddable":true,"href":"https:\/\/walsermundart.ch\/index.php?rest_route=%2Fwp%2Fv2%2Fcomments&post=5206"}],"version-history":[{"count":14,"href":"https:\/\/walsermundart.ch\/index.php?rest_route=\/wp\/v2\/pages\/5206\/revisions"}],"predecessor-version":[{"id":8780,"href":"https:\/\/walsermundart.ch\/index.php?rest_route=\/wp\/v2\/pages\/5206\/revisions\/8780"}],"wp:attachment":[{"href":"https:\/\/walsermundart.ch\/index.php?rest_route=%2Fwp%2Fv2%2Fmedia&parent=5206"}],"curies":[{"name":"wp","href":"https:\/\/api.w.org\/{rel}","templated":true}]}}