{"id":5215,"date":"2021-12-26T08:53:51","date_gmt":"2021-12-26T08:53:51","guid":{"rendered":"https:\/\/walsermundart.ch\/?page_id=5215"},"modified":"2022-08-08T08:23:24","modified_gmt":"2022-08-08T08:23:24","slug":"67-flurnamen","status":"publish","type":"page","link":"https:\/\/walsermundart.ch\/?page_id=5215","title":{"rendered":"6.05 &#8211; Talname, Dorfnamen"},"content":{"rendered":"\n<figure class=\"wp-block-image size-full is-resized\"><a href=\"https:\/\/walsermundart.ch\/?page_id=399\"><img loading=\"lazy\" decoding=\"async\" src=\"https:\/\/walsermundart.ch\/wp-content\/uploads\/2022\/03\/Pfeil-zurueck-mini-1.jpg\" alt=\"\" class=\"wp-image-6871\" width=\"107\" height=\"69\"\/><\/a><\/figure>\n\n\n\n<p><strong>Schanfigg<\/strong><\/p>\n\n\n\n<p>Arch\u00e4ologische Funde belegen, dass das Schanfigg in vorchristlicher Zeit besiedelt worden ist. Der Name des Tales erscheint urkundlich im Jahr 765 als <strong>Scanavico<\/strong>. Sp\u00e4ter hat sich das Wort zu <strong>Tschalfigg <\/strong>gewandelt und heute h\u00f6rt man immer mehr <strong>Schanfigg<\/strong>, was der ersten geschriebenen Form Scanavico wieder \u00e4hnlicher ist. Der Flu\u00dfname <strong>Plessur <\/strong>geht auf ein ebenfalls vorr\u00f6misches, offenbar indogermanisches <em>plud-tura<\/em> zur\u00fcck.<\/p>\n\n\n\n<figure class=\"wp-block-audio\"><audio controls src=\"https:\/\/walsermundart.ch\/wp-content\/uploads\/2022\/01\/Dorfnamen-im-Schanfigg.mp3\"><\/audio><figcaption><sup>Stimmen ab Tontr\u00e4gern und eigene.<\/sup><\/figcaption><\/figure>\n\n\n\n<p>Ussrtschanfigg, Ussr- und Innrtschanfigg, Plessur, Arosa, Litzir\u00fcti, Sunn\u00e4r\u00fcti, Lengwis, Sap\u00fcn, Fondei, P\u00e4ischt, M\u00e4lin\u00e4s, S\u00e4peetr, Pagig, L\u00fc\u00e4n, Caschti\u00e4l, Cafr\u00e4iss\u00e4, Maladrsch, Tschi\u00e4rtsch\u00e4, Prad\u00e4.<\/p>\n\n\n\n<figure class=\"wp-block-audio\"><audio controls src=\"https:\/\/walsermundart.ch\/wp-content\/uploads\/2022\/05\/Schanfigg-Dorfnamen.mp3\"><\/audio><figcaption><sup>Der Talname Schanfigg ist hier ohne T geprochen, zur\u00fcckgehend auf Scanavico<\/sup><\/figcaption><\/figure>\n\n\n\n<p><strong><strong>Gemeindenamen, Dorf- und Weilernamen<\/strong><\/strong><\/p>\n\n\n\n<p class=\"has-vivid-cyan-blue-color has-text-color\">Herkunftsquellen der Namen:&nbsp;&nbsp;&nbsp;&nbsp; <a href=\"https:\/\/ortsnamen.ch\/de\/\">ortsnamen.ch<\/a>  1 <\/p>\n\n\n\n<p class=\"has-vivid-cyan-blue-color has-text-color\"><a href=\"https:\/\/de.wikipedia.org\/wiki\/Wikipedia:Hauptseite\">Wikipedia \u2013 Die freie Enzyklop\u00e4die<\/a>  2<\/p>\n\n\n\n<figure class=\"wp-block-image size-full\"><img loading=\"lazy\" decoding=\"async\" width=\"727\" height=\"901\" src=\"https:\/\/walsermundart.ch\/wp-content\/uploads\/2022\/01\/Dorfnamen-Schanfigg.jpg\" alt=\"\" class=\"wp-image-5435\" srcset=\"https:\/\/walsermundart.ch\/wp-content\/uploads\/2022\/01\/Dorfnamen-Schanfigg.jpg 727w, https:\/\/walsermundart.ch\/wp-content\/uploads\/2022\/01\/Dorfnamen-Schanfigg-242x300.jpg 242w\" sizes=\"auto, (max-width: 727px) 100vw, 727px\" \/><\/figure>\n\n\n\n<figure class=\"wp-block-image size-large\"><img loading=\"lazy\" decoding=\"async\" width=\"1024\" height=\"588\" src=\"https:\/\/walsermundart.ch\/wp-content\/uploads\/2022\/01\/Schanfigg-Landeskarte-red-1-1024x588.jpg\" alt=\"\" class=\"wp-image-5467\" srcset=\"https:\/\/walsermundart.ch\/wp-content\/uploads\/2022\/01\/Schanfigg-Landeskarte-red-1-1024x588.jpg 1024w, https:\/\/walsermundart.ch\/wp-content\/uploads\/2022\/01\/Schanfigg-Landeskarte-red-1-300x172.jpg 300w, https:\/\/walsermundart.ch\/wp-content\/uploads\/2022\/01\/Schanfigg-Landeskarte-red-1-768x441.jpg 768w, https:\/\/walsermundart.ch\/wp-content\/uploads\/2022\/01\/Schanfigg-Landeskarte-red-1.jpg 1142w\" sizes=\"auto, (max-width: 1024px) 100vw, 1024px\" \/><\/figure>\n\n\n\n<p><strong>Peist<\/strong><\/p>\n\n\n\n<p>Der Name Peist geh\u00f6rt zu einer kleinen Gruppe von B\u00fcndner Ortsnamen, welche urspr\u00fcnglich mit dem Suffix -este gebildet sind, beispielsweise Andiast <em>Andeste<\/em>. <strong>Es kann deshalb nur festgestellt werden, dass Peist <\/strong><em>Paiste<\/em><strong> wie alle Namen mit dem Suffix -este in Graub\u00fcnden zu einer vorr\u00f6mischen und vorkeltischen Sprachschicht geh\u00f6rt, die nicht n\u00e4her bestimmt werden kann.<\/strong><\/p>\n\n\n\n<p>Quellen: Hans Stricker, e-periodika.ch ETH Z\u00fcrich und Schweizerisches Idiotikon. Das Portal der schweizerischen Ortsnamenforschung:<\/p>\n\n\n\n<p class=\"has-vivid-cyan-blue-color has-text-color\"><a href=\"https:\/\/search.ortsnamen.ch\/de\/record\/802003929\/\">https:\/\/search.ortsnamen.ch\/de\/record\/802003929\/<\/a><\/p>\n\n\n\n<p>Um 1150 werden abgabepflichtige Lehen in Paiste erw\u00e4hnt. Peist erscheint in den Urkunden erstmals 1209 als Grundbesitz des Churer F\u00fcrstbischofs: \u2026 den Hof im Dorfe Malix, den Hof in Maladers und denjenigen in Paisten \u2026 . Vor 1350 werden u.a. Wiesen in Marrosch, Turnatel, und Clapuz aufgez\u00e4hlt. Und einige Jahrzehnte sp\u00e4ter u.a. Tennil, Quadra pitschna, Saldour, Cristalta, Madoz, Arschillis.<\/p>\n\n\n\n<p>Bei einem Grundbesitzhandel durch Walter IV. Freiherr von Vaz und dem Kloster Churwalden wurde 1266 ein Hermannus de Paistins als B\u00fcrge f\u00fcr die Einhaltung des Vertrags genannt, bei einem weiteren Handel erscheint Olricus de Paistenes. Bei einem Handel 1273 werden Heinrich von Peist und seine Erben durch das Domkapitel mit dessen Alpen zu Sap\u00fcn und Peist belehnt. Durch die Einheirat von Frauen in andere Adelsgeschlechter wechselten G\u00fcter und Geb\u00e4ude mehrmals die Besitzer. Der einheimische Adel des Schanfiggertales starb aus. Quelle: Dr. Fritz Jecklin <\/p>\n\n\n<div class=\"wp-block-image\">\n<figure class=\"alignright size-full is-resized\"><a href=\"https:\/\/walsermundart.ch\/?page_id=5348\"><img loading=\"lazy\" decoding=\"async\" src=\"https:\/\/walsermundart.ch\/wp-content\/uploads\/2021\/02\/vorwaerts.jpg\" alt=\"\" class=\"wp-image-1755\" width=\"57\" height=\"43\" srcset=\"https:\/\/walsermundart.ch\/wp-content\/uploads\/2021\/02\/vorwaerts.jpg 524w, https:\/\/walsermundart.ch\/wp-content\/uploads\/2021\/02\/vorwaerts-300x227.jpg 300w\" sizes=\"auto, (max-width: 57px) 100vw, 57px\" \/><\/a><\/figure>\n<\/div>\n\n\n<p class=\"has-text-align-right\">Siehe auch die n\u00e4chste Seite zur Flurnamenkarte.<\/p>\n\n\n\n<figure class=\"wp-block-image size-full is-resized\"><a href=\"https:\/\/walsermundart.ch\/?page_id=399\"><img loading=\"lazy\" decoding=\"async\" src=\"https:\/\/walsermundart.ch\/wp-content\/uploads\/2022\/03\/Pfeil-zurueck-mini-1.jpg\" alt=\"\" class=\"wp-image-6871\" width=\"108\" height=\"70\"\/><\/a><\/figure>\n\n\n\n<p><\/p>\n","protected":false},"excerpt":{"rendered":"<p>Schanfigg Arch\u00e4ologische Funde belegen, dass das Schanfigg in vorchristlicher Zeit besiedelt worden ist. Der Name des Tales erscheint urkundlich im Jahr 765 als Scanavico. Sp\u00e4ter&hellip;<\/p>\n","protected":false},"author":1,"featured_media":0,"parent":0,"menu_order":0,"comment_status":"closed","ping_status":"closed","template":"","meta":{"footnotes":""},"class_list":["post-5215","page","type-page","status-publish","hentry"],"_links":{"self":[{"href":"https:\/\/walsermundart.ch\/index.php?rest_route=\/wp\/v2\/pages\/5215","targetHints":{"allow":["GET"]}}],"collection":[{"href":"https:\/\/walsermundart.ch\/index.php?rest_route=\/wp\/v2\/pages"}],"about":[{"href":"https:\/\/walsermundart.ch\/index.php?rest_route=\/wp\/v2\/types\/page"}],"author":[{"embeddable":true,"href":"https:\/\/walsermundart.ch\/index.php?rest_route=\/wp\/v2\/users\/1"}],"replies":[{"embeddable":true,"href":"https:\/\/walsermundart.ch\/index.php?rest_route=%2Fwp%2Fv2%2Fcomments&post=5215"}],"version-history":[{"count":25,"href":"https:\/\/walsermundart.ch\/index.php?rest_route=\/wp\/v2\/pages\/5215\/revisions"}],"predecessor-version":[{"id":8080,"href":"https:\/\/walsermundart.ch\/index.php?rest_route=\/wp\/v2\/pages\/5215\/revisions\/8080"}],"wp:attachment":[{"href":"https:\/\/walsermundart.ch\/index.php?rest_route=%2Fwp%2Fv2%2Fmedia&parent=5215"}],"curies":[{"name":"wp","href":"https:\/\/api.w.org\/{rel}","templated":true}]}}