{"id":5643,"date":"2022-01-18T19:53:02","date_gmt":"2022-01-18T19:53:02","guid":{"rendered":"https:\/\/walsermundart.ch\/?page_id=5643"},"modified":"2022-08-08T14:01:55","modified_gmt":"2022-08-08T14:01:55","slug":"9-2-weitere-neuerscheinungen","status":"publish","type":"page","link":"https:\/\/walsermundart.ch\/?page_id=5643","title":{"rendered":"9.01 &#8211; Davoserdeutsches W\u00f6rterbuch"},"content":{"rendered":"\n<figure class=\"wp-block-image size-full is-resized\"><a href=\"https:\/\/walsermundart.ch\/?page_id=2483\"><img loading=\"lazy\" decoding=\"async\" src=\"https:\/\/walsermundart.ch\/wp-content\/uploads\/2022\/03\/Pfeil-zurueck-mini-1.jpg\" alt=\"\" class=\"wp-image-6871\" width=\"108\" height=\"70\"\/><\/a><\/figure>\n\n\n\n<div style=\"height:15px\" aria-hidden=\"true\" class=\"wp-block-spacer\"><\/div>\n\n\n\n<p>Dieses Werk kann nicht hoch genug eingesch\u00e4tzt werden. Es bildete und bildet die Grundlage f\u00fcr alle weiteren Walser W\u00f6rterb\u00fccher. Gaudenz Issler und Martin Schmid suchten in allen verf\u00fcgbaren Quellen nach W\u00f6rtern und Worterkl\u00e4rungen und liessen sich von Personen beraten, welche den Dialekt aus dem 20. Jahrhundert noch bewahrt hatten.<\/p>\n\n\n\n<figure class=\"wp-block-image size-full\"><img loading=\"lazy\" decoding=\"async\" width=\"605\" height=\"802\" src=\"https:\/\/walsermundart.ch\/wp-content\/uploads\/2022\/02\/davoser-woerterbuch-Snipping.jpg\" alt=\"\" class=\"wp-image-6392\" srcset=\"https:\/\/walsermundart.ch\/wp-content\/uploads\/2022\/02\/davoser-woerterbuch-Snipping.jpg 605w, https:\/\/walsermundart.ch\/wp-content\/uploads\/2022\/02\/davoser-woerterbuch-Snipping-226x300.jpg 226w\" sizes=\"auto, (max-width: 605px) 100vw, 605px\" \/><\/figure>\n\n\n\n<p>Beim ersten Durchsehen sind die -e als Endung der Verben ungewohnt: ab\u00e4ffe, abaschte usw. Diese -e sind ein \u00dcberbleibsel der fr\u00fcher selbstverst\u00e4ndlichen Grundform von \u00e4b\u00e4ffen und abaschten, wie wir sie heute noch hinaus bis nach Saas h\u00f6ren k\u00f6nnen.<\/p>\n\n\n\n<p>Die folgenden Ausschnitte zeigen, wie W\u00f6rter in der ehemaligen Mutterkolonie heissen und auch im Pr\u00e4ttigau und im Schanfigg (noch) gesprochen werden.<\/p>\n\n\n\n<figure class=\"wp-block-image size-full\"><img loading=\"lazy\" decoding=\"async\" width=\"696\" height=\"312\" src=\"https:\/\/walsermundart.ch\/wp-content\/uploads\/2022\/02\/davoser-woerterbuch-a.jpg\" alt=\"\" class=\"wp-image-6395\" srcset=\"https:\/\/walsermundart.ch\/wp-content\/uploads\/2022\/02\/davoser-woerterbuch-a.jpg 696w, https:\/\/walsermundart.ch\/wp-content\/uploads\/2022\/02\/davoser-woerterbuch-a-300x134.jpg 300w\" sizes=\"auto, (max-width: 696px) 100vw, 696px\" \/><\/figure>\n\n\n\n<figure class=\"wp-block-image size-full\"><img loading=\"lazy\" decoding=\"async\" width=\"698\" height=\"220\" src=\"https:\/\/walsermundart.ch\/wp-content\/uploads\/2022\/02\/davoser-woerterbuch-b.jpg\" alt=\"\" class=\"wp-image-6396\" srcset=\"https:\/\/walsermundart.ch\/wp-content\/uploads\/2022\/02\/davoser-woerterbuch-b.jpg 698w, https:\/\/walsermundart.ch\/wp-content\/uploads\/2022\/02\/davoser-woerterbuch-b-300x95.jpg 300w\" sizes=\"auto, (max-width: 698px) 100vw, 698px\" \/><\/figure>\n\n\n\n<p>1982, Verlag Walservereinigung Graub\u00fcnden<\/p>\n\n\n\n<figure class=\"wp-block-image size-full is-resized\"><a href=\"https:\/\/walsermundart.ch\/?page_id=2483\"><img loading=\"lazy\" decoding=\"async\" src=\"https:\/\/walsermundart.ch\/wp-content\/uploads\/2022\/03\/Pfeil-zurueck-mini-1.jpg\" alt=\"\" class=\"wp-image-6871\" width=\"108\" height=\"70\"\/><\/a><\/figure>\n\n\n\n<p><\/p>\n","protected":false},"excerpt":{"rendered":"<p>Dieses Werk kann nicht hoch genug eingesch\u00e4tzt werden. Es bildete und bildet die Grundlage f\u00fcr alle weiteren Walser W\u00f6rterb\u00fccher. Gaudenz Issler und Martin Schmid suchten&hellip;<\/p>\n","protected":false},"author":1,"featured_media":0,"parent":0,"menu_order":0,"comment_status":"closed","ping_status":"closed","template":"","meta":{"footnotes":""},"class_list":["post-5643","page","type-page","status-publish","hentry"],"_links":{"self":[{"href":"https:\/\/walsermundart.ch\/index.php?rest_route=\/wp\/v2\/pages\/5643","targetHints":{"allow":["GET"]}}],"collection":[{"href":"https:\/\/walsermundart.ch\/index.php?rest_route=\/wp\/v2\/pages"}],"about":[{"href":"https:\/\/walsermundart.ch\/index.php?rest_route=\/wp\/v2\/types\/page"}],"author":[{"embeddable":true,"href":"https:\/\/walsermundart.ch\/index.php?rest_route=\/wp\/v2\/users\/1"}],"replies":[{"embeddable":true,"href":"https:\/\/walsermundart.ch\/index.php?rest_route=%2Fwp%2Fv2%2Fcomments&post=5643"}],"version-history":[{"count":19,"href":"https:\/\/walsermundart.ch\/index.php?rest_route=\/wp\/v2\/pages\/5643\/revisions"}],"predecessor-version":[{"id":8140,"href":"https:\/\/walsermundart.ch\/index.php?rest_route=\/wp\/v2\/pages\/5643\/revisions\/8140"}],"wp:attachment":[{"href":"https:\/\/walsermundart.ch\/index.php?rest_route=%2Fwp%2Fv2%2Fmedia&parent=5643"}],"curies":[{"name":"wp","href":"https:\/\/api.w.org\/{rel}","templated":true}]}}