{"id":5970,"date":"2022-02-08T20:45:58","date_gmt":"2022-02-08T20:45:58","guid":{"rendered":"https:\/\/walsermundart.ch\/?page_id=5970"},"modified":"2022-08-08T08:43:16","modified_gmt":"2022-08-08T08:43:16","slug":"9-07-unser-wohnort-ist-ein-wilder-berg","status":"publish","type":"page","link":"https:\/\/walsermundart.ch\/?page_id=5970","title":{"rendered":"6.29 &#8211; Unser Wohnort ist ein wilder Berg"},"content":{"rendered":"\n<figure class=\"wp-block-image size-full is-resized\"><a href=\"https:\/\/walsermundart.ch\/?page_id=399\"><img loading=\"lazy\" decoding=\"async\" src=\"https:\/\/walsermundart.ch\/wp-content\/uploads\/2022\/03\/Pfeil-zurueck-mini-1.jpg\" alt=\"\" class=\"wp-image-6871\" width=\"106\" height=\"68\"\/><\/a><\/figure>\n\n\n\n<p>Ganz einmalige Einblicke ins Sap\u00fcn bietet uns das Buch<\/p>\n\n\n\n<p>UNSER WOHNORT IST EIN WILDER BERG<\/p>\n\n\n\n<p>von Richardson und Mattli, Verlag NZZ, erh\u00e4ltlich auch bei der Walservereinigung GR, eine unbezahlbare Sammlung vor dem Zerfall geretteter alter Briefe, alles gekonnt fotografiert, \u00e4usserst sorgf\u00e4ltig dargestellt, \u00fcbersetzt und kommentiert. Als Kopie hier die \u00dcbersetzung eines in deutscher Schrift verfassten und im Buch abgebildeten Schulaufsatzes:<\/p>\n\n\n\n<div style=\"height:33px\" aria-hidden=\"true\" class=\"wp-block-spacer\"><\/div>\n\n\n\n<figure class=\"wp-block-image size-large\"><img loading=\"lazy\" decoding=\"async\" width=\"1024\" height=\"603\" src=\"https:\/\/walsermundart.ch\/wp-content\/uploads\/2021\/04\/Sapuen-Mattli-1-1024x603.jpg\" alt=\"\" class=\"wp-image-4494\" srcset=\"https:\/\/walsermundart.ch\/wp-content\/uploads\/2021\/04\/Sapuen-Mattli-1-1024x603.jpg 1024w, https:\/\/walsermundart.ch\/wp-content\/uploads\/2021\/04\/Sapuen-Mattli-1-300x177.jpg 300w, https:\/\/walsermundart.ch\/wp-content\/uploads\/2021\/04\/Sapuen-Mattli-1-768x452.jpg 768w, https:\/\/walsermundart.ch\/wp-content\/uploads\/2021\/04\/Sapuen-Mattli-1-rotated.jpg 1264w\" sizes=\"auto, (max-width: 1024px) 100vw, 1024px\" \/><\/figure>\n\n\n\n<p>Titelbild des Alphabetbuchs von Peter Zipper, 1782<\/p>\n\n\n\n<figure class=\"wp-block-image size-large\"><img loading=\"lazy\" decoding=\"async\" width=\"701\" height=\"1024\" src=\"https:\/\/walsermundart.ch\/wp-content\/uploads\/2021\/04\/Sapuen-Mattli-2-min-701x1024.jpg\" alt=\"\" class=\"wp-image-4495\" srcset=\"https:\/\/walsermundart.ch\/wp-content\/uploads\/2021\/04\/Sapuen-Mattli-2-min-701x1024.jpg 701w, https:\/\/walsermundart.ch\/wp-content\/uploads\/2021\/04\/Sapuen-Mattli-2-min-205x300.jpg 205w, https:\/\/walsermundart.ch\/wp-content\/uploads\/2021\/04\/Sapuen-Mattli-2-min-768x1122.jpg 768w, https:\/\/walsermundart.ch\/wp-content\/uploads\/2021\/04\/Sapuen-Mattli-2-min-1051x1536.jpg 1051w, https:\/\/walsermundart.ch\/wp-content\/uploads\/2021\/04\/Sapuen-Mattli-2-min.jpg 1232w\" sizes=\"auto, (max-width: 701px) 100vw, 701px\" \/><\/figure>\n\n\n\n<figure class=\"wp-block-image size-full is-resized\"><a href=\"https:\/\/walsermundart.ch\/?page_id=399\"><img loading=\"lazy\" decoding=\"async\" src=\"https:\/\/walsermundart.ch\/wp-content\/uploads\/2022\/03\/Pfeil-zurueck-mini-1.jpg\" alt=\"\" class=\"wp-image-6871\" width=\"107\" height=\"69\"\/><\/a><\/figure>\n","protected":false},"excerpt":{"rendered":"<p>Ganz einmalige Einblicke ins Sap\u00fcn bietet uns das Buch UNSER WOHNORT IST EIN WILDER BERG von Richardson und Mattli, Verlag NZZ, erh\u00e4ltlich auch bei der&hellip;<\/p>\n","protected":false},"author":1,"featured_media":0,"parent":0,"menu_order":0,"comment_status":"closed","ping_status":"closed","template":"","meta":{"footnotes":""},"class_list":["post-5970","page","type-page","status-publish","hentry"],"_links":{"self":[{"href":"https:\/\/walsermundart.ch\/index.php?rest_route=\/wp\/v2\/pages\/5970","targetHints":{"allow":["GET"]}}],"collection":[{"href":"https:\/\/walsermundart.ch\/index.php?rest_route=\/wp\/v2\/pages"}],"about":[{"href":"https:\/\/walsermundart.ch\/index.php?rest_route=\/wp\/v2\/types\/page"}],"author":[{"embeddable":true,"href":"https:\/\/walsermundart.ch\/index.php?rest_route=\/wp\/v2\/users\/1"}],"replies":[{"embeddable":true,"href":"https:\/\/walsermundart.ch\/index.php?rest_route=%2Fwp%2Fv2%2Fcomments&post=5970"}],"version-history":[{"count":8,"href":"https:\/\/walsermundart.ch\/index.php?rest_route=\/wp\/v2\/pages\/5970\/revisions"}],"predecessor-version":[{"id":8097,"href":"https:\/\/walsermundart.ch\/index.php?rest_route=\/wp\/v2\/pages\/5970\/revisions\/8097"}],"wp:attachment":[{"href":"https:\/\/walsermundart.ch\/index.php?rest_route=%2Fwp%2Fv2%2Fmedia&parent=5970"}],"curies":[{"name":"wp","href":"https:\/\/api.w.org\/{rel}","templated":true}]}}