{"id":6042,"date":"2022-02-14T09:38:50","date_gmt":"2022-02-14T09:38:50","guid":{"rendered":"https:\/\/walsermundart.ch\/?page_id=6042"},"modified":"2022-08-08T13:19:03","modified_gmt":"2022-08-08T13:19:03","slug":"9-18-gemeindefusionen","status":"publish","type":"page","link":"https:\/\/walsermundart.ch\/?page_id=6042","title":{"rendered":"7.22 &#8211; Gemeindefusionen"},"content":{"rendered":"\n<figure class=\"wp-block-image size-full is-resized\"><a href=\"https:\/\/walsermundart.ch\/?page_id=3877\"><img loading=\"lazy\" decoding=\"async\" src=\"https:\/\/walsermundart.ch\/wp-content\/uploads\/2022\/03\/Pfeil-zurueck-mini-1.jpg\" alt=\"\" class=\"wp-image-6871\" width=\"106\" height=\"68\"\/><\/a><\/figure>\n\n\n\n<p>Das Pr\u00e4ttigauer W\u00f6rterbuch ber\u00fccksichtigt die einzelnen Talkammern. Die Gemeindefusionen beschr\u00e4nken sich auf diese Talkammern. Von Klosters bis Saas h\u00f6rt man noch die Grundform des Verbs mit -en: <em>g\u00e4truuch<strong>en<\/strong><\/em>, <em>vrgang<strong>en<\/strong><\/em>, <em>bsu\u00e4ch<strong>en<\/strong><\/em>, w\u00e4hrend die -en im Mittel- und Vorderpr\u00e4ttigau weitgehend verschwunden sind. Im Vorderpr\u00e4ttigau heisst es <strong><em>schi hend<\/em><\/strong>, weiter einw\u00e4rts <strong><em>schi h\u00e4ind<\/em><\/strong>. Anhand solcher Feinheiten h\u00f6rt man augenblicklich die Zugeh\u00f6rigkeit zum Talabschnitt. Schwierig wird es, wenn beispielsweise in Jenaz der eine Elternteil von Schiers kommt. <\/p>\n\n\n\n<figure class=\"wp-block-image size-large\"><img loading=\"lazy\" decoding=\"async\" width=\"1024\" height=\"882\" src=\"https:\/\/walsermundart.ch\/wp-content\/uploads\/2022\/02\/Praettigau-Gemeinden-bearbeitet-red-1024x882.jpg\" alt=\"\" class=\"wp-image-6124\" srcset=\"https:\/\/walsermundart.ch\/wp-content\/uploads\/2022\/02\/Praettigau-Gemeinden-bearbeitet-red-1024x882.jpg 1024w, https:\/\/walsermundart.ch\/wp-content\/uploads\/2022\/02\/Praettigau-Gemeinden-bearbeitet-red-300x258.jpg 300w, https:\/\/walsermundart.ch\/wp-content\/uploads\/2022\/02\/Praettigau-Gemeinden-bearbeitet-red-768x662.jpg 768w, https:\/\/walsermundart.ch\/wp-content\/uploads\/2022\/02\/Praettigau-Gemeinden-bearbeitet-red.jpg 1141w\" sizes=\"auto, (max-width: 1024px) 100vw, 1024px\" \/><\/figure>\n\n\n\n<p>Im Schanfigg gibt es auch drei Talabschnitte mit deutlichen Unterschieden im Dialekt. <\/p>\n\n\n\n<figure class=\"wp-block-image size-full is-resized\"><a href=\"https:\/\/walsermundart.ch\/?page_id=3877\"><img loading=\"lazy\" decoding=\"async\" src=\"https:\/\/walsermundart.ch\/wp-content\/uploads\/2022\/03\/Pfeil-zurueck-mini-1.jpg\" alt=\"\" class=\"wp-image-6871\" width=\"107\" height=\"69\"\/><\/a><\/figure>\n","protected":false},"excerpt":{"rendered":"<p>Das Pr\u00e4ttigauer W\u00f6rterbuch ber\u00fccksichtigt die einzelnen Talkammern. Die Gemeindefusionen beschr\u00e4nken sich auf diese Talkammern. Von Klosters bis Saas h\u00f6rt man noch die Grundform des Verbs&hellip;<\/p>\n","protected":false},"author":1,"featured_media":0,"parent":0,"menu_order":0,"comment_status":"closed","ping_status":"closed","template":"","meta":{"footnotes":""},"class_list":["post-6042","page","type-page","status-publish","hentry"],"_links":{"self":[{"href":"https:\/\/walsermundart.ch\/index.php?rest_route=\/wp\/v2\/pages\/6042","targetHints":{"allow":["GET"]}}],"collection":[{"href":"https:\/\/walsermundart.ch\/index.php?rest_route=\/wp\/v2\/pages"}],"about":[{"href":"https:\/\/walsermundart.ch\/index.php?rest_route=\/wp\/v2\/types\/page"}],"author":[{"embeddable":true,"href":"https:\/\/walsermundart.ch\/index.php?rest_route=\/wp\/v2\/users\/1"}],"replies":[{"embeddable":true,"href":"https:\/\/walsermundart.ch\/index.php?rest_route=%2Fwp%2Fv2%2Fcomments&post=6042"}],"version-history":[{"count":7,"href":"https:\/\/walsermundart.ch\/index.php?rest_route=\/wp\/v2\/pages\/6042\/revisions"}],"predecessor-version":[{"id":8122,"href":"https:\/\/walsermundart.ch\/index.php?rest_route=\/wp\/v2\/pages\/6042\/revisions\/8122"}],"wp:attachment":[{"href":"https:\/\/walsermundart.ch\/index.php?rest_route=%2Fwp%2Fv2%2Fmedia&parent=6042"}],"curies":[{"name":"wp","href":"https:\/\/api.w.org\/{rel}","templated":true}]}}