{"id":6049,"date":"2022-02-14T09:50:37","date_gmt":"2022-02-14T09:50:37","guid":{"rendered":"https:\/\/walsermundart.ch\/?page_id=6049"},"modified":"2022-08-08T13:24:35","modified_gmt":"2022-08-08T13:24:35","slug":"9-21-d-walser-von-hans-plattner-1989","status":"publish","type":"page","link":"https:\/\/walsermundart.ch\/?page_id=6049","title":{"rendered":"7.26 &#8211; D Walser von Hans Plattner 1989"},"content":{"rendered":"\n<figure class=\"wp-block-image size-full is-resized\"><a href=\"https:\/\/walsermundart.ch\/?page_id=3877\"><img loading=\"lazy\" decoding=\"async\" src=\"https:\/\/walsermundart.ch\/wp-content\/uploads\/2022\/03\/Pfeil-zurueck-mini-1.jpg\" alt=\"\" class=\"wp-image-6871\" width=\"106\" height=\"68\"\/><\/a><\/figure>\n\n\n\n<p>Hans Plattner, geboren 1890, hat das vorliegende Buch 1989, also mit 99 Jahren geschrieben, in der urspr\u00fcnglichen Klosterser Sprache. Einzig ein paar Geschichten und Sagen sind in schriftdeutscher Sprache eingestreut.<\/p>\n\n\n\n<figure class=\"wp-block-image size-full\"><img loading=\"lazy\" decoding=\"async\" width=\"545\" height=\"805\" src=\"https:\/\/walsermundart.ch\/wp-content\/uploads\/2022\/02\/Walser-von-Plattner-Snipping.jpg\" alt=\"\" class=\"wp-image-6320\" srcset=\"https:\/\/walsermundart.ch\/wp-content\/uploads\/2022\/02\/Walser-von-Plattner-Snipping.jpg 545w, https:\/\/walsermundart.ch\/wp-content\/uploads\/2022\/02\/Walser-von-Plattner-Snipping-203x300.jpg 203w\" sizes=\"auto, (max-width: 545px) 100vw, 545px\" \/><\/figure>\n\n\n\n<p>Als Vorwort schreibt Hans Plattner:<\/p>\n\n\n\n<p>Dieses Buch soll ein St\u00fcck Geschichte des Walserdorfes Klosters darstellen, ein winziges St\u00fcck Geschichte, wenn man bedenkt, dass Walser vor siebenhundert Jahren nach Graub\u00fcnden gekommen sind.<br>Abgesehen von der Besiedlung von Klosters durch Walser im 14. Jahrhundert, ist die Umwandlung des Walser Bauerndorfes innerhalb eines Menschenalters in einen bekannten Ferien- und Sportort das wichtigste Ereignis der Geschichte von Klosters.<\/p>\n\n\n\n<p>Ich habe diese Ver\u00e4nderung miterlebt, habe erlebt, wie kleine Nachbarschaften von Mombiel bis Klosters-Dorf zu einem stattlichen Dorf zusammenwuchsen. Ich habe nicht nur diese \u00e4ussere Ver\u00e4nderung des Dorfbildes erlebt, sondern auch den Verlust alten Walser Volksgutes. Chur, im M\u00e4rz 1989. <\/p>\n\n\n\n<p>Klosterser tun gut daran, Plattners Dialekt zum Vorbild zu nehmen.<\/p>\n\n\n\n<p>Plattners Eltern waren 1882 nach Billings, USA, ausgewandert, 1886 aber wieder nach Klosters zur\u00fcckgekehrt. Hans Plattner war erst sechs Jahre alt, aber er nahm viele Eindr\u00fccke aus Amerika mit, vor allem vom Zusammenleben mit den Indianern. Von jener Zeit und seiner Jugend erz\u00e4hlt er teils in Dialekt im Buch Walserschicksal.<br><br><\/p>\n\n\n\n<figure class=\"wp-block-image size-full\"><img loading=\"lazy\" decoding=\"async\" width=\"554\" height=\"801\" src=\"https:\/\/walsermundart.ch\/wp-content\/uploads\/2022\/02\/plattner-walserschicksal-Snipping-2.jpg\" alt=\"\" class=\"wp-image-6324\" srcset=\"https:\/\/walsermundart.ch\/wp-content\/uploads\/2022\/02\/plattner-walserschicksal-Snipping-2.jpg 554w, https:\/\/walsermundart.ch\/wp-content\/uploads\/2022\/02\/plattner-walserschicksal-Snipping-2-207x300.jpg 207w\" sizes=\"auto, (max-width: 554px) 100vw, 554px\" \/><\/figure>\n\n\n\n<p>Hier muss auch das Buch <strong>Vorfahren Nachkommen<\/strong> von Ursula Lehmann Gugolz erw\u00e4hnt werden, ein grosses Werk mit \u00fcber 500 Seiten, dessen Grundlage die noch vorhandenen Briefe sind. Verlag Terra Grischuna.<\/p>\n\n\n\n<figure class=\"wp-block-image size-full is-resized\"><a href=\"https:\/\/walsermundart.ch\/?page_id=3877\"><img loading=\"lazy\" decoding=\"async\" src=\"https:\/\/walsermundart.ch\/wp-content\/uploads\/2022\/03\/Pfeil-zurueck-mini-1.jpg\" alt=\"\" class=\"wp-image-6871\" width=\"108\" height=\"70\"\/><\/a><\/figure>\n","protected":false},"excerpt":{"rendered":"<p>Hans Plattner, geboren 1890, hat das vorliegende Buch 1989, also mit 99 Jahren geschrieben, in der urspr\u00fcnglichen Klosterser Sprache. Einzig ein paar Geschichten und Sagen&hellip;<\/p>\n","protected":false},"author":1,"featured_media":0,"parent":0,"menu_order":0,"comment_status":"closed","ping_status":"closed","template":"","meta":{"footnotes":""},"class_list":["post-6049","page","type-page","status-publish","hentry"],"_links":{"self":[{"href":"https:\/\/walsermundart.ch\/index.php?rest_route=\/wp\/v2\/pages\/6049","targetHints":{"allow":["GET"]}}],"collection":[{"href":"https:\/\/walsermundart.ch\/index.php?rest_route=\/wp\/v2\/pages"}],"about":[{"href":"https:\/\/walsermundart.ch\/index.php?rest_route=\/wp\/v2\/types\/page"}],"author":[{"embeddable":true,"href":"https:\/\/walsermundart.ch\/index.php?rest_route=\/wp\/v2\/users\/1"}],"replies":[{"embeddable":true,"href":"https:\/\/walsermundart.ch\/index.php?rest_route=%2Fwp%2Fv2%2Fcomments&post=6049"}],"version-history":[{"count":9,"href":"https:\/\/walsermundart.ch\/index.php?rest_route=\/wp\/v2\/pages\/6049\/revisions"}],"predecessor-version":[{"id":8127,"href":"https:\/\/walsermundart.ch\/index.php?rest_route=\/wp\/v2\/pages\/6049\/revisions\/8127"}],"wp:attachment":[{"href":"https:\/\/walsermundart.ch\/index.php?rest_route=%2Fwp%2Fv2%2Fmedia&parent=6049"}],"curies":[{"name":"wp","href":"https:\/\/api.w.org\/{rel}","templated":true}]}}