{"id":8347,"date":"2022-09-11T16:47:50","date_gmt":"2022-09-11T16:47:50","guid":{"rendered":"https:\/\/walsermundart.ch\/?page_id=8347"},"modified":"2024-02-15T19:01:33","modified_gmt":"2024-02-15T19:01:33","slug":"10-5-aeaerda","status":"publish","type":"page","link":"https:\/\/walsermundart.ch\/?page_id=8347","title":{"rendered":"10.5 \u00c4\u00e4rda"},"content":{"rendered":"\n<figure class=\"wp-block-image size-full is-resized\"><a href=\"https:\/\/walsermundart.ch\/?page_id=8184\"><img loading=\"lazy\" decoding=\"async\" width=\"268\" height=\"173\" src=\"https:\/\/walsermundart.ch\/wp-content\/uploads\/2022\/03\/Pfeil-zurueck-mini-1.jpg\" alt=\"\" class=\"wp-image-6871\" style=\"width:123px;height:80px\"\/><\/a><\/figure>\n\n\n\n<p><strong>\u00c4\u00e4rda<\/strong><\/p>\n\n\n\n<figure class=\"wp-block-audio\"><audio controls src=\"https:\/\/walsermundart.ch\/wp-content\/uploads\/2022\/09\/em47.mp3\"><\/audio><\/figure>\n\n\n<p>bruuni rooti<br \/>g\u00e4lbi schwarzi<\/p>\n<p>ob f\u00fcachti Garta\u00e4\u00e4rda<br \/>fruchtbari Vulkan\u00e4\u00e4rda<br \/>oder trochna W\u00fcaschtastaub<\/p>\n<p>\u00c4\u00e4rda ischt \u00c4\u00e4rda<br \/>Heimat\u00e4\u00e4rda f\u00fcr di einta<br \/>und fr\u00f6mdi \u00c4\u00e4rda f\u00fcr di andera<\/p>\n<p>\u00c4\u00e4rda<br \/>f\u00fcr \u00e4 jeda nu s\u00f6vel<br \/>dass \u00e4r an Platz h\u00e4tti <br \/>uf \u00c4\u00e4rda<\/p>\n<p>und z letscht <br \/>\u00c4\u00e4rda uf ds Grab <br \/>f\u00fcr alli gliich viil<\/p>\n\n\n<figure class=\"wp-block-image size-large is-resized\"><img loading=\"lazy\" decoding=\"async\" width=\"630\" height=\"1024\" src=\"https:\/\/walsermundart.ch\/wp-content\/uploads\/2022\/09\/Eis-heller-min-630x1024.jpg\" alt=\"\" class=\"wp-image-8411\" style=\"width:343px;height:558px\" srcset=\"https:\/\/walsermundart.ch\/wp-content\/uploads\/2022\/09\/Eis-heller-min-630x1024.jpg 630w, https:\/\/walsermundart.ch\/wp-content\/uploads\/2022\/09\/Eis-heller-min-185x300.jpg 185w, https:\/\/walsermundart.ch\/wp-content\/uploads\/2022\/09\/Eis-heller-min-768x1248.jpg 768w, https:\/\/walsermundart.ch\/wp-content\/uploads\/2022\/09\/Eis-heller-min-945x1536.jpg 945w, https:\/\/walsermundart.ch\/wp-content\/uploads\/2022\/09\/Eis-heller-min-1261x2048.jpg 1261w, https:\/\/walsermundart.ch\/wp-content\/uploads\/2022\/09\/Eis-heller-min.jpg 1361w\" sizes=\"auto, (max-width: 630px) 100vw, 630px\" \/><\/figure>\n\n\n\n<p><strong>erstarrt<\/strong><\/p>\n\n\n\n<figure class=\"wp-block-audio\"><audio controls src=\"https:\/\/walsermundart.ch\/wp-content\/uploads\/2022\/09\/em48.mp3\"><\/audio><\/figure>\n\n\n<p>wia mengs<br \/>hells <br \/>luschtig sprudligs B\u00e4chli<br \/>ischt scho <br \/>zu ma Iischzapfen erstarrt<\/p>\n<p>het s de verg\u00e4ssa<br \/>dass \u00e4s<br \/>albig no <br \/>us Wasser ischt<\/p>\n\n\n<p><strong>Forma<\/strong><\/p>\n\n\n\n<figure class=\"wp-block-audio\"><audio controls src=\"https:\/\/walsermundart.ch\/wp-content\/uploads\/2022\/09\/em49.mp3\"><\/audio><\/figure>\n\n\n<p>Forma <br \/>ch\u00f6nnt chlar siin und weich<br \/>formbar <br \/>si miar alli va allem Aafang aa<\/p>\n<p>Forma<br \/>ch\u00f6nnt schi ver\u00e4ndera<br \/>formbar<br \/>m\u00fcass mer bliiba sa lang miar sind<\/p>\n<p>Forma<br \/>sottend aber nit zarfliassa und zarplid\u00e4r\u00e4<br \/>formbar <br \/>t\u00f6rfa mer nit f\u00fcr alls siin<\/p>\n<p>sus verliara mer de liicht d Form<\/p>\n\n\n<figure class=\"wp-block-image size-large is-resized\"><img loading=\"lazy\" decoding=\"async\" width=\"1024\" height=\"757\" src=\"https:\/\/walsermundart.ch\/wp-content\/uploads\/2022\/09\/Netz-heller-min-1024x757.jpg\" alt=\"\" class=\"wp-image-8413\" style=\"width:534px;height:394px\" srcset=\"https:\/\/walsermundart.ch\/wp-content\/uploads\/2022\/09\/Netz-heller-min-1024x757.jpg 1024w, https:\/\/walsermundart.ch\/wp-content\/uploads\/2022\/09\/Netz-heller-min-300x222.jpg 300w, https:\/\/walsermundart.ch\/wp-content\/uploads\/2022\/09\/Netz-heller-min-768x567.jpg 768w, https:\/\/walsermundart.ch\/wp-content\/uploads\/2022\/09\/Netz-heller-min-1536x1135.jpg 1536w, https:\/\/walsermundart.ch\/wp-content\/uploads\/2022\/09\/Netz-heller-min.jpg 1976w\" sizes=\"auto, (max-width: 1024px) 100vw, 1024px\" \/><\/figure>\n\n\n\n<p><strong>Netzw\u00e4rch<\/strong><\/p>\n\n\n\n<figure class=\"wp-block-audio\"><audio controls src=\"https:\/\/walsermundart.ch\/wp-content\/uploads\/2022\/09\/em50.mp3\"><\/audio><\/figure>\n\n\n<p>wia menga<br \/>het schi d Mascha va schiim L\u00e4bensnetz<br \/>soo wiit gspanned<br \/>dass \u00e4r luutloos derd\u00fcruus gchiit ischt<\/p>\n<p>wemmer went<br \/>d\u00fc\u00fcrheba <br \/>m\u00fcass mer sicher mee feschtheba<br \/>a W\u00e4\u00e4rt <br \/>wa au \u00e4ttes uushebend<\/p>\n\n\n<p><strong>Sicheriga<\/strong><\/p>\n\n\n\n<figure class=\"wp-block-audio\"><audio controls src=\"https:\/\/walsermundart.ch\/wp-content\/uploads\/2022\/09\/em51.mp3\"><\/audio><\/figure>\n\n\n<p>miar i s<br \/>i bruuchti je lenger je mee<br \/>Zuasicheriga Absicheriga und Versicheriga<br \/>zum ganz sicher siin<br \/>und derbii<br \/>macht sch mi albig usicherer<br \/>d Angscht dervor<br \/>dass \u00e4mal \u00e4swa \u00e4 Sicherig ch\u00f6nnti chlepfa<\/p>\n<p>sicher ischt da gar n\u00fct<\/p>\n\n\n<p><strong>Grenza<\/strong><\/p>\n\n\n\n<figure class=\"wp-block-audio\"><audio controls src=\"https:\/\/walsermundart.ch\/wp-content\/uploads\/2022\/09\/em52.mp3\"><\/audio><\/figure>\n\n\n<p>Grenza bruucht s<br \/>miar steckend sch\u00e4 \u00fcnsch s\u00e4lber<br \/>und meinend<br \/>z w\u00fcssa<br \/>bis wahii<\/p>\n<p>d Friiheit s\u00f6ll<br \/>grenzaloos siin<br \/>ooni Z\u00fc\u00fcn und Muura<\/p>\n<p>und de<br \/>verliara miar \u00fcnsch<br \/>in \u00fcnschera Grenzaloosigcheit<\/p>\n<p>will <br \/>\u00fcnschi Mitti<br \/>nit us irja Mitti geit<\/p>\n\n\n<p><strong>Heimet<\/strong><\/p>\n\n\n\n<figure class=\"wp-block-audio\"><audio controls src=\"https:\/\/walsermundart.ch\/wp-content\/uploads\/2022\/09\/em53.mp3\"><\/audio><\/figure>\n\n\n<p>Heimet<br \/>ischt nit s\u00e4lbverstendli<br \/>Heimet<br \/>ischt \u00e4s Gschenk<\/p>\n<p>ooni Heimet<br \/>blaast dr di Biisa ins Gsicht<br \/>und dr Boda schwankt <br \/>under diina F\u00fcass<\/p>\n<p>Heimet <br \/>ischt nit s\u00e4lbverstentli<br \/>Heimet ischt au Pflicht<br \/>Heimet \u00f6ffna und scha teila<br \/>heisst au Sorg ha derzua<\/p>\n<p>Sorg ha zur eigna Heimet<br \/>dass ma s au zur fr\u00f6mda cha<\/p>\n\n\n<figure class=\"wp-block-image size-full is-resized\"><a href=\"https:\/\/walsermundart.ch\/?page_id=8184\"><img loading=\"lazy\" decoding=\"async\" width=\"268\" height=\"173\" src=\"https:\/\/walsermundart.ch\/wp-content\/uploads\/2022\/03\/Pfeil-zurueck-mini-1.jpg\" alt=\"\" class=\"wp-image-6871\" style=\"width:123px;height:80px\"\/><\/a><\/figure>\n","protected":false},"excerpt":{"rendered":"<p>\u00c4\u00e4rda bruuni rootig\u00e4lbi schwarzi ob f\u00fcachti Garta\u00e4\u00e4rdafruchtbari Vulkan\u00e4\u00e4rdaoder trochna W\u00fcaschtastaub \u00c4\u00e4rda ischt \u00c4\u00e4rdaHeimat\u00e4\u00e4rda f\u00fcr di eintaund fr\u00f6mdi \u00c4\u00e4rda f\u00fcr di andera \u00c4\u00e4rdaf\u00fcr \u00e4 jeda nu&hellip;<\/p>\n","protected":false},"author":1,"featured_media":0,"parent":0,"menu_order":0,"comment_status":"closed","ping_status":"closed","template":"","meta":{"footnotes":""},"class_list":["post-8347","page","type-page","status-publish","hentry"],"_links":{"self":[{"href":"https:\/\/walsermundart.ch\/index.php?rest_route=\/wp\/v2\/pages\/8347","targetHints":{"allow":["GET"]}}],"collection":[{"href":"https:\/\/walsermundart.ch\/index.php?rest_route=\/wp\/v2\/pages"}],"about":[{"href":"https:\/\/walsermundart.ch\/index.php?rest_route=\/wp\/v2\/types\/page"}],"author":[{"embeddable":true,"href":"https:\/\/walsermundart.ch\/index.php?rest_route=\/wp\/v2\/users\/1"}],"replies":[{"embeddable":true,"href":"https:\/\/walsermundart.ch\/index.php?rest_route=%2Fwp%2Fv2%2Fcomments&post=8347"}],"version-history":[{"count":9,"href":"https:\/\/walsermundart.ch\/index.php?rest_route=\/wp\/v2\/pages\/8347\/revisions"}],"predecessor-version":[{"id":8631,"href":"https:\/\/walsermundart.ch\/index.php?rest_route=\/wp\/v2\/pages\/8347\/revisions\/8631"}],"wp:attachment":[{"href":"https:\/\/walsermundart.ch\/index.php?rest_route=%2Fwp%2Fv2%2Fmedia&parent=8347"}],"curies":[{"name":"wp","href":"https:\/\/api.w.org\/{rel}","templated":true}]}}