{"id":8351,"date":"2022-09-11T16:53:11","date_gmt":"2022-09-11T16:53:11","guid":{"rendered":"https:\/\/walsermundart.ch\/?page_id=8351"},"modified":"2024-02-15T19:10:31","modified_gmt":"2024-02-15T19:10:31","slug":"10-5-midenand","status":"publish","type":"page","link":"https:\/\/walsermundart.ch\/?page_id=8351","title":{"rendered":"10.6 midenand"},"content":{"rendered":"\n<figure class=\"wp-block-image size-full is-resized\"><a href=\"https:\/\/walsermundart.ch\/?page_id=8184\"><img loading=\"lazy\" decoding=\"async\" width=\"268\" height=\"173\" src=\"https:\/\/walsermundart.ch\/wp-content\/uploads\/2022\/03\/Pfeil-zurueck-mini-1.jpg\" alt=\"\" class=\"wp-image-6871\" style=\"width:127px;height:82px\"\/><\/a><\/figure>\n\n\n\n<p><strong>midenand<\/strong><\/p>\n\n\n\n<figure class=\"wp-block-audio\"><audio controls src=\"https:\/\/walsermundart.ch\/wp-content\/uploads\/2022\/09\/em54.mp3\"><\/audio><\/figure>\n\n\n<p>us da <br \/>verschidenschta Eggi<br \/>chomma mer<br \/>\u00e4sia halt z\u00e4ma<br \/>und de heisst s<br \/>\u00e4 W\u00e4g suacha<br \/>midenand <br \/>\u00fcber Stock und Stein<\/p>\n<p>nit eifach<br \/>aber vellicht<br \/>stercher<\/p>\n\n\n<p><strong>underw\u00e4gs<\/strong><\/p>\n\n\n\n<figure class=\"wp-block-audio\"><audio controls src=\"https:\/\/walsermundart.ch\/wp-content\/uploads\/2022\/09\/em55.mp3\"><\/audio><\/figure>\n\n\n<p>underw\u00e4gs <br \/>uf m\u00e4 W\u00e4g<br \/>du hescht na nit uusgweelt<br \/>d Weicha het diar \u00e4n andera gstellt<\/p>\n<p>underw\u00e4gs<br \/>uf d\u00e4m W\u00e4g<br \/>h\u00e4ttischt \u00e4sia am liabschta gcheert<br \/>z viil Steina heind diar dr W\u00e4g verspeert<\/p>\n<p>am Ziil<br \/>va d\u00e4m W\u00e4g erscht <br \/>het s di ds Wichtigschta gleert<br \/>Schiini W\u00e4ga sind nia vercheert<\/p>\n\n\n<p><strong>Spuura<\/strong><\/p>\n\n\n\n<figure class=\"wp-block-audio\"><audio controls src=\"https:\/\/walsermundart.ch\/wp-content\/uploads\/2022\/09\/em56.mp3\"><\/audio><\/figure>\n\n\n<p>harmonisch gschwunga<br \/>d\u00fc\u00fcr und h\u00e4\u00e4r<br \/>und r\u00e4chtsumgcheert<\/p>\n<p>graduus geit s nu s\u00e4lta <br \/>um z kurvna chuscht nit drumum<br \/>ob<br \/>du da fr\u00f6mda naageischt<br \/>oder <br \/>di eigna hescht gfunda<br \/>spuurloos<br \/>geit keina d\u00fcr d W\u00e4lt<\/p>\n\n\n<p><strong>Stiigiga<\/strong><\/p>\n\n\n\n<figure class=\"wp-block-audio\"><audio controls src=\"https:\/\/walsermundart.ch\/wp-content\/uploads\/2022\/09\/em57.mp3\"><\/audio><\/figure>\n\n\n<p>uufstiiga abstiiga<br \/>umstiiga uusstiiga iistiiga<\/p>\n<p>uufstiiga uf dr Erfolgsleitera<br \/>sa gschwind as m\u00fcgli<br \/>zum ja nit m\u00fcassa<br \/>i miini Abgr\u00fcnd abstiiga<\/p>\n<p>oder<\/p>\n<p>eifach nu umstiiga<br \/>us ma gwoneta Trott <br \/>will<br \/>mer ds Uusstiiga z nietig ischt<br \/>und mer ds N\u00fc\u00fciistiiga Angscht macht<\/p>\n<p>uuf und abstiiga<br \/>ii und uusstiiga<\/p>\n<p>wenn i mii da nu nit no verstiiga<\/p>\n\n\n<p><strong>Gsundheit<\/strong><\/p>\n\n\n\n<figure class=\"wp-block-audio\"><audio controls src=\"https:\/\/walsermundart.ch\/wp-content\/uploads\/2022\/09\/em58.mp3\"><\/audio><\/figure>\n\n\n<p>Gsundheit<br \/>chascht dr nit erchaufa<br \/>mit \u00e4 ma Flick da<br \/>und \u00e4 ma Pflaschter d\u00f6rt<\/p>\n<p>Gsundheit<br \/>git s nit so uf Raata<br \/>will du grad \u00e4mal<br \/>Derwiil h\u00e4ttischt<br \/>\u00e4ttes f\u00fcr scha z tuan<\/p>\n<p>Gsundheit<br \/>ischt keis Spiel <br \/>am runda Tisch<br \/>und diina Iisatz<br \/>spillt kei Rolla<br \/>wil f\u00fcr d Regla<br \/>\u00e4n Andera <br \/>zuastendig ischt<\/p>\n\n\n<p><strong>begleitet<\/strong><\/p>\n\n\n\n<figure class=\"wp-block-audio\"><audio controls src=\"https:\/\/walsermundart.ch\/wp-content\/uploads\/2022\/09\/em59.mp3\"><\/audio><\/figure>\n\n\n<p>bischt Du<br \/>d\u00e4r Hirt<br \/>wa mit d\u00fcr miini t\u00fc\u00fcfschta Schluchta geit<\/p>\n<p>bischt Du<br \/>dia Hoffnig<br \/>wa Liacht i miini D\u00fc\u00fcchli treit<\/p>\n<p>bischt Du<br \/>dia Chraft<br \/>wa miini Engscht verwandlet in Zuaversicht<\/p>\n<p>bischt Du<br \/>d\u00e4r Fels<br \/>wa miir Hand \u00e4s Hebi ischt<\/p>\n<p>Du bischt<\/p>\n\n\n<p><strong>Tod<\/strong><\/p>\n\n\n\n<figure class=\"wp-block-audio\"><audio controls src=\"https:\/\/walsermundart.ch\/wp-content\/uploads\/2022\/09\/em60.mp3\"><\/audio><\/figure>\n\n\n<p>de<br \/>wemmer meinend<br \/>zmitst dinna z staa<br \/>im L\u00e4ba<br \/>schlaascht Du <br \/>\u00e4s Loch<\/p>\n<p>\u00e4n iischiga Luft<br \/>blast nisch in ds Gsicht<br \/>und<br \/>as chunnt usinnig chalt<br \/>in \u00fcnsch<\/p>\n<p>is drum <br \/>wil du wit <br \/>dass miar<br \/>wider l\u00e4rnend<br \/>z\u00e4mar\u00fccka<br \/>und nisch <br \/>Chraft und Wermi g\u00e4<\/p>\n<p>dr Chreis chunnt<br \/>albig chleiner<\/p>\n\n\n<p><strong>Abschiid<\/strong><\/p>\n\n\n\n<figure class=\"wp-block-audio\"><audio controls src=\"https:\/\/walsermundart.ch\/wp-content\/uploads\/2022\/09\/em61.mp3\"><\/audio><\/figure>\n\n\n<p>gaalaa<br \/>m\u00fcassa<br \/>alls<br \/>wo s doch no so fescht verhebt<\/p>\n<p>gaalaa <br \/>m\u00fcassa <br \/>alls<br \/>und \u00e4 Stuck van diar dermit<\/p>\n<p>gaalaa<br \/>m\u00fcassa <br \/>alls <br \/>nei <br \/>ds Band var Liabi nit<\/p>\n\n\n<figure class=\"wp-block-image size-large is-resized\"><img loading=\"lazy\" decoding=\"async\" width=\"1024\" height=\"822\" src=\"https:\/\/walsermundart.ch\/wp-content\/uploads\/2022\/09\/Reif-heller-min-1024x822.jpg\" alt=\"\" class=\"wp-image-8416\" style=\"width:517px;height:415px\" srcset=\"https:\/\/walsermundart.ch\/wp-content\/uploads\/2022\/09\/Reif-heller-min-1024x822.jpg 1024w, https:\/\/walsermundart.ch\/wp-content\/uploads\/2022\/09\/Reif-heller-min-300x241.jpg 300w, https:\/\/walsermundart.ch\/wp-content\/uploads\/2022\/09\/Reif-heller-min-768x617.jpg 768w, https:\/\/walsermundart.ch\/wp-content\/uploads\/2022\/09\/Reif-heller-min-1536x1233.jpg 1536w, https:\/\/walsermundart.ch\/wp-content\/uploads\/2022\/09\/Reif-heller-min.jpg 1695w\" sizes=\"auto, (max-width: 1024px) 100vw, 1024px\" \/><\/figure>\n\n\n\n<p><strong>Ver\u00e4nderig<\/strong><\/p>\n\n\n\n<figure class=\"wp-block-audio\"><audio controls src=\"https:\/\/walsermundart.ch\/wp-content\/uploads\/2022\/09\/em62.mp3\"><\/audio><\/figure>\n\n\n<p>L\u00e4ba<br \/>Bewegig<br \/>Ver\u00e4nderig<\/p>\n<p>ganz l\u00e4ba<br \/>di guata und schl\u00e4chta Taga<\/p>\n<p>bewegli bliiba<br \/>n\u00fc\u00fci W\u00e4ga gaa<\/p>\n<p>Ver\u00e4nderig zualaa<br \/>scha aan\u00e4\u00e4<\/p>\n<p>l\u00e4ba<br \/>nit st\u00e4rba<br \/>am lebendiga Liib<\/p>\n\n\n<figure class=\"wp-block-image size-full is-resized\"><a href=\"https:\/\/walsermundart.ch\/?page_id=8184\"><img loading=\"lazy\" decoding=\"async\" width=\"268\" height=\"173\" src=\"https:\/\/walsermundart.ch\/wp-content\/uploads\/2022\/03\/Pfeil-zurueck-mini-1.jpg\" alt=\"\" class=\"wp-image-6871\" style=\"width:127px;height:82px\"\/><\/a><\/figure>\n","protected":false},"excerpt":{"rendered":"<p>midenand us da verschidenschta Eggichomma mer\u00e4sia halt z\u00e4maund de heisst s\u00e4 W\u00e4g suachamidenand \u00fcber Stock und Stein nit eifachaber vellichtstercher underw\u00e4gs underw\u00e4gs uf m\u00e4 W\u00e4gdu&hellip;<\/p>\n","protected":false},"author":1,"featured_media":0,"parent":0,"menu_order":0,"comment_status":"closed","ping_status":"closed","template":"","meta":{"footnotes":""},"class_list":["post-8351","page","type-page","status-publish","hentry"],"_links":{"self":[{"href":"https:\/\/walsermundart.ch\/index.php?rest_route=\/wp\/v2\/pages\/8351","targetHints":{"allow":["GET"]}}],"collection":[{"href":"https:\/\/walsermundart.ch\/index.php?rest_route=\/wp\/v2\/pages"}],"about":[{"href":"https:\/\/walsermundart.ch\/index.php?rest_route=\/wp\/v2\/types\/page"}],"author":[{"embeddable":true,"href":"https:\/\/walsermundart.ch\/index.php?rest_route=\/wp\/v2\/users\/1"}],"replies":[{"embeddable":true,"href":"https:\/\/walsermundart.ch\/index.php?rest_route=%2Fwp%2Fv2%2Fcomments&post=8351"}],"version-history":[{"count":12,"href":"https:\/\/walsermundart.ch\/index.php?rest_route=\/wp\/v2\/pages\/8351\/revisions"}],"predecessor-version":[{"id":8633,"href":"https:\/\/walsermundart.ch\/index.php?rest_route=\/wp\/v2\/pages\/8351\/revisions\/8633"}],"wp:attachment":[{"href":"https:\/\/walsermundart.ch\/index.php?rest_route=%2Fwp%2Fv2%2Fmedia&parent=8351"}],"curies":[{"name":"wp","href":"https:\/\/api.w.org\/{rel}","templated":true}]}}